000
CXUS53 KDDC 011527
CF6P28
PRELIMINARY LOCAL CLIMATOLOGICAL DATA (WS FORM: F-6)
STATION: MEDICINE LODGE KS
MONTH: MARCH
YEAR: 2022
LATITUDE: 37 17 N
LONGITUDE: 98 35 W
TEMPERATURE IN F: :PCPN: SNOW: WIND :SUNSHINE: SKY :PK WND
================================================================================
1 2 3 4 5 6A 6B 7 8 9 10 11 12 13 14 15 16 17 18
12Z AVG MX 2MIN
DY MAX MIN AVG DEP HDD CDD WTR SNW DPTH SPD SPD DIR MIN PSBL S-S WX SPD DR
================================================================================
1 82 24 53 11 12 0 0.00 0.0 0 4.9 12 310 M M 0 16 310
2 83 35 59 17 6 0 0.00 0.0 0 6.6 16 210 M M 0 24 190
3 78 30 54 11 11 0 0.00 0.0 0 5.5 18 180 M M 0 25 180
4 74 46 60 17 5 0 0.00 0.0 0 14.6 33 180 M M 0 46 160
5 76 33 55 12 10 0 0.00 0.0 0 17.9 32 230 M M 0 45 230
6 38 24 31 -13 34 0 0.49 T 0 11.6 22 10 M M 0 30 50
7 38 20 29 -15 36 0 0.00 0.0 T 8.7 21 10 M M 0 30 350
8 47 18 33 -11 32 0 0.00 0.0 0 2.8 14 190 M M 0 18 190
9 47 25 36 -9 29 0 0.00 0.0 0 8.8 21 40 M M 0 29 60
10 32 21 27 -18 38 0 0.05 0.5 0 16.1 25 20 M M 0 36 40
11 42 19 31 -15 34 0 0.00 0.0 T 8.0 20 350 M M 0 28 10
12 62 14 38 -8 27 0 0.00 0.0 0 8.3 23 230 M M 0 34 230
13 70 35 53 7 12 0 0.00 0.0 0 12.9 30 190 M M 0 44 200
14 64 41 53 6 12 0 0.00 0.0 0 13.2 25 350 M M 0 37 340
15 65 33 49 2 16 0 0.00 0.0 0 7.4 21 360 M M 0 29 360
16 81 38 60 12 5 0 0.00 0.0 0 10.3 21 200 M M 0 33 160
17 61 34 48 0 17 0 0.17 0.0 0 14.8 37 10 M M 0 56 350
18 57 33 45 -3 20 0 0.06 0.0 0 17.7 M M M M 0 52 20
19 73 29 51 2 14 0 0.00 0.0 0 6.9 21 320 M M 0 29 330
20 80 34 57 8 8 0 0.00 0.0 0 13.7 31 180 M M 0 44 180
21 60 46 53 4 12 0 0.97 0.0 0 9.2 29 360 M M 0 39 350
22 48 36 42 -8 23 0 0.08 0.0 0 23.1 41 350 M M 0 64 340
23 46 37 42 -8 23 0 0.00 0.0 0 13.5 30 340 M M 0 44 340
24 64 28 46 -4 19 0 0.00 0.0 0 7.6 24 350 M M 0 37 360
25 63 29 46 -5 19 0 0.00 0.0 0 6.9 28 30 M M 0 37 20
26 66 30 48 -3 17 0 0.00 0.0 0 6.7 15 170 M M 0 24 110
27 62 41 52 1 13 0 0.00 0.0 0 11.9 24 100 M M 0 35 90
28 69 34 52 0 13 0 0.00 0.0 0 5.5 15 90 M M 0 24 90
29 85 56 71 19 0 6 0.83 0.0 0 15.2 31 190 M M 0 48 210
30 56 30 43 -9 22 0 0.00 0.0 0 19.3 33 350 M M 0 51 360
31 57 30 44 -9 21 0 0.00 0.0 0 8.4 20 360 M M 0 26 340
================================================================================
SM 1926 983 560 6 2.65 0.5 338.0 M 0
================================================================================
AV 62.1 31.7 10.9 FASTST M M 0 MAX(MPH)
MISC ----> 41 350 64 340
================================================================================
NOTES:
# LAST OF SEVERAL OCCURRENCES
COLUMN 17 PEAK WIND IN M.P.H.
PRELIMINARY LOCAL CLIMATOLOGICAL DATA (WS FORM: F-6) , PAGE 2
STATION: MEDICINE LODGE KS
MONTH: MARCH
YEAR: 2022
LATITUDE: 37 17 N
LONGITUDE: 98 35 W
[TEMPERATURE DATA] [PRECIPITATION DATA] SYMBOLS USED IN COLUMN 16
AVERAGE MONTHLY: 46.9 TOTAL FOR MONTH: 2.65 1 = FOG OR MIST
DPTR FM NORMAL: -0.6 DPTR FM NORMAL: 0.62 2 = FOG REDUCING VISIBILITY
HIGHEST: 85 ON 29 GRTST 24HR 1.05 ON 21-22 TO 1/4 MILE OR LESS
LOWEST: 14 ON 12 3 = THUNDER
SNOW, ICE PELLETS, HAIL 4 = ICE PELLETS
TOTAL MONTH: 0.5 INCH 5 = HAIL
GRTST 24HR 0.5 ON 10-10 6 = FREEZING RAIN OR DRIZZLE
GRTST DEPTH: T 7 = DUSTSTORM OR SANDSTORM:
VSBY 1/2 MILE OR LESS
8 = SMOKE OR HAZE
[NO. OF DAYS WITH] [WEATHER - DAYS WITH] 9 = BLOWING SNOW
X = TORNADO
MAX 32 OR BELOW: 1 0.01 INCH OR MORE: 7
MAX 90 OR ABOVE: 0 0.10 INCH OR MORE: 4
MIN 32 OR BELOW: 15 0.50 INCH OR MORE: 2
MIN 0 OR BELOW: 0 1.00 INCH OR MORE: 0
[HDD (BASE 65) ]
TOTAL THIS MO. 560
DPTR FM NORMAL 12
TOTAL FM JUL 1 3703
DPTR FM NORMAL -330
[CDD (BASE 65) ]
TOTAL THIS MO. 6
DPTR FM NORMAL 2 [PRESSURE DATA]
TOTAL FM JAN 1 6 HIGHEST SLP 30.44 ON 7
DPTR FM NORMAL 2 LOWEST SLP 29.24 ON 29
[REMARKS]
#FINAL-03-22#