000
CXUS56 KLKN 161907
CF6P68
PRELIMINARY LOCAL CLIMATOLOGICAL DATA (WS FORM: F-6)
STATION: EUREKA AIRPORT NV
MONTH: NOVEMBER
YEAR: 2022
LATITUDE: 39 30 N
LONGITUDE: 115 58 W
TEMPERATURE IN F: :PCPN: SNOW: WIND :SUNSHINE: SKY :PK WND
================================================================================
1 2 3 4 5 6A 6B 7 8 9 10 11 12 13 14 15 16 17 18
12Z AVG MX 2MIN
DY MAX MIN AVG DEP HDD CDD WTR SNW DPTH SPD SPD DIR MIN PSBL S-S WX SPD DR
================================================================================
1 62 31 47 6 18 0 0.20 M M 18.6 44 180 M M M 64 180
2 36 19 28 -13 37 0 0.05 M M 4.0 15 260 M M M 19 260
3 34 19 27 -13 38 0 0.00 M M 6.2 22 360 M M M 28 360
4 43 19 31 -9 34 0 0.00 M M 5.4 13 280 M M M 17 290
5 55 34 45 5 20 0 0.04 M M 9.9 26 250 M M M 44 240
6 53 36 45 6 20 0 0.18 M M 10.5 29 170 M M M 40 170
7 51 28 40 1 25 0 0.08 M M 11.9 26 350 M M M 35 350
8 43 27 35 -3 30 0 0.15 M M 14.7 43 180 M M M 61 180
9 36 23 30 -8 35 0 0.00 M M 10.1 29 280 M M M 39 230
10 37 13 25 -13 40 0 0.00 M M 3.5 13 10 M M M 17 10
11 38 9 24 -13 41 0 0.00 M M 3.1 9 30 M M M 12 350
12 45 11 28 -9 37 0 0.00 M M 2.9 13 10 M M M 17 360
13 37 19 28 -8 37 0 0.00 M M 5.5 18 350 M M M 26 360
14 39 12 26 -10 39 0 0.00 M M 3.9 10 340 M M M 14 340
15 39 10 25 -10 40 0 0.00 M M 4.2 17 30 M M M 28 50
16 42 9 26 -9 39 0 0.00 M M 3.7 9 200 M M M 11 220
17 48 10 29 -5 36 0 0.00 M M 4.6 10 210 M M M 13 220
18 33 6 20 -14 45 0 0.00 M M 6.0 18 350 M M M 24 350
19 38 2 20 -14 45 0 0.00 M M 3.6 9 360 M M M 11 360
20 49 7 28 -5 37 0 0.00 M M 3.8 12 210 M M M 13 210
21 50 9 30 -3 35 0 0.00 M M 4.5 12 200 M M M 13 220
22 48 9 29 -3 36 0 0.00 M M 4.4 12 180 M M M 15 200
23 46 13 30 -2 35 0 0.00 M M 6.7 17 340 M M M 23 340
24 45 8 27 -4 38 0 0.00 M M 3.7 9 180 M M M 11 350
25 55 10 33 2 32 0 0.00 M M 4.4 13 180 M M M 15 180
26 41 16 29 -1 36 0 0.00 M M 4.4 20 20 M M M 24 360
27 47 14 31 1 34 0 0.00 M M 5.3 12 220 M M M 15 210
28 44 19 32 2 33 0 0.01 M M 10.3 31 260 M M M 46 250
29 34 14 24 -5 41 0 0.00 M M 3.7 12 210 M M M 14 70
30 46 9 28 -1 37 0 0.00 M M 7.3 21 130 M M M 27 140
================================================================================
SM 1314 465 1050 0 0.71 M 190.8 M M
================================================================================
AV 43.8 15.5 6.4 FASTST M M M MAX(MPH)
MISC ----> 44 180 64 180
================================================================================
NOTES:
# LAST OF SEVERAL OCCURRENCES
COLUMN 17 PEAK WIND IN M.P.H.
PRELIMINARY LOCAL CLIMATOLOGICAL DATA (WS FORM: F-6) , PAGE 2
STATION: EUREKA AIRPORT NV
MONTH: NOVEMBER
YEAR: 2022
LATITUDE: 39 30 N
LONGITUDE: 115 58 W
[TEMPERATURE DATA] [PRECIPITATION DATA] SYMBOLS USED IN COLUMN 16
AVERAGE MONTHLY: 29.7 TOTAL FOR MONTH: 0.71 1 = FOG OR MIST
DPTR FM NORMAL: -5.4 DPTR FM NORMAL: 0.07 2 = FOG REDUCING VISIBILITY
HIGHEST: 62 ON 1 GRTST 24HR 0.20 ON 1- 1 TO 1/4 MILE OR LESS
LOWEST: 2 ON 19 3 = THUNDER
SNOW, ICE PELLETS, HAIL 4 = ICE PELLETS
TOTAL MONTH: M 5 = HAIL
GRTST 24HR M ON M 6 = FREEZING RAIN OR DRIZZLE
GRTST DEPTH: M ON M 7 = DUSTSTORM OR SANDSTORM:
VSBY 1/2 MILE OR LESS
8 = SMOKE OR HAZE
[NO. OF DAYS WITH] [WEATHER - DAYS WITH] 9 = BLOWING SNOW
X = TORNADO
MAX 32 OR BELOW: 0 0.01 INCH OR MORE: 7
MAX 90 OR ABOVE: 0 0.10 INCH OR MORE: 3
MIN 32 OR BELOW: 28 0.50 INCH OR MORE: 0
MIN 0 OR BELOW: 0 1.00 INCH OR MORE: 0
[HDD (BASE 65) ]
TOTAL THIS MO. 1050 CLEAR (SCALE 0-3) 0
DPTR FM NORMAL 152 PTCLDY (SCALE 4-7) 0
TOTAL FM JUL 1 1667 CLOUDY (SCALE 8-10) 30
DPTR FM NORMAL -24
[CDD (BASE 65) ]
TOTAL THIS MO. 0
DPTR FM NORMAL 0 [PRESSURE DATA]
TOTAL FM JAN 1 580 HIGHEST SLP M ON M
DPTR FM NORMAL 224 LOWEST SLP 30.30 ON 20
[REMARKS]
#FINAL-11-22#