000
CXUS53 KPAH 010634
CLMPAH
CLIMATE REPORT
NATIONAL WEATHER SERVICE PADUCAH KY
134 AM CDT MON APR 01 2024
...................................
...THE PADUCAH KY CLIMATE SUMMARY FOR THE MONTH OF MARCH 2024...
CLIMATE NORMAL PERIOD 1991 TO 2020
CLIMATE RECORD PERIOD 1937 TO 2024
WEATHER OBSERVED NORMAL DEPART LAST YEAR`S
VALUE DATE(S) VALUE FROM VALUE DATE(S)
NORMAL
................................................................
TEMPERATURE (F)
RECORD
HIGH 85 03/13/1967
LOW -6 03/06/2015
HIGHEST 80 03/04 78 03/01
LOWEST 24 03/19 24 03/15
AVG. MAXIMUM 65.2 59.7 5.5 59.9
AVG. MINIMUM 42.7 38.3 4.4 40.2
MEAN 54.0 49.0 5.0 50.0
DAYS MAX >= 90 0 0.0 0.0 0
DAYS MAX <= 32 0 0.4 -0.4 0
DAYS MIN <= 32 5 10.2 -5.2 6
DAYS MIN <= 0 0 0.0 0.0 0
PRECIPITATION (INCHES)
RECORD
MAXIMUM 14.91 1964
MINIMUM 0.70 1941
TOTALS 2.72 4.64 -1.92 9.21
DAILY AVG. 0.09 0.15 -0.06 0.30
DAYS >= .01 6 11.2 -5.2 13
DAYS >= .10 5 7.7 -2.7 9
DAYS >= .50 2 2.9 -0.9 3
DAYS >= 1.00 1 1.2 -0.2 2
GREATEST
24 HR. TOTAL 1.53 03/25 TO 03/25
SNOWFALL (INCHES)
RECORDS
TOTAL 24.0 1960
TOTALS 0.0 1.1 -1.1 T
SINCE 7/1 1.7 8.9 -7.2 MM
SNOWDEPTH AVG. 0 0
DAYS >= TRACE 0
DAYS >= 1.0 0 0.2 -0.2 0
GREATEST
SNOW DEPTH 0 0 MM
24 HR TOTAL MM
STORM TOTAL 0.0
(MM/DD(HH))
DEGREE DAYS
HEATING TOTAL 354 504 -150 464
SINCE 7/1 3048 3647 -599 MM
COOLING TOTAL 22 8 14 7
SINCE 1/1 28 9 19 MM
FREEZE DATES
EARLIEST 10/30
LATEST 03/29
................................................................
WIND (MPH)
AVERAGE WIND SPEED 6.6
HIGHEST WIND SPEED/DIRECTION 30/140 DATE 03/25
HIGHEST GUST SPEED/DIRECTION 43/320 DATE 03/14
43/150 03/25
SKY COVER
POSSIBLE SUNSHINE (PERCENT) MM
AVERAGE SKY COVER 0.33
NUMBER OF DAYS FAIR 18
NUMBER OF DAYS PC 9
NUMBER OF DAYS CLOUDY 4
AVERAGE RH (PERCENT) 61
WEATHER CONDITIONS. NUMBER OF DAYS WITH
THUNDERSTORM 4 MIXED PRECIP 0
HEAVY RAIN 4 RAIN 5
LIGHT RAIN 12 FREEZING RAIN 0
LT FREEZING RAIN 0 HAIL 0
HEAVY SNOW 0 SNOW 0
LIGHT SNOW 0 SLEET 0
FOG 11 FOG W/VIS <= 1/4 MILE 2
HAZE 4
- INDICATES NEGATIVE NUMBERS.
R INDICATES RECORD WAS SET OR TIED.
MM INDICATES DATA IS MISSING.
T INDICATES TRACE AMOUNT.
$$