184
CXUS53 KPAH 012010
CLSPAH
CLIMATE REPORT
NATIONAL WEATHER SERVICE PADUCAH
310 PM CDT TUE SEP 01 2020
...................................
...THE PADUCAH KY CLIMATE SUMMARY FOR THE SUMMER SEASON, FROM
6/1/2020 TO 8/31/2020...
CLIMATE NORMAL PERIOD 1981 TO 2010
CLIMATE RECORD PERIOD 1937 TO 2020
WEATHER OBSERVED NORMAL DEPART LAST YEAR`S
VALUE DATE(S) VALUE FROM VALUE
NORMAL
..............................................................
TEMPERATURE (F)
RECORD
HIGH 108 07/17/1942
LOW 44 06/01/1993
08/29/1986
HIGHEST 96 07/20 88 8
LOWEST 53 06/01 67 -14
AVG. MAXIMUM 88.5 88.2 0.3
AVG. MINIMUM 67.7 66.5 1.2
MEAN 78.1 77.4 0.7
DAYS MAX >= 90 45 37.4 7.6
DAYS MAX <= 32 0 0.0 0.0
DAYS MIN <= 32 0 0.0 0.0
DAYS MIN <= 0 0 0.0 0.0
PRECIPITATION (INCHES)
RECORD
MAXIMUM 22.45 1958
MINIMUM 4.48 1944
TOTALS 12.52 11.26 1.26
DAILY AVG. 0.14 0.12 0.02
DAYS >= .01 30 24.5 5.5
DAYS >= .10 20 16.8 3.2
DAYS >= .50 9 7.3 1.7
DAYS >= 1.00 3 3.2 -0.2
GREATEST
24 HR. TOTAL 2.03 06/30 TO 06/30
STORM TOTAL 2.03
(MM/DD(HH))
SNOWFALL (INCHES)
RECORDS
TOTAL 0.0 2002
24 HR TOTAL 0.0 08/31/2002 TO 08/31/2002
TOTALS 0.0 0.0 0.0
LIQUID EQUIV 0.00
SINCE 7/1 0.0 0.0 0.0
LIQUID 7/1 0.00
SNOWDEPTH AVG. 0
DAYS >= TRACE 0
DAYS >= 1.0 0
GREATEST
SNOW DEPTH 0
24 HR TOTAL 0.0
STORM TOTAL 0.0
(MM/DD(HH))
DEGREE DAYS
HEATING TOTAL 0 4 -4
SINCE 7/1 0 0 0
COOLING TOTAL 1226 1140 86
SINCE 1/1 1389 1313 76
FREEZE DATES
RECORD
EARLIEST 10/01/1984
LATEST 04/28/1992
EARLIEST MM
LATEST 04/15
..............................................................
WIND (MPH)
AVERAGE WIND SPEED 4.6
HIGHEST WIND SPEED/DIRECTION 30/240 DATE 07/20
HIGHEST GUST SPEED/DIRECTION 45/330 DATE 07/01
SKY COVER
POSSIBLE SUNSHINE (PERCENT) MM
AVERAGE SKY COVER 0.25
NUMBER OF DAYS FAIR 45
NUMBER OF DAYS PC 15
NUMBER OF DAYS CLOUDY 2
AVERAGE RH (PERCENT) 72
WEATHER CONDITIONS. NUMBER OF DAYS WITH
THUNDERSTORM 29 MIXED PRECIP 0
HEAVY RAIN 18 RAIN 17
LIGHT RAIN 33 FREEZING RAIN 0
LT FREEZING RAIN 0 HAIL 0
HEAVY SNOW 0 SNOW 0
LIGHT SNOW 0 SLEET 0
FOG 54 FOG W/VIS <= 1/4 MILE 14
HAZE 10
- INDICATES NEGATIVE NUMBERS.
R INDICATES RECORD WAS SET OR TIED.
MM INDICATES DATA IS MISSING.
T INDICATES TRACE AMOUNT.
$$