000
CXUS54 KLZK 130352 CCA
CLMPBF
CLIMATE REPORT...UPDATED WITH SUPPLEMENTAL DATA
NATIONAL WEATHER SERVICE LITTLE ROCK AR
1050 PM CDT WED JUL 12 2023
...................................
...THE PINE BLUFF CLIMATE SUMMARY FOR THE MONTH OF JUNE 2023...
CLIMATE NORMAL PERIOD 1991 TO 2020
CLIMATE RECORD PERIOD 1883 TO 2023
WEATHER OBSERVED NORMAL DEPART LAST YEAR`S
VALUE DATE(S) VALUE FROM VALUE DATE(S)
NORMAL
................................................................
TEMPERATURE (F)
RECORD
HIGH 107 06/20/1936
06/20/1918
LOW 49 06/02/1984
06/03/1956
06/12/1903
HIGHEST 98 06/29 89 9 99 06/18
06/30
06/25
LOWEST 66 06/13 69 -3 62 06/04
AVG. MAXIMUM 91.0 88.9 2.1 91.2
AVG. MINIMUM 70.0 69.3 0.7 70.9
MEAN 80.5 79.1 1.4 81.1
DAYS MAX >= 90 21 16.3 4.7 18
DAYS MAX <= 32 0 0.0 0.0 0
DAYS MIN <= 32 0 0.0 0.0 0
DAYS MIN <= 0 0 0.0 0.0 0
PRECIPITATION (INCHES)
RECORD
MAXIMUM 10.18 1927
MINIMUM T 2022
TOTALS 3.59 3.27 0.32 3.28
DAILY AVG. 0.12 0.11 0.01 0.11
DAYS >= .01 11 8.6 2.4 6
DAYS >= .10 6 5
DAYS >= .50 4 2
DAYS >= 1.00 1 0.7 0.3 2
GREATEST
24 HR. TOTAL 1.23 06/14 TO 06/14
06/13 TO 06/14
STORM TOTAL 1.23
(MM/DD(HH))
SNOWFALL (INCHES)
RECORDS
TOTAL MM MM
24 HR TOTAL MM
SNOW DEPTH MM MM
TOTALS 0.0 0.0 0.0 0.0
LIQUID EQUIV 0.00 0.00 0.00 0.00
SINCE 7/1 T 2.5 -2.5 MM
LIQUID 7/1 -0.10 0.20 -0.30 MM
SNOWDEPTH AVG. 0
DAYS >= TRACE 0 MM MM 0
DAYS >= 1.0 0 0
GREATEST
SNOW DEPTH 0
24 HR TOTAL MM MM 0.0
DEGREE DAYS
HEATING TOTAL 0 0 0 0
SINCE 7/1 2188 2833 -645 MM
COOLING TOTAL 473 423 50 490
SINCE 1/1 875 739 136 MM
FREEZE DATES
RECORD
EARLIEST 10/10/2000
LATEST 04/25/1910
EARLIEST 10/19 10/19
LATEST 03/20 03/13
................................................................
WIND (MPH)
AVERAGE WIND SPEED 4.9
HIGHEST WIND SPEED/DIRECTION 35/010 DATE 06/25
HIGHEST GUST SPEED/DIRECTION 47/250 DATE 06/18
47/010 06/25
SKY COVER
POSSIBLE SUNSHINE (PERCENT) MM
AVERAGE SKY COVER 0.16
NUMBER OF DAYS FAIR 26
NUMBER OF DAYS PC 4
NUMBER OF DAYS CLOUDY 0
WEATHER CONDITIONS. NUMBER OF DAYS WITH
THUNDERSTORM 15 MIXED PRECIP 0
HEAVY RAIN 6 RAIN 6
LIGHT RAIN 10 FREEZING RAIN 0
LT FREEZING RAIN 0 HAIL 0
HEAVY SNOW 0 SLEET 0
FOG 19 FOG W/VIS <= 1/4 MILE 1
HAZE 8
- INDICATES NEGATIVE NUMBERS.
R INDICATES RECORD WAS SET OR TIED.
MM INDICATES DATA IS MISSING.
T INDICATES TRACE AMOUNT.
&&
.MONTHLY AVERAGES...
THE AVERAGE HIGH TEMPERATURE OF 91.0 (+2.1) WAS TIED FOR THE 40TH
HOTTEST AND WARMEST SINCE 2022.
THE AVERAGE LOW TEMPERATURE OF 70.0 (+0.7) WAS TIED FOR THE 36TH
HOTTEST AND WARMEST SINCE 2022.
THE AVERAGE TEMPERATURE OF 80.5 (+1.4) WAS THE 34TH HOTTEST AND
WARMEST SINCE 2022.
THE MONTHLY HIGH AND AVERAGE TEMPERATURES WERE ABOVE THE 30-YEAR
CLIMATOLOGICAL AVERAGES, MEANWHILE THE MONTHLY LOW WAS NEAR THE 30-
YEAR CLIMATOLOGICAL AVERAGES.
.DAILY TEMPERATURES...
DAILY TEMPERATURES WERE AVERAGE ON 3 DAYS.
DAILY TEMPERATURES WERE ABOVE AVERAGE ON 22 DAYS.
DAILY TEMPERATURES WERE BELOW AVERAGE ON 5 DAYS.
.DAILY TEMPERATURE RECORDS TIED OR BROKEN DURING THE MONTH...
NO DAILY TEMPERATURE RECORDS WERE TIED OR BROKEN.
.MONTHLY RAINFALL...
THE MONTHLY RAINFALL TOTAL OF 3.59 WAS THE 58TH WETTEST ON RECORD
AND WETTEST SINCE 2021. THE MONTHLY RAINFALL WAS +0.32 ABOVE AVERAGE
FOR THE MONTH.
.DAILY RAINFALL RECORDS TIED OR BROKEN DURING THE MONTH...
NO DAILY RAINFALL RECORDS WERE TIED OR BROKEN.
.MONTHLY SNOWFALL...
NO DAILY SNOWFALL WAS RECORDED.
.DAILY SNOWFALL RECORDS TIED OR BROKEN DURING THE MONTH...
NO DAILY SNOWFALL RECORDS WERE TIED OR BROKEN.
$$
70