000
CXUS53 KARX 011809
CF6PDC
PRELIMINARY LOCAL CLIMATOLOGICAL DATA (WS FORM: F-6)
STATION: PRAIRIE_DU_CHIEN_MUN
MONTH: MARCH
YEAR: 2020
LATITUDE: 43 1 N
LONGITUDE: 91 7 W
TEMPERATURE IN F: :PCPN: SNOW: WIND :SUNSHINE: SKY :PK WND
================================================================================
1 2 3 4 5 6A 6B 7 8 9 10 11 12 13 14 15 16 17 18
12Z AVG MX 2MIN
DY MAX MIN AVG DEP HDD CDD WTR SNW DPTH SPD SPD DIR MIN PSBL S-S WX SPD DR
================================================================================
1 51 32 42 M 23 0 0.00 0.0 M 7.5 10 280 M M 0 M M
2 38 30 34 M 31 0 0.00 0.0 M 7.1 13 290 M M 6 20 320
3 44 28 36 M 29 0 M M M 7.2 18 280 M M 5 28 280
4 43 30 37 M 28 0 0.00 0.0 M 6.9 13 300 M M 2 17 310
5 44 34 39 M 26 0 M M M 13.6 24 260 M M 8 33 330
6 42 27 35 M 30 0 0.00 0.0 0 7.1 18 340 M M 1 29 320
7 57 27 42 M 23 0 0.00 0.0 0 7.2 14 170 M M 0 27 160
8 68 44 56 M 9 0 0.00 0.0 0 8.9 15 190 M M 0 22 170
9 56 35 46 M 19 0 0.59 0.0 0 8.6 13 320 M M 9 17 330
10 50 30 40 M 25 0 0.27 0.0 0 4.6 14 320 M M 5 21 320
11 46 36 41 M 24 0 0.04 0.0 0 4.3 8 270 M M 6 1 M M
12 51 35 43 M 22 0 0.27 0.0 0 10.3 23 290 M M 7 1 29 290
13 44 31 38 M 27 0 0.00 0.0 0 12.5 18 290 M M 0 27 260
14 34 26 30 M 35 0 T T T 2.6 7 320 M M 8 M M
15 38 20 29 M 36 0 0.00 0.0 0 1.7 7 130 M M 4 M M
16 41 28 35 M 30 0 0.00 0.0 0 4.3 10 270 M M 10 M M
17 46 29 38 M 27 0 0.00 0.0 0 5.8 14 300 M M 3 24 300
18 40 34 37 M 28 0 0.43 0.0 0 5.5 9 90 M M 10 1 16 90
19 44 37 41 M 24 0 1.33 0.0 0 5.8 15 330 M M 10 1 M M
20 37 28 33 M 32 0 0.07 0.0 0 11.2 18 340 M M 9 23 330
21 37 23 30 M 35 0 0.00 0.0 0 5.0 9 110 M M 5 M M
22 38 30 34 M 31 0 T T 0 8.2 14 120 M M 10 20 110
23 44 32 38 M 27 0 0.00 0.0 0 2.4 6 200 M M 10 M M
24 50 37 44 M 21 0 0.00 0.0 0 5.7 12 120 M M 9 1 M M
25 46 37 42 M 23 0 0.05 0.0 0 3.2 9 210 M M 10 1 M M
26 47 39 43 M 22 0 0.01 0.0 0 3.7 9 320 M M 10 1 M M
27 58 35 47 M 18 0 0.03 0.0 0 5.7 10 110 M M 5 1 21 70
28 54 43 49 M 16 0 0.69 0.0 0 8.7 16 80 M M 10 1 23 100
29 53 38 46 M 19 0 0.03 0.0 0 14.4 23 280 M M 9 1 31 270
30 59 32 46 M 19 0 0.00 0.0 0 5.9 16 330 M M 0 21 330
31 47 31 39 M 26 0 0.00 0.0 0 4.2 10 50 M M 3 16 50
================================================================================
SM 1447 998 785 0 3.81 T 209.8 M 184
================================================================================
AV 46.7 32.2 6.8 FASTST M M 6 MAX(MPH)
MISC ----> # 24 260 # 33 330
================================================================================
NOTES:
# LAST OF SEVERAL OCCURRENCES
COLUMN 17 PEAK WIND IN M.P.H.
PRELIMINARY LOCAL CLIMATOLOGICAL DATA (WS FORM: F-6) , PAGE 2
STATION: PRAIRIE_DU_CHIEN_MUN
MONTH: MARCH
YEAR: 2020
LATITUDE: 43 1 N
LONGITUDE: 91 7 W
[TEMPERATURE DATA] [PRECIPITATION DATA] SYMBOLS USED IN COLUMN 16
AVERAGE MONTHLY: 39.4 TOTAL FOR MONTH: 3.81 1 = FOG OR MIST
DPTR FM NORMAL: M DPTR FM NORMAL: M 2 = FOG REDUCING VISIBILITY
HIGHEST: 68 ON 8 GRTST 24HR 1.33 ON 19-19 TO 1/4 MILE OR LESS
LOWEST: 20 ON 15 3 = THUNDER
SNOW, ICE PELLETS, HAIL 4 = ICE PELLETS
TOTAL MONTH: T 5 = HAIL
GRTST 24HR T ON 22-22 6 = FREEZING RAIN OR DRIZZLE
GRTST DEPTH: T 7 = DUSTSTORM OR SANDSTORM:
VSBY 1/2 MILE OR LESS
8 = SMOKE OR HAZE
[NO. OF DAYS WITH] [WEATHER - DAYS WITH] 9 = BLOWING SNOW
X = TORNADO
MAX 32 OR BELOW: 0 0.01 INCH OR MORE: 12
MAX 90 OR ABOVE: 0 0.10 INCH OR MORE: 6
MIN 32 OR BELOW: 18 0.50 INCH OR MORE: 3
MIN 0 OR BELOW: 0 1.00 INCH OR MORE: 1
[HDD (BASE 65) ]
TOTAL THIS MO. 785 CLEAR (SCALE 0-3) 9
DPTR FM NORMAL M PTCLDY (SCALE 4-7) 8
TOTAL FM JUL 1 5879 CLOUDY (SCALE 8-10) 14
DPTR FM NORMAL M
[CDD (BASE 65) ]
TOTAL THIS MO. 0
DPTR FM NORMAL M [PRESSURE DATA]
TOTAL FM JAN 1 0 HIGHEST SLP M ON M
DPTR FM NORMAL M LOWEST SLP M ON M
[REMARKS]
#FINAL-03-20#