000
CXUS52 KFFC 011010
CF6PDK
PRELIMINARY LOCAL CLIMATOLOGICAL DATA (WS FORM: F-6)
STATION: DEKALB PEACHTREE AIRPORT
MONTH: JUNE
YEAR: 2021
LATITUDE: 33 52 N
LONGITUDE: 84 18 W
TEMPERATURE IN F: :PCPN: SNOW: WIND :SUNSHINE: SKY :PK WND
================================================================================
1 2 3 4 5 6A 6B 7 8 9 10 11 12 13 14 15 16 17 18
12Z AVG MX 2MIN
DY MAX MIN AVG DEP HDD CDD WTR SNW DPTH SPD SPD DIR MIN PSBL S-S WX SPD DR
================================================================================
1 82 56 69 -5 0 4 0.00 M M 2.0 10 150 M M 3 15 150
2 80 61 71 -3 0 6 0.00 M M 3.1 10 170 M M 3 17 170
3 87 68 78 4 0 13 0.00 M M 4.5 15 260 M M 6 22 270
4 87 65 76 2 0 11 0.00 M M 3.2 12 260 M M 1 18 300
5 88 69 79 5 0 14 T M M 1.7 12 140 M M 3 3 20 160
6 88 71 80 5 0 15 0.29 M M 2.7 18 190 M M 5 13 26 150
7 82 69 76 1 0 11 0.07 M M 4.1 12 180 M M 7 18 17 190
8 87 69 78 3 0 13 1.25 0.0 M 3.8 25 220 M M 7 1238 36 220
9 85 68 77 2 0 12 0.12 0.0 M 4.7 15 310 M M 8 1 21 290
10 86 67 77 2 0 12 0.11 0.0 M 5.6 21 280 M M 6 13 29 270
11 84 70 77 1 0 12 0.17 0.0 M 6.8 18 250 M M 6 13 25 260
12 89 71 80 4 0 15 0.05 M M 6.9 24 280 M M 4 138 39 300
13 89 68 79 3 0 14 0.00 M M 1.4 9 20 M M 4 13 360
14 94 70 82 6 0 17 0.00 M M 4.9 16 220 M M 1 3 21 220
15 88 69 79 3 0 14 0.00 M M 9.0 21 320 M M 0 30 300
16 87 61 74 -2 0 9 0.00 M M 4.8 13 350 M M 1 18 340
17 89 57 73 -4 0 8 0.00 M M 2.2 9 330 M M 0 17 40
18 90 64 77 0 0 12 0.00 M M 3.4 13 190 M M 3 24 160
19 78 68 73 -4 0 8 1.62 M M 4.3 14 180 M M 6 13 23 170
20 83 70 77 0 0 12 0.36 M M 6.1 17 270 M M 7 1 25 270
21 88 70 79 2 0 14 0.04 M M 8.7 28 220 M M 6 39 240
22 80 61 71 -6 0 6 0.59 M M 7.5 16 340 M M 6 1 22 220
23 84 57 71 -7 0 6 0.00 M M 2.9 8 130 M M 2 1 15 30
24 82 69 76 -2 0 11 0.00 M M 3.6 10 140 M M 6 19 100
25 82 65 74 -4 0 9 0.00 M M 2.4 9 150 M M 3 15 160
26 86 66 76 -2 0 11 0.00 M M 3.7 12 200 M M 4 18 160
27 87 72 80 2 0 15 0.07 M M 4.1 13 150 M M 5 18 21 130
28 90 72 81 3 0 16 0.00 M M 1.6 10 150 M M 4 17 120
29 84 71 78 0 0 13 0.06 M M 4.8 12 150 M M 6 1 22 30
30 90 67 79 1 0 14 0.00 M M 3.7 13 190 M M 2 13 20 210
================================================================================
SM 2576 2001 0 347 4.80 0.0 128.2 M 125
================================================================================
AV 85.9 66.7 4.3 FASTST M M 4 MAX(MPH)
MISC ----> 28 220 # 39 300
================================================================================
NOTES:
# LAST OF SEVERAL OCCURRENCES
COLUMN 17 PEAK WIND IN M.P.H.
PRELIMINARY LOCAL CLIMATOLOGICAL DATA (WS FORM: F-6) , PAGE 2
STATION: DEKALB PEACHTREE AIRPORT
MONTH: JUNE
YEAR: 2021
LATITUDE: 33 52 N
LONGITUDE: 84 18 W
[TEMPERATURE DATA] [PRECIPITATION DATA] SYMBOLS USED IN COLUMN 16
AVERAGE MONTHLY: 76.3 TOTAL FOR MONTH: 4.80 1 = FOG OR MIST
DPTR FM NORMAL: 0.1 DPTR FM NORMAL: 0.11 2 = FOG REDUCING VISIBILITY
HIGHEST: 94 ON 14 GRTST 24HR 1.97 ON 19-20 TO 1/4 MILE OR LESS
LOWEST: 56 ON 1 3 = THUNDER
SNOW, ICE PELLETS, HAIL 4 = ICE PELLETS
TOTAL MONTH: 0.0 INCH 5 = HAIL
GRTST 24HR 0.0 6 = FREEZING RAIN OR DRIZZLE
GRTST DEPTH: M ON M 7 = DUSTSTORM OR SANDSTORM:
VSBY 1/2 MILE OR LESS
8 = SMOKE OR HAZE
[NO. OF DAYS WITH] [WEATHER - DAYS WITH] 9 = BLOWING SNOW
X = TORNADO
MAX 32 OR BELOW: 0 0.01 INCH OR MORE: 13
MAX 90 OR ABOVE: 4 0.10 INCH OR MORE: 8
MIN 32 OR BELOW: 0 0.50 INCH OR MORE: 3
MIN 0 OR BELOW: 0 1.00 INCH OR MORE: 2
[HDD (BASE 65) ]
TOTAL THIS MO. 0 CLEAR (SCALE 0-3) 10
DPTR FM NORMAL 0 PTCLDY (SCALE 4-7) 20
TOTAL FM JUL 1 2688 CLOUDY (SCALE 8-10) 0
DPTR FM NORMAL -291
[CDD (BASE 65) ]
TOTAL THIS MO. 347
DPTR FM NORMAL 9 [PRESSURE DATA]
TOTAL FM JAN 1 501 HIGHEST SLP 30.27 ON 1
DPTR FM NORMAL -52 LOWEST SLP 29.71 ON 12
[REMARKS]
#FINAL-06-21#