000
CXUS56 KPDT 012158
CF6PDT
PRELIMINARY LOCAL CLIMATOLOGICAL DATA (WS FORM: F-6)
STATION: PENDLETON OR
MONTH: AUGUST
YEAR: 2022
LATITUDE: 45 40 N
LONGITUDE: 118 51 W
TEMPERATURE IN F: :PCPN: SNOW: WIND :SUNSHINE: SKY :PK WND
================================================================================
1 2 3 4 5 6A 6B 7 8 9 10 11 12 13 14 15 16 17 18
12Z AVG MX 2MIN
DY MAX MIN AVG DEP HDD CDD WTR SNW DPTH SPD SPD DIR MIN PSBL S-S WX SPD DR
================================================================================
1 96 71 84 9 0 19 0.00 0.0 0 8.6 20 250 M M 0 27 250
2 97 73 85 10 0 20 0.00 0.0 0 13.9 28 270 M M 0 36 280
3 99 64 82 8 0 17 0.00 0.0 0 9.2 22 280 M M 0 30 270
4 88 60 74 0 0 9 0.00 0.0 0 14.2 28 280 M M 0 36 300
5 86 51 69 -5 0 4 0.00 0.0 0 6.4 16 320 M M 0 20 350
6 90 52 71 -3 0 6 0.00 0.0 0 8.0 20 320 M M 0 26 320
7 98 53 76 2 0 11 0.00 0.0 0 7.3 14 320 M M 0 19 300
8 106 62 84 10 0 19 0.00 0.0 0 8.9 18 340 M M 0 25 330
9 101 72 87 13 0 22 0.04 0.0 0 7.6 23 340 M M 2 3 30 330
10 98 68 83 10 0 18 T 0.0 0 7.8 24 90 M M 2 3 35 110
11 94 63 79 6 0 14 0.00 0.0 0 6.6 14 290 M M 0 20 320
12 96 63 80 7 0 15 0.00 0.0 0 10.0 30 270 M M 0 40 270
13 87 62 75 2 0 10 0.00 0.0 0 11.9 23 260 M M 0 29 280
14 91 54 73 1 0 8 0.00 0.0 0 6.8 13 150 M M 0 19 300
15 97 54 76 4 0 11 0.00 0.0 0 7.2 14 140 M M 0 20 340
16 99 59 79 7 0 14 0.00 0.0 0 7.6 15 320 M M 0 22 350
17 105 62 84 12 0 19 0.00 0.0 0 6.9 16 40 M M 0 23 20
18 101 66 84 12 0 19 0.00 0.0 0 7.8 20 320 M M 0 26 320
19 95 71 83 12 0 18 0.00 0.0 0 7.0 16 290 M M 0 20 290
20 96 64 80 9 0 15 0.00 0.0 0 6.0 14 250 M M 0 21 260
21 97 62 80 9 0 15 0.00 0.0 0 6.5 15 280 M M 0 21 300
22 96 63 80 10 0 15 T 0.0 0 6.2 18 180 M M 0 3 22 260
23 95 63 79 9 0 14 0.00 0.0 0 7.0 16 340 M M 0 8 22 350
24 95 63 79 9 0 14 0.00 0.0 0 5.4 17 10 M M 0 24 10
25 96 59 78 8 0 13 0.00 0.0 0 5.8 13 330 M M 0 19 330
26 94 69 82 13 0 17 0.00 0.0 0 15.2 28 260 M M 0 39 260
27 80 60 70 1 0 5 0.00 0.0 0 18.1 36 270 M M 0 45 270
28 82 48 65 -4 0 0 0.00 0.0 0 5.4 12 290 M M 0 16 290
29 93 52 73 4 0 8 0.00 0.0 0 6.2 13 30 M M 0 17 30
30 100 57 79 11 0 14 0.00 0.0 0 6.4 13 50 M M 0 19 360
31 99 63 81 13 0 16 0.00 0.0 0 10.5 21 250 M M 0 29 240
================================================================================
SM 2947 1903 0 419 0.04 0.0 262.4 M 4
================================================================================
AV 95.1 61.4 8.5 FASTST M M 0 MAX(MPH)
MISC ----> 36 270 45 270
================================================================================
NOTES:
# LAST OF SEVERAL OCCURRENCES
COLUMN 17 PEAK WIND IN M.P.H.
PRELIMINARY LOCAL CLIMATOLOGICAL DATA (WS FORM: F-6) , PAGE 2
STATION: PENDLETON OR
MONTH: AUGUST
YEAR: 2022
LATITUDE: 45 40 N
LONGITUDE: 118 51 W
[TEMPERATURE DATA] [PRECIPITATION DATA] SYMBOLS USED IN COLUMN 16
AVERAGE MONTHLY: 78.2 TOTAL FOR MONTH: 0.04 1 = FOG OR MIST
DPTR FM NORMAL: 6.4 DPTR FM NORMAL: -0.27 2 = FOG REDUCING VISIBILITY
HIGHEST: 106 ON 8 GRTST 24HR 0.04 ON 9- 9 TO 1/4 MILE OR LESS
LOWEST: 48 ON 28 3 = THUNDER
SNOW, ICE PELLETS, HAIL 4 = ICE PELLETS
TOTAL MONTH: 0.0 INCH 5 = HAIL
GRTST 24HR 0.0 6 = FREEZING RAIN OR DRIZZLE
GRTST DEPTH: 0 7 = DUSTSTORM OR SANDSTORM:
VSBY 1/2 MILE OR LESS
8 = SMOKE OR HAZE
[NO. OF DAYS WITH] [WEATHER - DAYS WITH] 9 = BLOWING SNOW
X = TORNADO
MAX 32 OR BELOW: 0 0.01 INCH OR MORE: 1
MAX 90 OR ABOVE: 26 0.10 INCH OR MORE: 0
MIN 32 OR BELOW: 0 0.50 INCH OR MORE: 0
MIN 0 OR BELOW: 0 1.00 INCH OR MORE: 0
[HDD (BASE 65) ]
TOTAL THIS MO. 0 CLEAR (SCALE 0-3) 31
DPTR FM NORMAL -12 PTCLDY (SCALE 4-7) 0
TOTAL FM JUL 1 0 CLOUDY (SCALE 8-10) 0
DPTR FM NORMAL -17
[CDD (BASE 65) ]
TOTAL THIS MO. 419
DPTR FM NORMAL 196 [PRESSURE DATA]
TOTAL FM JAN 1 884 HIGHEST SLP 30.11 ON 13
DPTR FM NORMAL 312 LOWEST SLP 29.70 ON 3
[REMARKS]
#FINAL-08-22#