000
CXUS56 KPDT 241810
CF6PDT
PRELIMINARY LOCAL CLIMATOLOGICAL DATA (WS FORM: F-6)
STATION: PENDLETON OR
MONTH: APRIL
YEAR: 2024
LATITUDE: 45 40 N
LONGITUDE: 118 51 W
TEMPERATURE IN F: :PCPN: SNOW: WIND :SUNSHINE: SKY :PK WND
================================================================================
1 2 3 4 5 6A 6B 7 8 9 10 11 12 13 14 15 16 17 18
12Z AVG MX 2MIN
DY MAX MIN AVG DEP HDD CDD WTR SNW DPTH SPD SPD DIR MIN PSBL S-S WX SPD DR
================================================================================
1 68 38 53 6 12 0 0.00 0.0 0 9.2 17 260 M M 0 25 280
2 79 44 62 14 3 0 T 0.0 0 7.0 21 270 M M 1 8 37 270
3 59 42 51 3 14 0 0.07 0.0 0 8.1 25 280 M M 8 34 290
4 44 39 42 -6 23 0 0.01 0.0 0 8.2 22 270 M M 9 1 26 260
5 54 39 47 -1 18 0 T 0.0 0 16.7 28 260 M M 8 37 260
6 56 42 49 1 16 0 T 0.0 0 18.1 31 250 M M 8 44 250
7 60 39 50 2 15 0 0.00 0.0 0 11.6 24 280 M M 2 32 270
8 60 36 48 0 17 0 T 0.0 0 6.6 18 290 M M 6 25 300
9 67 42 55 6 10 0 0.00 0.0 0 12.6 29 280 M M 4 39 270
10 64 34 49 0 16 0 0.00 0.0 0 5.5 12 350 M M 1 8 15 340
11 67 36 52 3 13 0 T 0.0 0 6.6 18 280 M M 3 23 280
12 63 45 54 5 11 0 0.08 0.0 0 5.1 16 270 M M 5 13 21 10
13 75 39 57 8 8 0 0.00 0.0 0 5.1 16 10 M M 1 12 20 340
14 75 46 61 11 4 0 0.00 0.0 0 10.6 32 260 M M 1 42 260
15 64 46 55 5 10 0 0.00 0.0 0 21.1 32 270 M M 1 43 250
16 57 38 48 -2 17 0 0.00 0.0 0 16.1 26 250 M M 5 35 250
17 58 31 45 -5 20 0 0.00 0.0 0 5.7 16 280 M M 4 20 280
18 63 31 47 -3 18 0 0.00 0.0 0 8.8 18 360 M M 0 26 40
19 66 29 48 -3 17 0 0.00 0.0 0 6.0 15 20 M M 0 24 10
20 71 35 53 2 12 0 0.00 0.0 0 9.4 31 260 M M 2 43 250
21 61 38 50 -1 15 0 0.00 M M 10.9 33 260 M M 1 41 280
22 64 30 47 -4 18 0 0.00 0.0 0 6.4 16 350 M M 0 22 350
23 71 34 53 1 12 0 0.00 0.0 0 6.0 14 310 M M 0 17 20
================================================================================
SM 1466 873 319 0 0.16 0.0 221.4 M 70
================================================================================
AV 63.7 38.0 9.6 FASTST M M 3 MAX(MPH)
MISC ----> 33 260 44 250
================================================================================
NOTES:
# LAST OF SEVERAL OCCURRENCES
COLUMN 17 PEAK WIND IN M.P.H.
PRELIMINARY LOCAL CLIMATOLOGICAL DATA (WS FORM: F-6) , PAGE 2
STATION: PENDLETON OR
MONTH: APRIL
YEAR: 2024
LATITUDE: 45 40 N
LONGITUDE: 118 51 W
[TEMPERATURE DATA] [PRECIPITATION DATA] SYMBOLS USED IN COLUMN 16
AVERAGE MONTHLY: 50.8 TOTAL FOR MONTH: 0.16 1 = FOG OR MIST
DPTR FM NORMAL: 1.5 DPTR FM NORMAL: -0.78 2 = FOG REDUCING VISIBILITY
HIGHEST: 79 ON 2 GRTST 24HR 0.08 ON 3- 4 TO 1/4 MILE OR LESS
LOWEST: 29 ON 19 3 = THUNDER
SNOW, ICE PELLETS, HAIL 4 = ICE PELLETS
TOTAL MONTH: 0.0 INCH 5 = HAIL
GRTST 24HR 0.0 6 = FREEZING RAIN OR DRIZZLE
GRTST DEPTH: 0 7 = DUSTSTORM OR SANDSTORM:
VSBY 1/2 MILE OR LESS
8 = SMOKE OR HAZE
[NO. OF DAYS WITH] [WEATHER - DAYS WITH] 9 = BLOWING SNOW
X = TORNADO
MAX 32 OR BELOW: 0 0.01 INCH OR MORE: 3
MAX 90 OR ABOVE: 0 0.10 INCH OR MORE: 0
MIN 32 OR BELOW: 4 0.50 INCH OR MORE: 0
MIN 0 OR BELOW: 0 1.00 INCH OR MORE: 0
[HDD (BASE 65) ]
TOTAL THIS MO. 319 CLEAR (SCALE 0-3) 14
DPTR FM NORMAL -45 PTCLDY (SCALE 4-7) 7
TOTAL FM JUL 1 4508 CLOUDY (SCALE 8-10) 2
DPTR FM NORMAL -423
[CDD (BASE 65) ]
TOTAL THIS MO. 0
DPTR FM NORMAL 0 [PRESSURE DATA]
TOTAL FM JAN 1 0 HIGHEST SLP M ON M
DPTR FM NORMAL 0 LOWEST SLP 29.64 ON 5
[REMARKS]