000
CXUS56 KPQR 011201
CF6PDX
PRELIMINARY LOCAL CLIMATOLOGICAL DATA (WS FORM: F-6)
STATION: PORTLAND OR
MONTH: AUGUST
YEAR: 2023
LATITUDE: 45 35 N
LONGITUDE: 122 36 W
TEMPERATURE IN F: :PCPN: SNOW: WIND :SUNSHINE: SKY :PK WND
================================================================================
1 2 3 4 5 6A 6B 7 8 9 10 11 12 13 14 15 16 17 18
12Z AVG MX 2MIN
DY MAX MIN AVG DEP HDD CDD WTR SNW DPTH SPD SPD DIR MIN PSBL S-S WX SPD DR
================================================================================
1 89 60 75 3 0 10 0.00 0.0 0 6.8 16 310 M M 0 20 280
2 90 60 75 3 0 10 0.00 0.0 0 6.6 14 300 M M 1 21 360
3 89 63 76 4 0 11 0.00 0.0 0 6.9 14 320 M M 2 20 310
4 85 63 74 2 0 9 0.00 0.0 0 5.4 14 310 M M 5 8 19 360
5 84 69 77 5 0 12 T 0.0 0 4.5 15 300 M M 8 18 320
6 83 67 75 3 0 10 0.01 0.0 0 5.8 14 320 M M 6 18 320
7 85 67 76 4 0 11 0.00 0.0 0 5.6 14 320 M M 7 8 19 350
8 87 63 75 3 0 10 0.00 0.0 0 6.0 14 310 M M 3 17 310
9 84 64 74 3 0 9 0.00 0.0 0 5.7 15 350 M M 6 21 350
10 79 64 72 1 0 7 0.00 0.0 0 7.4 17 310 M M 5 26 300
11 87 62 75 4 0 10 0.00 0.0 0 6.6 14 300 M M 1 18 280
12 91 63 77 6 0 12 0.00 0.0 0 7.6 20 310 M M 2 26 320
13 101 68 85 14 0 20 0.00 0.0 0 6.6 17 290 M M 2 24 300
14 108 68 88 17 0 23 0.00 0.0 0 6.0 15 280 M M 1 20 320
15 103 73 88 17 0 23 0.00 0.0 0 4.6 9 310 M M 4 13 10
16 103 71 87 16 0 22 0.00 0.0 0 5.0 10 310 M M 2 13 350
17 93 66 80 9 0 15 0.00 0.0 0 5.1 13 320 M M 6 16 320
18 82 60 71 1 0 6 0.00 0.0 0 6.9 16 320 M M 1 23 350
19 89 55 72 2 0 7 0.00 0.0 0 7.6 16 320 M M 1 22 310
20 88 60 74 4 0 9 0.00 0.0 0 6.2 16 330 M M 9 8 26 320
21 83 58 71 1 0 6 0.00 0.0 0 6.3 14 320 M M 6 19 330
22 77 61 69 -1 0 4 0.00 0.0 0 5.4 14 300 M M 5 17 310
23 79 59 69 -1 0 4 0.00 0.0 0 6.0 13 310 M M 5 18 340
24 94 58 76 6 0 11 T 0.0 0 6.7 22 90 M M 3 3 24 100
25 94 68 81 11 0 16 T 0.0 0 8.2 18 70 M M 4 3 25 70
26 94 64 79 9 0 14 0.00 0.0 0 4.4 12 200 M M 3 13 200
27 88 64 76 7 0 11 0.00 0.0 0 4.6 10 320 M M 3 14 320
28 71 64 68 -1 0 3 0.03 0.0 0 5.3 10 320 M M 9 1 15 320
29 75 64 70 1 0 5 0.02 0.0 0 4.7 12 360 M M 9 18 350
30 80 64 72 3 0 7 0.01 0.0 0 4.5 10 360 M M 8 14 360
31 66 62 64 -5 1 0 0.55 0.0 0 3.4 9 130 M M 10 18 11 130
================================================================================
SM 2701 1972 1 327 0.62 0.0 182.4 M 137
================================================================================
AV 87.1 63.6 5.9 FASTST M M 4 MAX(MPH)
MISC ----> 22 90 # 26 300
================================================================================
NOTES:
# LAST OF SEVERAL OCCURRENCES
COLUMN 17 PEAK WIND IN M.P.H.
PRELIMINARY LOCAL CLIMATOLOGICAL DATA (WS FORM: F-6) , PAGE 2
STATION: PORTLAND OR
MONTH: AUGUST
YEAR: 2023
LATITUDE: 45 35 N
LONGITUDE: 122 36 W
[TEMPERATURE DATA] [PRECIPITATION DATA] SYMBOLS USED IN COLUMN 16
AVERAGE MONTHLY: 75.4 TOTAL FOR MONTH: 0.62 1 = FOG OR MIST
DPTR FM NORMAL: 4.8 DPTR FM NORMAL: 0.08 2 = FOG REDUCING VISIBILITY
HIGHEST: 108 ON 14 GRTST 24HR 0.55 ON 31-31 TO 1/4 MILE OR LESS
LOWEST: 55 ON 19 3 = THUNDER
SNOW, ICE PELLETS, HAIL 4 = ICE PELLETS
TOTAL MONTH: 0.0 INCH 5 = HAIL
GRTST 24HR 0.0 6 = FREEZING RAIN OR DRIZZLE
GRTST DEPTH: 0 7 = DUSTSTORM OR SANDSTORM:
VSBY 1/2 MILE OR LESS
8 = SMOKE OR HAZE
[NO. OF DAYS WITH] [WEATHER - DAYS WITH] 9 = BLOWING SNOW
X = TORNADO
MAX 32 OR BELOW: 0 0.01 INCH OR MORE: 5
MAX 90 OR ABOVE: 10 0.10 INCH OR MORE: 1
MIN 32 OR BELOW: 0 0.50 INCH OR MORE: 1
MIN 0 OR BELOW: 0 1.00 INCH OR MORE: 0
[HDD (BASE 65) ]
TOTAL THIS MO. 1 CLEAR (SCALE 0-3) 13
DPTR FM NORMAL -6 PTCLDY (SCALE 4-7) 14
TOTAL FM JUL 1 1 CLOUDY (SCALE 8-10) 4
DPTR FM NORMAL -11
[CDD (BASE 65) ]
TOTAL THIS MO. 327
DPTR FM NORMAL 146 [PRESSURE DATA]
TOTAL FM JAN 1 791 HIGHEST SLP 30.24 ON 6
DPTR FM NORMAL 360 LOWEST SLP 29.73 ON 17
[REMARKS]
#FINAL-08-23#