000
CXUS54 KMAF 011210
CF6PEQ
PRELIMINARY LOCAL CLIMATOLOGICAL DATA (WS FORM: F-6)
STATION: PECOS MUNICIPAL AIRPORT
MONTH: JANUARY
YEAR: 2024
LATITUDE: 31 22 N
LONGITUDE: 103 31 W
TEMPERATURE IN F: :PCPN: SNOW: WIND :SUNSHINE: SKY :PK WND
================================================================================
1 2 3 4 5 6A 6B 7 8 9 10 11 12 13 14 15 16 17 18
12Z AVG MX 2MIN
DY MAX MIN AVG DEP HDD CDD WTR SNW DPTH SPD SPD DIR MIN PSBL S-S WX SPD DR
================================================================================
1 53 28 41 M 24 0 M M M 3.1 8 100 M M 0 M M
2 54 35 45 M 20 0 M M M 4.2 12 330 M M 4 20 330
3 58 28 43 M 22 0 M M M 3.5 10 70 M M 0 M M
4 54 35 45 M 20 0 M M M 12.4 23 230 M M 2 8 41 0
5 59 37 48 M 17 0 M M M 13.9 28 260 M M 0 32 260
6 58 31 45 M 20 0 M M M 8.5 21 290 M M 1 24 270
7 67 19 43 M 22 0 M M M 10.7 30 150 M M 0 35 150
8 52 35 44 M 21 0 M M M 21.4 40 250 M M 2 8 49 250
9 56 27 42 M 23 0 M M M 11.5 23 270 M M 0 31 270
10 70 40 55 M 10 0 M M M 12.8 22 250 M M 0 33 280
11 71 28 50 M 15 0 M M M 16.7 43 270 M M 2 8 52 270
12 60 34 47 M 18 0 M M M 17.0 36 260 M M 0 43 260
13 70 33 52 M 13 0 M M M 14.9 26 250 M M 0 35 250
14 38 19 29 M 36 0 M M M 8.9 15 60 M M 0 24 60
15 41 17 29 M 36 0 M M M 8.9 21 30 M M 3 26 30
16 33 11 22 M 43 0 M M M 4.9 9 70 M M 0 M M
17 65 13 39 M 26 0 M M M 2.9 8 210 M M 0 14 0
18 77 46 62 M 3 0 M M M 14.4 28 280 M M 0 38 280
19 50 27 39 M 26 0 M M M 6.8 21 360 M M 2 26 360
20 41 22 32 M 33 0 M M M 8.4 12 90 M M 0 16 80
21 48 33 41 M 24 0 M M M 4.7 12 80 M M 3 9 90
22 39 31 35 M 30 0 M M M 1.6 6 270 M M 4 M M
23 M M M M M M M M M M M M M M M M M
24 M M M M M M M M M M M M M M M M M
25 M M M M M M M M M M M M M M M M M
26 M M M M M M M M M M M M M M M M M
27 M M M M M M M M M M M M M M M M M
28 M M M M M M M M M M M M M M M M M
29 M M M M M M M M M M M M M M M M M
30 M M M M M M M M M M M M M M M M M
31 M M M M M M M M M M M M M M M M M
================================================================================
SM 1214 629 502 0 M M 212.1 M 23
================================================================================
AV 55.2 28.6 9.6 FASTST M M 1 MAX(MPH)
MISC ----> 43 270 52 270
================================================================================
NOTES:
# LAST OF SEVERAL OCCURRENCES
COLUMN 17 PEAK WIND IN M.P.H.
PRELIMINARY LOCAL CLIMATOLOGICAL DATA (WS FORM: F-6) , PAGE 2
STATION: PECOS MUNICIPAL AIRPORT
MONTH: JANUARY
YEAR: 2024
LATITUDE: 31 22 N
LONGITUDE: 103 31 W
[TEMPERATURE DATA] [PRECIPITATION DATA] SYMBOLS USED IN COLUMN 16
AVERAGE MONTHLY: 41.9 TOTAL FOR MONTH: M 1 = FOG OR MIST
DPTR FM NORMAL: 0.0 DPTR FM NORMAL: M 2 = FOG REDUCING VISIBILITY
HIGHEST: 77 ON 18 GRTST 24HR 0.12 ON 26-26 TO 1/4 MILE OR LESS
LOWEST: 11 ON 16 3 = THUNDER
SNOW, ICE PELLETS, HAIL 4 = ICE PELLETS
TOTAL MONTH: M 5 = HAIL
GRTST 24HR M ON M 6 = FREEZING RAIN OR DRIZZLE
GRTST DEPTH: M ON M 7 = DUSTSTORM OR SANDSTORM:
VSBY 1/2 MILE OR LESS
8 = SMOKE OR HAZE
[NO. OF DAYS WITH] [WEATHER - DAYS WITH] 9 = BLOWING SNOW
X = TORNADO
MAX 32 OR BELOW: 0 0.01 INCH OR MORE: 0
MAX 90 OR ABOVE: 0 0.10 INCH OR MORE: 0
MIN 32 OR BELOW: 13 0.50 INCH OR MORE: 0
MIN 0 OR BELOW: 0 1.00 INCH OR MORE: 0
[HDD (BASE 65) ]
TOTAL THIS MO. 502 CLEAR (SCALE 0-3) 19
DPTR FM NORMAL M PTCLDY (SCALE 4-7) 3
TOTAL FM JUL 1 1344 CLOUDY (SCALE 8-10) 9
DPTR FM NORMAL M
[CDD (BASE 65) ]
TOTAL THIS MO. 0
DPTR FM NORMAL M [PRESSURE DATA]
TOTAL FM JAN 1 0 HIGHEST SLP M ON M
DPTR FM NORMAL M LOWEST SLP M ON M
[REMARKS]
#FINAL-01-24#