000
CXUS51 KPBZ 010830
CF6PHD
PRELIMINARY LOCAL CLIMATOLOGICAL DATA (WS FORM: F-6)
STATION: NEW PHILADELPHIA OH
MONTH: JANUARY
YEAR: 2021
LATITUDE: 40 28 N
LONGITUDE: 81 25 W
TEMPERATURE IN F: :PCPN: SNOW: WIND :SUNSHINE: SKY :PK WND
================================================================================
1 2 3 4 5 6A 6B 7 8 9 10 11 12 13 14 15 16 17 18
12Z AVG MX 2MIN
DY MAX MIN AVG DEP HDD CDD WTR SNW DPTH SPD SPD DIR MIN PSBL S-S WX SPD DR
================================================================================
1 51 26 39 10 26 0 0.73 M M 5.6 20 250 M M 7 16 36 140
2 51 38 45 16 20 0 0.02 M M 6.3 20 260 M M 10 1 27 250
3 42 36 39 10 26 0 0.14 M M 3.5 13 280 M M 10 1 16 290
4 36 33 35 6 30 0 0.01 M M 1.0 7 300 M M 10 1 9 240
5 35 32 34 5 31 0 T M M 1.7 12 320 M M 10 18 15 320
6 37 33 35 6 30 0 T M M 5.6 10 330 M M 10 1 13 330
7 35 31 33 4 32 0 T M M 4.8 13 360 M M 10 1 18 350
8 38 27 33 4 32 0 0.00 M M 7.9 13 330 M M 9 17 340
9 39 22 31 2 34 0 0.00 M M 3.6 10 330 M M 3 13 340
10 43 20 32 3 33 0 0.00 M M 1.2 6 290 M M 0 1 7 100
11 35 27 31 2 34 0 0.00 M M 3.7 10 210 M M 8 18 17 210
12 28 23 26 -3 39 0 0.00 M M 5.2 12 210 M M 9 18 17 220
13 43 23 33 4 32 0 0.00 M M 5.3 13 180 M M 4 18 17 170
14 45 35 40 11 25 0 0.00 M M 4.5 14 160 M M 4 18 190
15 45 26 36 7 29 0 0.24 M M 3.7 10 240 M M 5 12 17 250
16 34 24 29 0 36 0 T M M 3.1 10 260 M M 10 12 16 260
17 36 31 34 5 31 0 0.05 M M 4.6 10 230 M M 10 1 16 240
18 32 30 31 2 34 0 T M M 5.8 14 260 M M 10 1 21 270
19 38 28 33 4 32 0 0.00 M M 6.8 15 270 M M 7 23 260
20 34 25 30 1 35 0 T M M 7.9 21 300 M M 8 28 270
21 45 26 36 7 29 0 0.00 M M 8.8 21 260 M M 1 29 230
22 37 25 31 2 34 0 T M M 8.9 17 300 M M 8 1 23 320
23 28 18 23 -6 42 0 T M M 6.4 16 340 M M 4 23 310
24 30 18 24 -5 41 0 T M M 5.2 12 120 M M 8 1 14 140
25 35 27 31 2 34 0 T M M 2.6 10 50 M M 9 1 16 30
26 41 33 37 8 28 0 0.12 M M 7.0 15 300 M M 10 12 22 240
27 33 26 30 1 35 0 T M M 7.4 14 340 M M 9 18 21 310
28 26 20 23 -7 42 0 T M M 10.5 16 330 M M 10 18 21 330
29 28 16 22 -8 43 0 T M M 4.9 13 320 M M 5 18 270
30 31 11 21 -9 44 0 0.00 M M 4.4 13 120 M M 3 16 120
31 34 27 31 1 34 0 0.30 M M 7.4 13 80 M M 10 1 18 80
================================================================================
SM 1145 817 1027 0 1.61 M 165.3 M 231
================================================================================
AV 36.9 26.4 5.3 FASTST M M 7 MAX(MPH)
MISC ----> # 21 300 36 140
================================================================================
NOTES:
# LAST OF SEVERAL OCCURRENCES
COLUMN 17 PEAK WIND IN M.P.H.
PRELIMINARY LOCAL CLIMATOLOGICAL DATA (WS FORM: F-6) , PAGE 2
STATION: NEW PHILADELPHIA OH
MONTH: JANUARY
YEAR: 2021
LATITUDE: 40 28 N
LONGITUDE: 81 25 W
[TEMPERATURE DATA] [PRECIPITATION DATA] SYMBOLS USED IN COLUMN 16
AVERAGE MONTHLY: 31.6 TOTAL FOR MONTH: 1.61 1 = FOG OR MIST
DPTR FM NORMAL: 2.5 DPTR FM NORMAL: -0.76 2 = FOG REDUCING VISIBILITY
HIGHEST: 51 ON 2, 1 GRTST 24HR 0.73 ON 1- 1 TO 1/4 MILE OR LESS
LOWEST: 11 ON 30 3 = THUNDER
SNOW, ICE PELLETS, HAIL 4 = ICE PELLETS
TOTAL MONTH: M 5 = HAIL
GRTST 24HR M ON M 6 = FREEZING RAIN OR DRIZZLE
GRTST DEPTH: M ON M 7 = DUSTSTORM OR SANDSTORM:
VSBY 1/2 MILE OR LESS
8 = SMOKE OR HAZE
[NO. OF DAYS WITH] [WEATHER - DAYS WITH] 9 = BLOWING SNOW
X = TORNADO
MAX 32 OR BELOW: 7 0.01 INCH OR MORE: 8
MAX 90 OR ABOVE: 0 0.10 INCH OR MORE: 5
MIN 32 OR BELOW: 25 0.50 INCH OR MORE: 1
MIN 0 OR BELOW: 0 1.00 INCH OR MORE: 0
[HDD (BASE 65) ]
TOTAL THIS MO. 1027 CLEAR (SCALE 0-3) 3
DPTR FM NORMAL -84 PTCLDY (SCALE 4-7) 12
TOTAL FM JUL 1 2941 CLOUDY (SCALE 8-10) 16
DPTR FM NORMAL -332
[CDD (BASE 65) ]
TOTAL THIS MO. 0
DPTR FM NORMAL 0 [PRESSURE DATA]
TOTAL FM JAN 1 0 HIGHEST SLP M ON M
DPTR FM NORMAL 0 LOWEST SLP 29.56 ON 15
[REMARKS]
#FINAL-01-21#