000
CXUS51 KPHI 010915
CF6PHL
PRELIMINARY LOCAL CLIMATOLOGICAL DATA (WS FORM: F-6)
STATION: PHILADELPHIA PA
MONTH: NOVEMBER
YEAR: 2022
LATITUDE: 39 52 N
LONGITUDE: 75 15 W
TEMPERATURE IN F: :PCPN: SNOW: WIND :SUNSHINE: SKY :PK WND
================================================================================
1 2 3 4 5 6A 6B 7 8 9 10 11 12 13 14 15 16 17 18
12Z AVG MX 2MIN
DY MAX MIN AVG DEP HDD CDD WTR SNW DPTH SPD SPD DIR MIN PSBL S-S WX SPD DR
================================================================================
1 74 58 66 14 0 1 0.13 0.0 0 7.1 17 260 M M 7 1 22 260
2 71 51 61 9 4 0 0.00 0.0 0 5.1 14 80 M M 3 23 360
3 72 45 59 7 6 0 0.00 0.0 0 2.9 12 90 M M 2 1 14 70
4 73 47 60 9 5 0 0.00 0.0 0 2.8 10 160 M M 6 128 13 160
5 78 56 67 16 0 2 0.00 0.0 0 8.2 21 200 M M 7 1 27 180
6 77 67 72 22 0 7 T 0.0 0 9.5 20 210 M M 8 30 200
7 79 56 68 18 0 3 0.00 0.0 0 10.0 24 360 M M 4 30 10
8 61 46 54 4 11 0 0.00 0.0 0 13.2 25 20 M M 5 32 360
9 59 40 50 1 15 0 0.00 0.0 0 6.7 18 40 M M 1 25 30
10 70 43 57 8 8 0 0.00 0.0 0 2.4 12 200 M M 4 15 210
11 72 57 65 16 0 0 0.44 0.0 0 8.7 20 170 M M 9 1 26 170
12 71 60 66 18 0 1 0.07 0.0 0 10.9 25 230 M M 7 32 270
13 62 42 52 4 13 0 0.05 0.0 0 15.8 26 320 M M 6 36 310
14 48 35 42 -6 23 0 0.00 0.0 0 8.5 21 340 M M 2 25 320
15 46 33 40 -7 25 0 1.10 0.0 0 9.5 20 40 M M 8 1 26 40
16 53 40 47 0 18 0 0.21 0.0 0 13.2 25 290 M M 8 1 31 290
17 45 36 41 -6 24 0 0.00 0.0 0 15.4 25 290 M M 4 32 320
18 46 32 39 -7 26 0 T 0.0 0 13.3 26 260 M M 3 31 270
19 44 31 38 -8 27 0 0.00 0.0 0 10.4 22 240 M M 2 27 260
20 38 27 33 -13 32 0 0.00 0.0 0 15.4 32 300 M M 2 43 310
21 44 26 35 -11 30 0 0.00 0.0 0 8.1 17 210 M M 1 22 190
22 54 32 43 -2 22 0 0.00 0.0 0 4.9 13 220 M M 2 18 240
23 59 33 46 1 19 0 0.00 0.0 0 4.2 12 290 M M 0 17 300
24 58 35 47 2 18 0 0.00 0.0 0 3.4 8 190 M M 3 11 40
25 59 39 49 5 16 0 0.05 0.0 0 10.0 26 300 M M 7 1 35 310
26 58 37 48 4 17 0 0.00 0.0 0 8.8 21 320 M M 2 27 320
27 63 42 53 9 12 0 0.39 0.0 0 8.5 25 240 M M 9 1 31 250
28 56 41 49 6 16 0 T 0.0 0 12.2 30 330 M M 6 34 310
29 49 35 42 -1 23 0 0.00 0.0 0 3.3 10 90 M M 7 13 80
30 57 38 48 5 17 0 0.45 0.0 0 11.6 28 270 M M 9 1 37 290
================================================================================
SM 1796 1260 427 14 2.89 0.0 264.0 M 144
================================================================================
AV 59.9 42.0 8.8 FASTST M M 5 MAX(MPH)
MISC ----> 32 300 43 310
================================================================================
NOTES:
# LAST OF SEVERAL OCCURRENCES
COLUMN 17 PEAK WIND IN M.P.H.
PRELIMINARY LOCAL CLIMATOLOGICAL DATA (WS FORM: F-6) , PAGE 2
STATION: PHILADELPHIA PA
MONTH: NOVEMBER
YEAR: 2022
LATITUDE: 39 52 N
LONGITUDE: 75 15 W
[TEMPERATURE DATA] [PRECIPITATION DATA] SYMBOLS USED IN COLUMN 16
AVERAGE MONTHLY: 50.9 TOTAL FOR MONTH: 2.89 1 = FOG OR MIST
DPTR FM NORMAL: 3.5 DPTR FM NORMAL: -0.02 2 = FOG REDUCING VISIBILITY
HIGHEST: 79 ON 7 GRTST 24HR 1.31 ON 15-16 TO 1/4 MILE OR LESS
LOWEST: 26 ON 21 3 = THUNDER
SNOW, ICE PELLETS, HAIL 4 = ICE PELLETS
TOTAL MONTH: 0.0 INCH 5 = HAIL
GRTST 24HR 0.0 6 = FREEZING RAIN OR DRIZZLE
GRTST DEPTH: 0 7 = DUSTSTORM OR SANDSTORM:
VSBY 1/2 MILE OR LESS
8 = SMOKE OR HAZE
[NO. OF DAYS WITH] [WEATHER - DAYS WITH] 9 = BLOWING SNOW
X = TORNADO
MAX 32 OR BELOW: 0 0.01 INCH OR MORE: 9
MAX 90 OR ABOVE: 0 0.10 INCH OR MORE: 6
MIN 32 OR BELOW: 5 0.50 INCH OR MORE: 1
MIN 0 OR BELOW: 0 1.00 INCH OR MORE: 1
[HDD (BASE 65) ]
TOTAL THIS MO. 427 CLEAR (SCALE 0-3) 9
DPTR FM NORMAL -103 PTCLDY (SCALE 4-7) 17
TOTAL FM JUL 1 684 CLOUDY (SCALE 8-10) 4
DPTR FM NORMAL -112
[CDD (BASE 65) ]
TOTAL THIS MO. 14
DPTR FM NORMAL 13 [PRESSURE DATA]
TOTAL FM JAN 1 1743 HIGHEST SLP 30.66 ON 9
DPTR FM NORMAL 384 LOWEST SLP 29.40 ON 27
[REMARKS]
#FINAL-11-22#