000
CXUS55 KPSR 011005
CF6PHX
PRELIMINARY LOCAL CLIMATOLOGICAL DATA (WS FORM: F-6)
STATION: PHOENIX AZ
MONTH: MARCH
YEAR: 2022
LATITUDE: 33 25 N
LONGITUDE: 112 1 W
TEMPERATURE IN F: :PCPN: SNOW: WIND :SUNSHINE: SKY :PK WND
================================================================================
1 2 3 4 5 6A 6B 7 8 9 10 11 12 13 14 15 16 17 18
12Z AVG MX 2MIN
DY MAX MIN AVG DEP HDD CDD WTR SNW DPTH SPD SPD DIR MIN PSBL S-S WX SPD DR
================================================================================
1 84 51 68 5 0 3 0.00 0.0 0 2.8 9 260 M M 1 14 310
2 87 52 70 7 0 5 0.00 0.0 0 4.1 10 90 M M 3 14 100
3 88 59 74 11 0 9 0.00 0.0 0 6.8 18 270 M M 5 29 280
4 74 57 66 3 0 1 0.09 0.0 0 10.8 22 260 M M 5 30 270
5 71 53 62 -2 3 0 0.00 0.0 0 11.1 25 280 M M 5 34 260
6 64 45 55 -9 10 0 0.00 0.0 0 5.9 21 270 M M 2 28 280
7 69 45 57 -7 8 0 0.00 0.0 0 6.5 24 270 M M 2 33 270
8 66 44 55 -9 10 0 0.00 0.0 0 4.7 12 270 M M 0 20 330
9 72 45 59 -6 6 0 0.00 0.0 0 6.9 17 280 M M 0 22 280
10 71 47 59 -6 6 0 0.00 0.0 0 11.2 31 290 M M 3 44 300
11 71 45 58 -7 7 0 0.00 0.0 0 5.6 13 20 M M 1 17 20
12 77 47 62 -3 3 0 0.00 0.0 0 5.6 15 70 M M 1 22 310
13 80 49 65 -1 0 0 0.00 0.0 0 5.6 16 230 M M 2 21 230
14 82 50 66 0 0 1 0.00 0.0 0 5.3 13 90 M M 2 21 50
15 86 54 70 4 0 5 0.00 0.0 0 4.3 12 270 M M 1 21 330
16 85 58 72 6 0 7 0.00 0.0 0 12.4 29 360 M M 3 37 10
17 80 59 70 3 0 5 0.00 0.0 0 5.2 22 350 M M 1 30 340
18 84 54 69 2 0 4 0.00 0.0 0 5.5 15 260 M M 2 22 270
19 86 55 71 4 0 6 0.00 0.0 0 5.5 12 150 M M 6 16 150
20 75 60 68 1 0 3 0.00 0.0 0 10.8 26 270 M M 7 3 35 240
21 77 57 67 -1 0 2 0.00 0.0 0 11.8 21 260 M M 3 32 340
22 81 53 67 -1 0 2 0.00 0.0 0 5.6 18 70 M M 3 29 50
23 81 60 71 3 0 6 0.00 0.0 0 9.3 28 30 M M 1 38 40
24 86 54 70 2 0 5 0.00 0.0 0 5.5 13 280 M M 1 19 320
25 96 60 78 10 0 13 0.00 0.0 0 5.1 12 110 M M 5 20 330
26 93 64 79 10 0 14 0.00 0.0 0 5.5 12 130 M M 7 19 340
27 95 61 78 9 0 13 0.00 0.0 0 7.9 21 180 M M 4 28 150
28 83 65 74 5 0 9 0.02 0.0 0 10.4 35 220 M M 8 48 240
29 71 56 64 -5 1 0 0.04 0.0 0 10.7 28 260 M M 6 3 37 240
30 80 54 67 -3 0 2 0.00 0.0 0 6.4 18 290 M M 3 24 240
31 83 58 71 1 0 6 0.00 0.0 M 6.3 14 210 M M 5 24 350
================================================================================
SM 2478 1671 54 121 0.15 0.0 221.1 M 98
================================================================================
AV 79.9 53.9 7.1 FASTST M M 3 MAX(MPH)
MISC ----> 35 220 48 240
================================================================================
NOTES:
# LAST OF SEVERAL OCCURRENCES
COLUMN 17 PEAK WIND IN M.P.H.
PRELIMINARY LOCAL CLIMATOLOGICAL DATA (WS FORM: F-6) , PAGE 2
STATION: PHOENIX AZ
MONTH: MARCH
YEAR: 2022
LATITUDE: 33 25 N
LONGITUDE: 112 1 W
[TEMPERATURE DATA] [PRECIPITATION DATA] SYMBOLS USED IN COLUMN 16
AVERAGE MONTHLY: 66.9 TOTAL FOR MONTH: 0.15 1 = FOG OR MIST
DPTR FM NORMAL: 0.6 DPTR FM NORMAL: -0.68 2 = FOG REDUCING VISIBILITY
HIGHEST: 96 ON 25 GRTST 24HR 0.09 ON 4- 4 TO 1/4 MILE OR LESS
LOWEST: 44 ON 8 3 = THUNDER
SNOW, ICE PELLETS, HAIL 4 = ICE PELLETS
TOTAL MONTH: 0.0 INCH 5 = HAIL
GRTST 24HR 0.0 6 = FREEZING RAIN OR DRIZZLE
GRTST DEPTH: 0 7 = DUSTSTORM OR SANDSTORM:
VSBY 1/2 MILE OR LESS
8 = SMOKE OR HAZE
[NO. OF DAYS WITH] [WEATHER - DAYS WITH] 9 = BLOWING SNOW
X = TORNADO
MAX 32 OR BELOW: 0 0.01 INCH OR MORE: 3
MAX 90 OR ABOVE: 3 0.10 INCH OR MORE: 0
MIN 32 OR BELOW: 0 0.50 INCH OR MORE: 0
MIN 0 OR BELOW: 0 1.00 INCH OR MORE: 0
[HDD (BASE 65) ]
TOTAL THIS MO. 54 CLEAR (SCALE 0-3) 18
DPTR FM NORMAL -11 PTCLDY (SCALE 4-7) 12
TOTAL FM JUL 1 626 CLOUDY (SCALE 8-10) 1
DPTR FM NORMAL -232
[CDD (BASE 65) ]
TOTAL THIS MO. 121
DPTR FM NORMAL 16 [PRESSURE DATA]
TOTAL FM JAN 1 129 HIGHEST SLP 30.24 ON 11
DPTR FM NORMAL 6 LOWEST SLP 29.63 ON 31
[REMARKS]
#FINAL-03-22#