276
CXUS55 KPIH 012204
CF6PIH
PRELIMINARY LOCAL CLIMATOLOGICAL DATA (WS FORM: F-6)
STATION: POCATELLO ID
MONTH: MARCH
YEAR: 2021
LATITUDE: 42 55 N
LONGITUDE: 112 36 W
TEMPERATURE IN F: :PCPN: SNOW: WIND :SUNSHINE: SKY :PK WND
================================================================================
1 2 3 4 5 6A 6B 7 8 9 10 11 12 13 14 15 16 17 18
12Z AVG MX 2MIN
DY MAX MIN AVG DEP HDD CDD WTR SNW DPTH SPD SPD DIR MIN PSBL S-S WX SPD DR
================================================================================
1 41 15 28 -5 37 0 0.00 0.0 T 4.2 15 200 M M 1 20 180
2 48 16 32 -1 33 0 0.00 0.0 T 4.4 12 360 M M 0 14 350
3 49 18 34 0 31 0 0.00 0.0 T 5.4 14 30 M M 0 19 20
4 53 20 37 3 28 0 0.00 0.0 0 6.1 15 260 M M 0 19 260
5 59 21 40 6 25 0 0.00 0.0 0 4.8 10 330 M M 0 15 190
6 59 25 42 7 23 0 0.00 0.0 0 15.2 39 270 M M 1 51 260
7 54 25 40 5 25 0 0.00 0.0 0 4.9 15 300 M M 0 19 300
8 55 24 40 4 25 0 0.10 0.3 0 8.2 25 280 M M 3 1 35 290
9 42 28 35 -1 30 0 0.05 0.3 T 7.6 25 280 M M 5 12 30 280
10 46 21 34 -2 31 0 0.00 0.0 0 6.7 15 250 M M 1 21 270
11 47 18 33 -4 32 0 0.00 0.0 0 8.7 17 40 M M 0 23 40
12 49 13 31 -6 34 0 0.00 0.0 0 5.4 17 10 M M 0 24 20
13 52 13 33 -4 32 0 0.00 0.0 0 5.5 13 210 M M 1 19 210
14 57 25 41 3 24 0 0.00 0.0 0 7.6 15 240 M M 0 20 260
15 60 27 44 6 21 0 0.00 0.0 0 5.5 16 40 M M 1 21 30
16 54 26 40 2 25 0 0.00 0.0 0 9.7 18 230 M M 3 24 230
17 57 24 41 3 24 0 0.00 0.0 0 5.0 15 160 M M 3 19 160
18 63 28 46 7 19 0 0.00 0.0 0 7.5 18 170 M M 1 34 190
19 62 36 49 10 16 0 0.08 0.0 0 8.1 21 300 M M 4 27 290
20 44 32 38 -1 27 0 0.82 1.7 T 14.1 25 240 M M 8 18 32 250
21 44 25 35 -5 30 0 0.05 0.7 1 10.6 18 250 M M 5 1 23 250
22 39 30 35 -5 30 0 0.06 T 0 12.3 23 230 M M 8 1 30 230
23 48 29 39 -1 26 0 T 0.2 T 9.9 26 20 M M 7 1 35 20
24 44 24 34 -6 31 0 0.00 0.0 0 13.3 22 250 M M 4 29 270
25 41 32 37 -4 28 0 0.06 0.1 0 7.7 20 180 M M 10 18 26 180
26 48 31 40 -1 25 0 0.05 0.2 T 14.1 23 260 M M 9 1 30 260
27 54 29 42 1 23 0 0.00 0.0 0 10.4 18 230 M M 1 24 230
28 67 40 54 13 11 0 0.00 0.0 0 18.9 32 190 M M 0 41 190
29 58 21 40 -2 25 0 T T 0 27.2 44 270 M M 6 78 60 250
30 44 17 31 -11 34 0 0.00 0.0 0 13.2 25 240 M M 2 31 230
31 53 20 37 -5 28 0 0.00 0.0 0 5.3 18 220 M M 0 25 230
================================================================================
SM 1591 753 833 0 1.27 3.5 287.5 M 84
================================================================================
AV 51.3 24.3 9.3 FASTST M M 3 MAX(MPH)
MISC ----> 44 270 60 250
================================================================================
NOTES:
# LAST OF SEVERAL OCCURRENCES
SNOWFALL/DEPTH ALWAYS AUGMENTED BY WFO POCATELLO
COLUMN 17 PEAK WIND IN M.P.H.
PRELIMINARY LOCAL CLIMATOLOGICAL DATA (WS FORM: F-6) , PAGE 2
STATION: POCATELLO ID
MONTH: MARCH
YEAR: 2021
LATITUDE: 42 55 N
LONGITUDE: 112 36 W
[TEMPERATURE DATA] [PRECIPITATION DATA] SYMBOLS USED IN COLUMN 16
AVERAGE MONTHLY: 37.8 TOTAL FOR MONTH: 1.27 1 = FOG OR MIST
DPTR FM NORMAL: -0.2 DPTR FM NORMAL: 0.01 2 = FOG REDUCING VISIBILITY
HIGHEST: 67 ON 28 GRTST 24HR 0.82 ON 20-20 TO 1/4 MILE OR LESS
LOWEST: 13 ON 13,12 3 = THUNDER
SNOW, ICE PELLETS, HAIL 4 = ICE PELLETS
TOTAL MONTH: 3.5 INCHES 5 = HAIL
GRTST 24HR 1.7 ON 20-20 6 = FREEZING RAIN OR DRIZZLE
GRTST DEPTH: 1 ON 21 7 = DUSTSTORM OR SANDSTORM:
VSBY 1/2 MILE OR LESS
8 = SMOKE OR HAZE
[NO. OF DAYS WITH] [WEATHER - DAYS WITH] 9 = BLOWING SNOW
X = TORNADO
MAX 32 OR BELOW: 0 0.01 INCH OR MORE: 8
MAX 90 OR ABOVE: 0 0.10 INCH OR MORE: 2
MIN 32 OR BELOW: 29 0.50 INCH OR MORE: 1
MIN 0 OR BELOW: 0 1.00 INCH OR MORE: 0
[HDD (BASE 65) ]
TOTAL THIS MO. 833 CLEAR (SCALE 0-3) 21
DPTR FM NORMAL -6 PTCLDY (SCALE 4-7) 8
TOTAL FM JUL 1 5698 CLOUDY (SCALE 8-10) 2
DPTR FM NORMAL -413
[CDD (BASE 65) ]
TOTAL THIS MO. 0
DPTR FM NORMAL 0 [PRESSURE DATA]
TOTAL FM JAN 1 0 HIGHEST SLP 30.57 ON 31
DPTR FM NORMAL 0 LOWEST SLP 29.58 ON 29
[REMARKS]
20TH: PRECIPITATION OF 0.82 BREAKS OLD RECORD OF 0.74 INCHES SET IN 1946.
#FINAL-03-21#