000
CXUS51 KPBZ 061748
CLMPIT
CLIMATE REPORT
NATIONAL WEATHER SERVICE PITTSBURGH PA
137 PM EDT THU JUL 6 2023
...................................
...THE PITTSBURGH PA CLIMATE SUMMARY FOR THE MONTH OF JULY 2020...
CLIMATE NORMAL PERIOD 1981 TO 2010
CLIMATE RECORD PERIOD 1871 TO 2019
WEATHER OBSERVED NORMAL DEPART LAST YEAR`S
VALUE DATE(S) VALUE FROM VALUE DATE(S)
NORMAL
................................................................
TEMPERATURE (F)
RECORD
HIGH 103 07/16/1988
07/10/1881
LOW 42 07/09/1963
HIGHEST 94 07/06 MM MM 90 07/20
07/02
LOWEST 56 07/14 MM MM 56 07/24
07/9999 07/01
07/9999
AVG. MAXIMUM 87.5 82.5 5.0 84.0
AVG. MINIMUM 67.1 62.8 4.3 65.9
MEAN 77.3 72.6 4.7 75.0
DAYS MAX >= 90 0 3.0 -3.0 2
DAYS MAX <= 32 0 0.0 0.0 0
DAYS MIN <= 32 0 0.0 0.0 0
DAYS MIN <= 0 0 0.0 0.0 0
PRECIPITATION (INCHES)
RECORD
MAXIMUM 9.51 1887
MINIMUM 1.16 1894
TOTALS 3.10 3.83 -0.73 6.92
DAILY AVG. MM 0.12 MM 0.22
DAYS >= .01 0 10.2 -10.2 13
DAYS >= .10 0 6.8 -6.8 11
DAYS >= .50 0 2.6 -2.6 5
DAYS >= 1.00 0 0.9 -0.9 1
GREATEST
24 HR. TOTAL 0.89 07/23 TO 07/23 2.32
STORM TOTAL MM MM
(MM/DD(HH)) MM
SNOWFALL (INCHES)
RECORDS
TOTAL 0.0 MM
24 HR TOTAL 0.0 07/31/2002 TO 07/31/2002
07/01/2001 TO 07/01/2001
TOTALS MM 0.0 MM 0.0
SINCE 7/1 MM 0.0 MM 0.0
SNOWDEPTH AVG. MM MM MM 0
DAYS >= TRACE 19998
DAYS >= 1.0 MM 0.0 MM 0
GREATEST
24 HR TOTAL MM 0.0
DEGREE_DAYS
HEATING TOTAL 0 4 -4 0
SINCE 7/1 MM 4 MM 0
COOLING TOTAL 389 241 148 316
SINCE 1/1 MM 443 MM 537
.................................................................
WIND (MPH)
AVERAGE WIND SPEED MM
HIGHEST WIND SPEED/DIRECTION MM DATE MM
HIGHEST GUST SPEED/DIRECTION MM DATE MM
SKY COVER
POSSIBLE SUNSHINE (PERCENT) MM
AVERAGE SKY COVER MM
NUMBER OF DAYS FAIR MM
NUMBER OF DAYS PC MM
NUMBER OF DAYS CLOUDY MM
AVERAGE RH (PERCENT) MM
WEATHER CONDITIONS. NUMBER OF DAYS WITH
THUNDERSTORM MM MIXED PRECIP MM
HEAVY RAIN MM RAIN MM
LIGHT RAIN MM FREEZING RAIN MM
LT FREEZING RAIN MM HAIL MM
HEAVY SNOW MM SNOW MM
LIGHT SNOW MM SLEET MM
FOG MM FOG W/VIS <= 1/4 MILE MM
HAZE MM
- INDICATES NEGATIVE NUMBERS.
R INDICATES RECORD WAS SET OR TIED.
MM INDICATES DATA IS MISSING.
T INDICATES TRACE AMOUNT.
$$