000
CXUS51 KRLX 020143
CLMPKB
CLIMATE REPORT
NATIONAL WEATHER SERVICE CHARLESTON WV
943 PM EDT SAT JUL 01 2023
...................................
...THE PARKERSBURG WV CLIMATE SUMMARY FOR THE MONTH OF JUNE 2023...
CLIMATE NORMAL PERIOD: 1991 TO 2020
CLIMATE RECORD PERIOD: 1926 TO 2023
WEATHER OBSERVED NORMAL DEPART LAST YEAR`S
VALUE DATE(S) VALUE FROM VALUE
NORMAL
..............................................................
TEMPERATURE (F)
RECORD
HIGH 100 06/25/1988
LOW 36 06/11/1972
HIGHEST 92 06/03 93
LOWEST 41 06/08 43
AVG. MAXIMUM 79.6 82.1 -2.5 83.0
AVG. MINIMUM 55.5 59.9 -4.4 58.7
MEAN 67.6 71.0 -3.4 70.9
DAYS MAX >= 90 2 3.0 -1.0 6
DAYS MAX >= 80 13 19
DAYS MAX >= 100 0 0
DAYS MIN <= 32 0 0.0 0.0 0
PRECIPITATION (INCHES)
RECORD
MAXIMUM 13.20 1998
MINIMUM 0.45 1984
TOTALS 3.89 4.44 -0.55 3.27
DAILY AVG. 0.13 0.15 -0.02 0.11
DAYS >= .01 11 11.4 -0.4 13
DAYS >= .10 9 7.4 1.6 9
DAYS >= .50 3 3.0 0.0 2
DAYS >= 1.00 0 0.9 -0.9 0
GREATEST
24 HR. TOTAL 0.91 06/13 TO 06/14 0.76
DEGREE DAYS
HEATING TOTAL 23 17 6 7
SINCE 7/1 4389 4884 -495 MM
COOLING TOTAL 108 196 -88 193
SINCE 1/1 152 293 -141 MM
..............................................................
WIND (MPH)
AVERAGE WIND SPEED 4.0
HIGHEST WIND SPEED/DIRECTION 26/040 DATE 06/03
HIGHEST GUST SPEED/DIRECTION 38/030 DATE 06/03
SKY COVER
AVERAGE SKY COVER 0.43
NUMBER OF DAYS FAIR 12
NUMBER OF DAYS PC 12
NUMBER OF DAYS CLOUDY 6
AVERAGE RH (PERCENT) 71
WEATHER CONDITIONS. NUMBER OF DAYS WITH
THUNDERSTORM 4 MIXED PRECIP 0
HEAVY RAIN 3 RAIN 5
LIGHT RAIN 13 FREEZING RAIN 0
LT FREEZING RAIN 0 HAIL 0
HEAVY SNOW 0 SNOW 0
LIGHT SNOW 0 SLEET 0
FOG 23 FOG W/VIS <= 1/4 MILE 6
HAZE 12
- INDICATES NEGATIVE NUMBERS.
R INDICATES RECORD WAS SET OR TIED.
MM INDICATES DATA IS MISSING.
T INDICATES TRACE AMOUNT.
$$