000
CXUS56 KLOX 020043
CF6PMD
PRELIMINARY LOCAL CLIMATOLOGICAL DATA (WS FORM: F-6)
STATION: PALMDALE AIRPORT CA
MONTH: OCTOBER
YEAR: 2023
LATITUDE: 34 37 N
LONGITUDE: 118 5 W
TEMPERATURE IN F: :PCPN: SNOW: WIND :SUNSHINE: SKY :PK WND
================================================================================
1 2 3 4 5 6A 6B 7 8 9 10 11 12 13 14 15 16 17 18
12Z AVG MX 2MIN
DY MAX MIN AVG DEP HDD CDD WTR SNW DPTH SPD SPD DIR MIN PSBL S-S WX SPD DR
================================================================================
1 66 43 55 -15 10 0 0.00 M M 8.6 17 230 M M 2 29 270
2 73 45 59 -10 6 0 0.00 M M 7.0 20 280 M M 0 26 270
3 79 47 63 -6 2 0 0.00 M M 3.9 13 10 M M 0 22 20
4 84 49 67 -2 0 2 0.00 M M 7.7 22 60 M M 0 31 60
5 89 59 74 6 0 9 0.00 M M 5.1 15 50 M M 0 18 60
6 92 53 73 5 0 8 0.00 M M 5.8 18 20 M M 0 26 30
7 93 53 73 6 0 8 0.00 M M 3.7 12 200 M M 0 13 190
8 93 56 75 8 0 10 0.00 M M 4.8 16 230 M M 0 21 240
9 90 56 73 6 0 8 0.00 M M 8.0 22 220 M M 0 28 220
10 81 54 68 2 0 3 0.00 M M 13.9 26 270 M M 0 38 260
11 66 50 58 -8 7 0 0.00 M M 22.4 37 290 M M 0 46 290
12 76 44 60 -6 5 0 0.00 M M 6.7 20 60 M M 0 27 60
13 79 43 61 -4 4 0 0.00 M M 4.0 10 190 M M 0 14 40
14 83 45 64 -1 1 0 0.00 M M 4.2 8 200 M M 0 13 40
15 86 47 67 3 0 2 0.00 M M 3.8 10 190 M M 0 13 350
16 89 49 69 5 0 4 0.00 M M 3.8 10 190 M M 0 12 230
17 90 49 70 6 0 5 0.00 M M 4.8 10 330 M M 0 13 320
18 93 51 72 9 0 7 0.00 M M 4.3 9 210 M M 0 12 350
19 94 52 73 10 0 8 0.00 M M 4.5 13 180 M M 0 14 180
20 95 55 75 12 0 10 0.00 M M 5.7 17 240 M M 0 23 240
21 87 56 72 10 0 7 0.00 M M 8.1 24 210 M M 0 32 210
22 77 47 62 0 3 0 0.00 M M 11.3 24 250 M M 1 30 230
23 76 51 64 2 1 0 0.00 M M 10.4 25 290 M M 0 34 280
24 82 47 65 4 0 0 0.00 M M 5.2 14 220 M M 0 18 230
25 72 56 64 3 1 0 0.00 M M 14.8 29 230 M M 0 35 230
26 74 46 60 0 5 0 0.00 M M 9.6 23 280 M M 0 28 280
27 75 39 57 -3 8 0 0.00 M M 8.2 28 290 M M 0 34 290
28 71 40 56 -4 9 0 0.00 M M 14.1 31 280 M M 0 39 260
29 67 36 52 -7 13 0 0.00 M M 13.6 28 90 M M 0 39 70
30 69 32 51 -8 14 0 0.00 M M 11.0 25 70 M M 0 34 70
31 75 32 54 -5 11 0 0.00 M M 6.0 20 60 M M 0 30 70
================================================================================
SM 2516 1482 100 91 0.00 M 245.0 M 3
================================================================================
AV 81.2 47.8 7.9 FASTST M M 0 MAX(MPH)
MISC ----> 37 290 46 290
================================================================================
NOTES:
# LAST OF SEVERAL OCCURRENCES
COLUMN 17 PEAK WIND IN M.P.H.
PRELIMINARY LOCAL CLIMATOLOGICAL DATA (WS FORM: F-6) , PAGE 2
STATION: PALMDALE AIRPORT CA
MONTH: OCTOBER
YEAR: 2023
LATITUDE: 34 37 N
LONGITUDE: 118 5 W
[TEMPERATURE DATA] [PRECIPITATION DATA] SYMBOLS USED IN COLUMN 16
AVERAGE MONTHLY: 64.5 TOTAL FOR MONTH: 0.00 1 = FOG OR MIST
DPTR FM NORMAL: 0.4 DPTR FM NORMAL: -0.47 2 = FOG REDUCING VISIBILITY
HIGHEST: 95 ON 20 GRTST 24HR T ON 30-30 TO 1/4 MILE OR LESS
LOWEST: 32 ON 31,30 3 = THUNDER
SNOW, ICE PELLETS, HAIL 4 = ICE PELLETS
TOTAL MONTH: M 5 = HAIL
GRTST 24HR M ON M 6 = FREEZING RAIN OR DRIZZLE
GRTST DEPTH: M ON M 7 = DUSTSTORM OR SANDSTORM:
VSBY 1/2 MILE OR LESS
8 = SMOKE OR HAZE
[NO. OF DAYS WITH] [WEATHER - DAYS WITH] 9 = BLOWING SNOW
X = TORNADO
MAX 32 OR BELOW: 0 0.01 INCH OR MORE: 0
MAX 90 OR ABOVE: 8 0.10 INCH OR MORE: 0
MIN 32 OR BELOW: 2 0.50 INCH OR MORE: 0
MIN 0 OR BELOW: 0 1.00 INCH OR MORE: 0
[HDD (BASE 65) ]
TOTAL THIS MO. 100 CLEAR (SCALE 0-3) 31
DPTR FM NORMAL 2 PTCLDY (SCALE 4-7) 0
TOTAL FM JUL 1 108 CLOUDY (SCALE 8-10) 0
DPTR FM NORMAL 2
[CDD (BASE 65) ]
TOTAL THIS MO. 91
DPTR FM NORMAL 19 [PRESSURE DATA]
TOTAL FM JAN 1 1760 HIGHEST SLP 30.29 ON 31
DPTR FM NORMAL -182 LOWEST SLP 29.63 ON 11
[REMARKS]
#FINAL-10-23#