000
CXUS52 KMFL 011030
CF6PMP
PRELIMINARY LOCAL CLIMATOLOGICAL DATA (WS FORM: F-6)
STATION: POMPANO BEACH ARPK
MONTH: APRIL
YEAR: 2023
LATITUDE: 26 14 N
LONGITUDE: 80 7 W
TEMPERATURE IN F: :PCPN: SNOW: WIND :SUNSHINE: SKY :PK WND
================================================================================
1 2 3 4 5 6A 6B 7 8 9 10 11 12 13 14 15 16 17 18
12Z AVG MX 2MIN
DY MAX MIN AVG DEP HDD CDD WTR SNW DPTH SPD SPD DIR MIN PSBL S-S WX SPD DR
================================================================================
1 85 76 81 7 0 16 0.02 0.0 0 11.6 21 160 M M 4 26 160
2 88 72 80 5 0 15 0.00 0.0 0 7.4 15 160 M M 3 19 140
3 86 74 80 5 0 15 0.00 0.0 0 8.8 18 140 M M 1 22 150
4 86 78 82 7 0 17 0.00 0.0 0 9.8 15 100 M M 1 18 140
5 85 78 82 7 0 17 T 0.0 0 13.5 20 100 M M 3 24 110
6 85 78 82 7 0 17 0.00 0.0 0 13.2 18 100 M M 1 26 110
7 84 77 81 6 0 16 0.00 0.0 0 11.0 17 110 M M 2 21 100
8 85 77 81 5 0 16 0.00 0.0 0 10.8 16 150 M M 2 22 110
9 88 72 80 4 0 15 0.60 0.0 0 8.7 24 30 M M 5 13 30 40
10 76 69 73 -3 0 8 1.70 M M 15.9 28 60 M M 9 18 37 40
11 80 70 75 -1 0 10 0.11 M M 21.1 28 80 M M 10 38 80
12 76 71 74 -2 0 9 3.05 M M 19.6 30 70 M M 10 13 38 70
13 85 71 78 2 0 13 0.55 0.0 0 9.5 23 140 M M 5 138 29 140
14 86 70 78 2 0 13 T 0.0 0 5.9 17 140 M M 3 13 21 140
15 87 73 80 3 0 15 0.00 0.0 0 7.0 16 140 M M 2 20 150
16 87 72 80 3 0 15 0.19 0.0 0 8.4 21 230 M M 2 13 25 140
17 82 69 76 -1 0 11 0.99 0.0 0 6.9 26 240 M M 5 138 36 250
18 82 66 74 -3 0 9 0.00 0.0 0 10.9 21 40 M M 3 25 40
19 81 68 75 -2 0 10 0.00 0.0 0 10.2 17 40 M M 4 21 30
20 83 75 79 2 0 14 0.00 0.0 0 12.6 18 50 M M 3 23 40
21 83 76 80 3 0 15 0.00 0.0 0 9.9 15 100 M M 2 19 90
22 88 73 81 3 0 16 0.00 0.0 0 6.4 15 130 M M 5 24 90
23 85 72 79 1 0 14 0.00 0.0 0 6.9 15 100 M M 2 20 100
24 83 71 77 -1 0 12 0.50 0.0 0 10.3 17 120 M M 4 13 22 150
25 85 69 77 -1 0 12 1.01 0.0 0 10.7 35 330 M M 5 13 39 330
26 86 70 78 0 0 13 T 0.0 0 8.4 24 100 M M 4 3 30 50
27 87 71 79 1 0 14 T 0.0 0 9.7 21 150 M M 2 26 150
28 87 70 79 1 0 14 0.06 M M 8.1 25 330 M M 2 3 29 320
29 88 77 83 5 0 18 T 0.0 0 9.7 23 160 M M 2 29 140
30 88 72 80 2 0 15 0.15 0.0 0 16.4 31 260 M M 2 3 40 260
================================================================================
SM 2537 2177 0 414 8.93 0.0 319.3 M 108
================================================================================
AV 84.6 72.6 10.6 FASTST M M 4 MAX(MPH)
MISC ----> 35 330 40 260
================================================================================
NOTES:
# LAST OF SEVERAL OCCURRENCES
COLUMN 17 PEAK WIND IN M.P.H.
PRELIMINARY LOCAL CLIMATOLOGICAL DATA (WS FORM: F-6) , PAGE 2
STATION: POMPANO BEACH ARPK
MONTH: APRIL
YEAR: 2023
LATITUDE: 26 14 N
LONGITUDE: 80 7 W
[TEMPERATURE DATA] [PRECIPITATION DATA] SYMBOLS USED IN COLUMN 16
AVERAGE MONTHLY: 78.6 TOTAL FOR MONTH: 8.93 1 = FOG OR MIST
DPTR FM NORMAL: 2.0 DPTR FM NORMAL: 5.57 2 = FOG REDUCING VISIBILITY
HIGHEST: 88 ON 30,29 GRTST 24HR 3.10 ON 12-13 TO 1/4 MILE OR LESS
LOWEST: 66 ON 18 3 = THUNDER
SNOW, ICE PELLETS, HAIL 4 = ICE PELLETS
TOTAL MONTH: 0.0 INCH 5 = HAIL
GRTST 24HR 0.0 6 = FREEZING RAIN OR DRIZZLE
GRTST DEPTH: 0 7 = DUSTSTORM OR SANDSTORM:
VSBY 1/2 MILE OR LESS
8 = SMOKE OR HAZE
[NO. OF DAYS WITH] [WEATHER - DAYS WITH] 9 = BLOWING SNOW
X = TORNADO
MAX 32 OR BELOW: 0 0.01 INCH OR MORE: 12
MAX 90 OR ABOVE: 0 0.10 INCH OR MORE: 10
MIN 32 OR BELOW: 0 0.50 INCH OR MORE: 7
MIN 0 OR BELOW: 0 1.00 INCH OR MORE: 3
[HDD (BASE 65) ]
TOTAL THIS MO. 0 CLEAR (SCALE 0-3) 18
DPTR FM NORMAL -2 PTCLDY (SCALE 4-7) 9
TOTAL FM JUL 1 72 CLOUDY (SCALE 8-10) 3
DPTR FM NORMAL -60
[CDD (BASE 65) ]
TOTAL THIS MO. 414
DPTR FM NORMAL 66 [PRESSURE DATA]
TOTAL FM JAN 1 1301 HIGHEST SLP 30.19 ON 6
DPTR FM NORMAL 374 LOWEST SLP 29.72 ON 30
[REMARKS]
#FINAL-04-23#