000
CXUS52 KMFL 011030
CF6PMP
PRELIMINARY LOCAL CLIMATOLOGICAL DATA (WS FORM: F-6)
STATION: POMPANO BEACH ARPK
MONTH: MARCH
YEAR: 2022
LATITUDE: 26 14 N
LONGITUDE: 80 7 W
TEMPERATURE IN F: :PCPN: SNOW: WIND :SUNSHINE: SKY :PK WND
================================================================================
1 2 3 4 5 6A 6B 7 8 9 10 11 12 13 14 15 16 17 18
12Z AVG MX 2MIN
DY MAX MIN AVG DEP HDD CDD WTR SNW DPTH SPD SPD DIR MIN PSBL S-S WX SPD DR
================================================================================
1 79 66 73 2 0 8 0.00 0.0 0 9.8 20 30 M M 5 24 40
2 76 66 71 0 0 6 0.05 0.0 0 6.3 15 140 M M 7 18 130
3 81 63 72 1 0 7 0.00 M M 7.6 15 110 M M 2 19 110
4 82 72 77 5 0 12 0.00 M M 12.7 21 50 M M 2 26 50
5 83 74 79 7 0 14 0.00 M M 17.6 24 100 M M 5 33 100
6 83 76 80 8 0 15 T M M 17.6 23 100 M M 8 32 100
7 84 76 80 8 0 15 T 0.0 0 15.9 23 140 M M 8 29 140
8 85 77 81 9 0 16 0.00 0.0 0 12.9 21 150 M M 4 26 150
9 86 77 82 10 0 17 0.00 M M 13.3 23 150 M M 1 31 150
10 84 75 80 8 0 15 0.31 0.0 0 9.5 21 190 M M 4 1 29 190
11 86 72 79 7 0 14 0.00 0.0 M 9.6 23 150 M M 1 1 29 170
12 91 61 76 4 0 11 T 0.0 0 16.2 43 310 M M 4 50 300
13 75 50 63 -9 2 0 0.00 0.0 0 14.1 21 60 M M 5 27 60
14 78 69 74 2 0 9 T M M 13.5 21 80 M M 8 27 70
15 78 72 75 3 0 10 0.59 M M 12.0 22 80 M M 9 1 27 70
16 84 71 78 6 0 13 0.17 M M 7.5 23 150 M M 5 13 29 140
17 85 71 78 6 0 13 0.10 M M 7.1 18 140 M M 6 23 150
18 84 69 77 4 0 12 0.00 M M 8.1 16 160 M M 2 1 22 140
19 85 77 81 8 0 16 0.00 M M 11.1 17 140 M M 2 23 150
20 84 71 78 5 0 13 0.03 M M 9.4 20 40 M M 3 25 40
21 80 72 76 3 0 11 0.00 0.0 0 15.0 23 100 M M 3 33 40
22 83 73 78 5 0 13 0.00 0.0 0 14.7 21 130 M M 6 30 110
23 85 76 81 8 0 16 T 0.0 0 15.0 22 150 M M 6 28 120
24 86 77 82 9 0 17 0.20 0.0 0 12.0 26 150 M M 4 34 170
25 79 65 72 -1 0 7 0.18 0.0 0 9.1 18 320 M M 4 1 22 310
26 80 59 70 -4 0 5 0.00 M M 8.8 18 330 M M 0 24 340
27 82 59 71 -3 0 6 0.00 0.0 M 8.7 21 340 M M 0 29 310
28 81 60 71 -3 0 6 0.00 0.0 M 6.8 15 330 M M 0 18 140
29 82 63 73 -1 0 8 0.00 0.0 M 8.1 13 70 M M 0 16 50
30 84 75 80 6 0 15 0.00 0.0 0 17.7 26 140 M M 2 34 140
31 86 77 82 8 0 17 0.00 0.0 0 16.9 28 140 M M 4 34 130
================================================================================
SM 2561 2161 2 357 1.63 0.0 364.6 M 120
================================================================================
AV 82.6 69.7 11.8 FASTST M M 4 MAX(MPH)
MISC ----> 43 310 50 300
================================================================================
NOTES:
# LAST OF SEVERAL OCCURRENCES
COLUMN 17 PEAK WIND IN M.P.H.
PRELIMINARY LOCAL CLIMATOLOGICAL DATA (WS FORM: F-6) , PAGE 2
STATION: POMPANO BEACH ARPK
MONTH: MARCH
YEAR: 2022
LATITUDE: 26 14 N
LONGITUDE: 80 7 W
[TEMPERATURE DATA] [PRECIPITATION DATA] SYMBOLS USED IN COLUMN 16
AVERAGE MONTHLY: 76.2 TOTAL FOR MONTH: 1.63 1 = FOG OR MIST
DPTR FM NORMAL: 3.6 DPTR FM NORMAL: -1.27 2 = FOG REDUCING VISIBILITY
HIGHEST: 91 ON 12 GRTST 24HR 0.75 ON 15-16 TO 1/4 MILE OR LESS
LOWEST: 50 ON 13 3 = THUNDER
SNOW, ICE PELLETS, HAIL 4 = ICE PELLETS
TOTAL MONTH: 0.0 INCH 5 = HAIL
GRTST 24HR 0.0 6 = FREEZING RAIN OR DRIZZLE
GRTST DEPTH: 0 7 = DUSTSTORM OR SANDSTORM:
VSBY 1/2 MILE OR LESS
8 = SMOKE OR HAZE
[NO. OF DAYS WITH] [WEATHER - DAYS WITH] 9 = BLOWING SNOW
X = TORNADO
MAX 32 OR BELOW: 0 0.01 INCH OR MORE: 8
MAX 90 OR ABOVE: 1 0.10 INCH OR MORE: 6
MIN 32 OR BELOW: 0 0.50 INCH OR MORE: 1
MIN 0 OR BELOW: 0 1.00 INCH OR MORE: 0
[HDD (BASE 65) ]
TOTAL THIS MO. 2 CLEAR (SCALE 0-3) 12
DPTR FM NORMAL -10 PTCLDY (SCALE 4-7) 18
TOTAL FM JUL 1 67 CLOUDY (SCALE 8-10) 1
DPTR FM NORMAL -62
[CDD (BASE 65) ]
TOTAL THIS MO. 357
DPTR FM NORMAL 111 [PRESSURE DATA]
TOTAL FM JAN 1 767 HIGHEST SLP 30.31 ON 14
DPTR FM NORMAL 188 LOWEST SLP 29.87 ON 12
[REMARKS]
#FINAL-03-22#