000
CXUS54 KOUN 010810
CF6PNC
PRELIMINARY LOCAL CLIMATOLOGICAL DATA (WS FORM: F-6)
STATION: PONCA CITY
MONTH: JULY
YEAR: 2023
LATITUDE: 36 44 N
LONGITUDE: 97 6 W
TEMPERATURE IN F: :PCPN: SNOW: WIND :SUNSHINE: SKY :PK WND
================================================================================
1 2 3 4 5 6A 6B 7 8 9 10 11 12 13 14 15 16 17 18
12Z AVG MX 2MIN
DY MAX MIN AVG DEP HDD CDD WTR SNW DPTH SPD SPD DIR MIN PSBL S-S WX SPD DR
================================================================================
1 92 72 82 1 0 17 T M M 6.1 15 250 M M 3 22 250
2 91 64 78 -3 0 13 0.00 M M 3.9 10 360 M M 0 14 350
3 85 67 76 -5 0 11 0.13 M M 7.0 21 150 M M 2 13 26 240
4 94 66 80 -2 0 15 0.00 M M 7.8 16 160 M M 0 23 160
5 82 67 75 -7 0 10 0.01 M M 9.3 29 60 M M 5 13 37 60
6 86 70 78 -4 0 13 0.65 M M 7.8 23 160 M M 5 13 30 320
7 78 71 75 -7 0 10 0.23 M M 6.7 22 160 M M 4 13 32 160
8 86 68 77 -5 0 12 0.00 M M 7.8 17 20 M M 4 3 23 10
9 85 66 76 -6 0 11 0.20 M M 6.1 23 120 M M 2 3 30 20
10 89 62 76 -6 0 11 0.00 0.0 M 5.6 16 160 M M 0 20 160
11 91 73 82 0 0 17 0.00 0.0 M 9.0 21 160 M M 1 26 150
12 99 74 87 5 0 22 0.02 0.0 M 9.3 20 150 M M 1 3 23 160
13 94 80 87 5 0 22 0.00 M M 8.5 20 180 M M 2 3 31 210
14 95 71 83 1 0 18 0.44 M M 9.0 41 350 M M 3 13 55 350
15 91 68 80 -3 0 15 0.00 M M 3.4 13 20 M M 0 15 30
16 93 69 81 -2 0 16 0.00 M M 5.5 21 160 M M 0 27 150
17 90 73 82 -1 0 17 T M M 9.4 23 140 M M 0 3 29 110
18 104 76 90 7 0 25 0.00 M M 9.4 20 210 M M 0 28 220
19 97 77 87 4 0 22 0.00 M M 5.9 13 80 M M 0 19 210
20 96 76 86 3 0 21 0.01 M M 9.9 24 110 M M 2 3 29 110
21 85 66 76 -7 0 11 1.72 M M 8.7 24 270 M M 5 13 37 270
22 89 64 77 -6 0 12 0.00 M M 2.3 7 210 M M 0 1 11 270
23 94 69 82 -1 0 17 0.00 M M 6.7 14 170 M M 0 19 160
24 97 74 86 3 0 21 0.00 M M 9.0 18 160 M M 0 25 160
25 101 77 89 6 0 24 0.00 M M 9.1 20 170 M M 0 30 160
26 100 78 89 6 0 24 0.00 M M 7.7 18 210 M M 0 24 210
27 100 79 90 7 0 25 0.00 M M 9.4 18 170 M M 0 27 160
28 101 79 90 7 0 25 0.00 M M 9.6 17 210 M M 0 3 24 210
29 102 78 90 7 0 25 0.00 M M 5.7 13 160 M M 0 18 170
30 102 76 89 6 0 24 0.00 M M 6.0 15 160 M M 0 18 180
31 101 77 89 6 0 24 0.00 M M 11.9 20 160 M M 0 27 160
================================================================================
SM 2890 2227 0 550 3.41 0.0 233.5 M 39
================================================================================
AV 93.2 71.8 7.5 FASTST M M 1 MAX(MPH)
MISC ----> 41 350 55 350
================================================================================
NOTES:
# LAST OF SEVERAL OCCURRENCES
COLUMN 17 PEAK WIND IN M.P.H.
PRELIMINARY LOCAL CLIMATOLOGICAL DATA (WS FORM: F-6) , PAGE 2
STATION: PONCA CITY
MONTH: JULY
YEAR: 2023
LATITUDE: 36 44 N
LONGITUDE: 97 6 W
[TEMPERATURE DATA] [PRECIPITATION DATA] SYMBOLS USED IN COLUMN 16
AVERAGE MONTHLY: 82.5 TOTAL FOR MONTH: 3.41 1 = FOG OR MIST
DPTR FM NORMAL: 0.1 DPTR FM NORMAL: -0.29 2 = FOG REDUCING VISIBILITY
HIGHEST: 104 ON 18 GRTST 24HR 1.72 ON 21-21 TO 1/4 MILE OR LESS
LOWEST: 62 ON 10 3 = THUNDER
SNOW, ICE PELLETS, HAIL 4 = ICE PELLETS
TOTAL MONTH: 0.0 INCH 5 = HAIL
GRTST 24HR 0.0 6 = FREEZING RAIN OR DRIZZLE
GRTST DEPTH: M ON M 7 = DUSTSTORM OR SANDSTORM:
VSBY 1/2 MILE OR LESS
8 = SMOKE OR HAZE
[NO. OF DAYS WITH] [WEATHER - DAYS WITH] 9 = BLOWING SNOW
X = TORNADO
MAX 32 OR BELOW: 0 0.01 INCH OR MORE: 9
MAX 90 OR ABOVE: 22 0.10 INCH OR MORE: 6
MIN 32 OR BELOW: 0 0.50 INCH OR MORE: 2
MIN 0 OR BELOW: 0 1.00 INCH OR MORE: 1
[HDD (BASE 65) ]
TOTAL THIS MO. 0 CLEAR (SCALE 0-3) 25
DPTR FM NORMAL 0 PTCLDY (SCALE 4-7) 6
TOTAL FM JUL 1 0 CLOUDY (SCALE 8-10) 0
DPTR FM NORMAL 0
[CDD (BASE 65) ]
TOTAL THIS MO. 550
DPTR FM NORMAL 12 [PRESSURE DATA]
TOTAL FM JAN 1 1153 HIGHEST SLP M ON M
DPTR FM NORMAL 27 LOWEST SLP 29.68 ON 12
[REMARKS]
#FINAL-07-23#