000
CXUS54 KOUN 010810
CF6PNC
PRELIMINARY LOCAL CLIMATOLOGICAL DATA (WS FORM: F-6)
STATION: PONCA CITY
MONTH: AUGUST
YEAR: 2022
LATITUDE: 36 44 N
LONGITUDE: 97 6 W
TEMPERATURE IN F: :PCPN: SNOW: WIND :SUNSHINE: SKY :PK WND
================================================================================
1 2 3 4 5 6A 6B 7 8 9 10 11 12 13 14 15 16 17 18
12Z AVG MX 2MIN
DY MAX MIN AVG DEP HDD CDD WTR SNW DPTH SPD SPD DIR MIN PSBL S-S WX SPD DR
================================================================================
1 98 76 87 4 0 22 0.00 M M 10.3 20 210 M M 2 28 160
2 102 78 90 7 0 25 0.00 M M 11.1 20 160 M M 0 26 160
3 104 80 92 9 0 27 0.00 M M 10.5 16 170 M M 0 26 210
4 95 79 87 5 0 22 0.00 M M 10.1 21 150 M M 4 3 26 130
5 100 78 89 7 0 24 0.00 M M 11.7 18 140 M M 1 23 140
6 101 82 92 10 0 27 0.00 M M 12.9 20 150 M M 0 26 160
7 98 80 89 7 0 24 0.00 M M 10.8 18 150 M M 0 22 150
8 100 77 89 7 0 24 0.00 M M 6.4 15 60 M M 1 18 60
9 98 73 86 4 0 21 0.20 M M 5.3 23 80 M M 1 38 32 80
10 97 71 84 2 0 19 0.00 M M 4.8 14 70 M M 1 19 30
11 95 67 81 -1 0 16 0.00 M M 6.9 14 130 M M 0 18 120
12 94 63 79 -3 0 14 0.00 M M 6.7 15 150 M M 0 21 140
13 98 74 86 4 0 21 0.00 M M 7.8 15 160 M M 0 20 160
14 101 73 87 5 0 22 0.00 M M 7.0 16 150 M M 0 20 160
15 101 74 88 7 0 23 0.00 M M 6.6 16 170 M M 0 24 160
16 102 73 88 7 0 23 0.07 M M 9.2 25 40 M M 1 36 40
17 77 65 71 -10 0 6 0.01 M M 6.7 15 20 M M 8 19 30
18 90 61 76 -5 0 11 0.00 M M 5.4 14 70 M M 2 19 100
19 95 63 79 -2 0 14 0.00 M M 7.5 18 160 M M 0 23 160
20 95 72 84 4 0 19 0.00 M M 8.1 18 50 M M 2 30 350
21 82 66 74 -6 0 9 T M M 5.6 15 30 M M 2 17 80
22 93 62 78 -2 0 13 0.00 M M 7.0 18 50 M M 1 1 31 50
23 93 62 78 -2 0 13 0.00 M M 6.9 20 70 M M 0 26 80
24 95 65 80 0 0 15 0.00 M M 5.6 14 160 M M 2 20 140
25 96 63 80 0 0 15 0.00 M M 4.8 15 90 M M 0 17 110
26 98 65 82 3 0 17 0.00 M M 6.3 18 150 M M 0 22 150
27 98 74 86 7 0 21 T M M 11.5 23 160 M M 1 1 29 150
28 99 73 86 7 0 21 0.09 M M 8.9 24 210 M M 3 1 33 210
29 86 72 79 0 0 14 T M M 6.7 17 210 M M 2 23 210
30 96 69 83 5 0 18 0.00 M M 6.7 17 90 M M 0 29 50
31 94 63 79 1 0 14 0.00 M M 5.6 13 110 M M 0 17 80
================================================================================
SM 2971 2193 0 574 0.37 M 241.4 M 34
================================================================================
AV 95.8 70.7 7.8 FASTST M M 1 MAX(MPH)
MISC ----> 25 40 36 40
================================================================================
NOTES:
# LAST OF SEVERAL OCCURRENCES
COLUMN 17 PEAK WIND IN M.P.H.
PRELIMINARY LOCAL CLIMATOLOGICAL DATA (WS FORM: F-6) , PAGE 2
STATION: PONCA CITY
MONTH: AUGUST
YEAR: 2022
LATITUDE: 36 44 N
LONGITUDE: 97 6 W
[TEMPERATURE DATA] [PRECIPITATION DATA] SYMBOLS USED IN COLUMN 16
AVERAGE MONTHLY: 83.3 TOTAL FOR MONTH: 0.37 1 = FOG OR MIST
DPTR FM NORMAL: 2.4 DPTR FM NORMAL: -2.91 2 = FOG REDUCING VISIBILITY
HIGHEST: 104 ON 3 GRTST 24HR 0.20 ON 9- 9 TO 1/4 MILE OR LESS
LOWEST: 61 ON 18 3 = THUNDER
SNOW, ICE PELLETS, HAIL 4 = ICE PELLETS
TOTAL MONTH: M 5 = HAIL
GRTST 24HR M ON M 6 = FREEZING RAIN OR DRIZZLE
GRTST DEPTH: M ON M 7 = DUSTSTORM OR SANDSTORM:
VSBY 1/2 MILE OR LESS
8 = SMOKE OR HAZE
[NO. OF DAYS WITH] [WEATHER - DAYS WITH] 9 = BLOWING SNOW
X = TORNADO
MAX 32 OR BELOW: 0 0.01 INCH OR MORE: 4
MAX 90 OR ABOVE: 28 0.10 INCH OR MORE: 1
MIN 32 OR BELOW: 0 0.50 INCH OR MORE: 0
MIN 0 OR BELOW: 0 1.00 INCH OR MORE: 0
[HDD (BASE 65) ]
TOTAL THIS MO. 0 CLEAR (SCALE 0-3) 29
DPTR FM NORMAL 0 PTCLDY (SCALE 4-7) 2
TOTAL FM JUL 1 0 CLOUDY (SCALE 8-10) 0
DPTR FM NORMAL 0
[CDD (BASE 65) ]
TOTAL THIS MO. 574
DPTR FM NORMAL 81 [PRESSURE DATA]
TOTAL FM JAN 1 1932 HIGHEST SLP M ON M
DPTR FM NORMAL 313 LOWEST SLP 29.63 ON 28
[REMARKS]
#FINAL-08-22#