000
CXUS54 KMOB 011656
CF6PNS
PRELIMINARY LOCAL CLIMATOLOGICAL DATA (WS FORM: F-6)
STATION: PENSACOLA
MONTH: JANUARY
YEAR: 2022
LATITUDE: 30 28 N
LONGITUDE: 87 12 W
TEMPERATURE IN F: :PCPN: SNOW: WIND :SUNSHINE: SKY :PK WND
================================================================================
1 2 3 4 5 6A 6B 7 8 9 10 11 12 13 14 15 16 17 18
12Z AVG MX 2MIN
DY MAX MIN AVG DEP HDD CDD WTR SNW DPTH SPD SPD DIR MIN PSBL S-S WX SPD DR
================================================================================
1 79 73 76 23 0 11 0.00 0.0 0 15.7 23 180 M M 10 12 32 170
2 78 40 59 6 6 0 0.58 0.0 0 14.8 30 310 M M 9 1 45 310
3 49 35 42 -11 23 0 0.00 0.0 0 15.3 26 310 M M 5 36 310
4 53 34 44 -9 21 0 0.00 0.0 0 3.5 10 20 M M 5 15 40
5 63 41 52 -1 13 0 0.00 0.0 0 3.9 12 340 M M 9 14 340
6 73 45 59 6 6 0 0.02 0.0 0 8.9 26 350 M M 5 1 35 350
7 58 39 49 -4 16 0 0.00 0.0 0 8.4 23 360 M M 0 33 360
8 66 44 55 2 10 0 0.00 0.0 0 8.1 17 110 M M 4 22 120
9 75 59 67 14 0 2 0.12 0.0 0 9.1 28 340 M M 8 13 37 350
10 64 44 54 1 11 0 0.00 0.0 0 14.1 23 360 M M 4 1 33 10
11 58 39 49 -4 16 0 0.00 0.0 0 9.3 15 360 M M 0 8 23 350
12 60 39 50 -3 15 0 0.00 0.0 0 4.8 10 340 M M 0 14 350
13 69 38 54 1 11 0 0.00 0.0 0 7.8 15 280 M M 0 21 310
14 68 43 56 3 9 0 0.00 0.0 0 4.5 10 360 M M 0 16 350
15 66 48 57 4 8 0 0.50 0.0 0 8.9 20 280 M M 5 1 28 110
16 56 38 47 -6 18 0 T 0.0 0 17.4 28 270 M M 10 1 38 250
17 59 37 48 -5 17 0 0.00 0.0 0 8.6 20 340 M M 0 27 330
18 57 33 45 -8 20 0 0.00 0.0 0 3.5 10 150 M M 0 16 150
19 67 45 56 3 9 0 T 0.0 0 7.5 15 120 M M 5 22 120
20 66 40 53 0 12 0 0.28 0.0 0 13.0 23 350 M M 10 1 32 360
21 40 35 38 -15 27 0 0.09 0.0 0 13.7 21 340 M M 8 1 30 350
22 53 35 44 -9 21 0 0.00 0.0 0 8.4 15 360 M M 4 22 350
23 54 28 41 -12 24 0 0.00 0.0 0 5.0 10 310 M M 0 15 300
24 60 36 48 -5 17 0 0.00 0.0 0 4.1 13 190 M M 1 16 190
25 52 47 50 -3 15 0 0.54 0.0 0 6.4 12 50 M M 10 1 19 70
26 60 42 51 -3 14 0 0.00 0.0 0 12.1 22 360 M M 0 30 360
27 65 39 52 -2 13 0 0.00 0.0 0 5.0 12 40 M M 0 19 40
28 54 40 47 -7 18 0 0.00 0.0 0 10.4 24 320 M M 1 1 34 320
29 51 32 42 -12 23 0 0.00 0.0 0 9.9 22 330 M M 0 29 340
30 63 35 49 -5 16 0 0.00 0.0 0 9.3 22 250 M M 0 34 250
31 67 48 58 4 7 0 0.00 0.0 0 6.5 15 180 M M 0 18 170
================================================================================
SM 1903 1271 436 13 2.13 0.0 277.9 M 113
================================================================================
AV 61.4 41.0 9.0 FASTST M M 4 MAX(MPH)
MISC ----> 30 310 45 310
================================================================================
NOTES:
# LAST OF SEVERAL OCCURRENCES
COLUMN 17 PEAK WIND IN M.P.H.
PRELIMINARY LOCAL CLIMATOLOGICAL DATA (WS FORM: F-6) , PAGE 2
STATION: PENSACOLA
MONTH: JANUARY
YEAR: 2022
LATITUDE: 30 28 N
LONGITUDE: 87 12 W
[TEMPERATURE DATA] [PRECIPITATION DATA] SYMBOLS USED IN COLUMN 16
AVERAGE MONTHLY: 51.2 TOTAL FOR MONTH: 2.13 1 = FOG OR MIST
DPTR FM NORMAL: -2.0 DPTR FM NORMAL: -2.90 2 = FOG REDUCING VISIBILITY
HIGHEST: 79 ON 1 GRTST 24HR 1.26 ON 15-16 TO 1/4 MILE OR LESS
LOWEST: 28 ON 23 3 = THUNDER
SNOW, ICE PELLETS, HAIL 4 = ICE PELLETS
TOTAL MONTH: 0.0 INCH 5 = HAIL
GRTST 24HR 0.0 6 = FREEZING RAIN OR DRIZZLE
GRTST DEPTH: 0 7 = DUSTSTORM OR SANDSTORM:
VSBY 1/2 MILE OR LESS
8 = SMOKE OR HAZE
[NO. OF DAYS WITH] [WEATHER - DAYS WITH] 9 = BLOWING SNOW
X = TORNADO
MAX 32 OR BELOW: 0 0.01 INCH OR MORE: 7
MAX 90 OR ABOVE: 0 0.10 INCH OR MORE: 5
MIN 32 OR BELOW: 2 0.50 INCH OR MORE: 3
MIN 0 OR BELOW: 0 1.00 INCH OR MORE: 0
[HDD (BASE 65) ]
TOTAL THIS MO. 436 CLEAR (SCALE 0-3) 15
DPTR FM NORMAL 59 PTCLDY (SCALE 4-7) 9
TOTAL FM JUL 1 713 CLOUDY (SCALE 8-10) 7
DPTR FM NORMAL -160
[CDD (BASE 65) ]
TOTAL THIS MO. 13
DPTR FM NORMAL 2 [PRESSURE DATA]
TOTAL FM JAN 1 13 HIGHEST SLP 30.52 ON 11
DPTR FM NORMAL 2 LOWEST SLP 29.61 ON 16
[REMARKS]
#FINAL-01-22#