000
CXUS54 KMOB 010631
CF6PNS
PRELIMINARY LOCAL CLIMATOLOGICAL DATA (WS FORM: F-6)
STATION: PENSACOLA
MONTH: JUNE
YEAR: 2021
LATITUDE: 30 28 N
LONGITUDE: 87 12 W
TEMPERATURE IN F: :PCPN: SNOW: WIND :SUNSHINE: SKY :PK WND
================================================================================
1 2 3 4 5 6A 6B 7 8 9 10 11 12 13 14 15 16 17 18
12Z AVG MX 2MIN
DY MAX MIN AVG DEP HDD CDD WTR SNW DPTH SPD SPD DIR MIN PSBL S-S WX SPD DR
================================================================================
1 86 70 78 -2 0 13 0.00 0.0 0 9.1 17 130 M M 5 12 26 140
2 86 71 79 -1 0 14 0.00 0.0 0 7.9 17 150 M M 1 22 150
3 87 74 81 1 0 16 T 0.0 0 8.1 18 170 M M 2 24 170
4 86 74 80 0 0 15 0.04 0.0 0 4.7 14 110 M M 3 1 18 120
5 82 75 79 -1 0 14 0.03 0.0 0 6.9 15 140 M M 3 19 140
6 85 72 79 -2 0 14 0.40 0.0 0 13.1 22 140 M M 9 13 30 150
7 89 73 81 0 0 16 0.04 0.0 0 8.8 17 170 M M 6 1 24 180
8 87 73 80 -1 0 15 0.38 0.0 0 10.7 25 160 M M 6 13 33 150
9 87 75 81 0 0 16 0.00 0.0 0 9.0 18 150 M M 3 24 190
10 89 77 83 2 0 18 0.00 0.0 0 10.7 20 200 M M 3 3 27 190
11 91 78 85 4 0 20 0.07 0.0 0 10.7 20 210 M M 2 18 25 200
12 96 73 85 3 0 20 0.86 0.0 0 8.0 25 350 M M 2 13 39 360
13 95 72 84 2 0 19 0.01 0.0 0 7.7 17 270 M M 2 24 270
14 92 73 83 1 0 18 0.00 0.0 0 7.6 15 200 M M 0 3 20 190
15 95 78 87 5 0 22 0.13 0.0 0 7.5 17 330 M M 2 3 27 360
16 93 77 85 3 0 20 0.00 0.0 0 6.8 16 150 M M 1 19 150
17 91 72 82 0 0 17 0.00 0.0 0 7.0 14 140 M M 1 19 140
18 85 72 79 -3 0 14 1.19 0.0 0 10.5 33 170 M M 6 1 49 170
19 86 73 80 -2 0 15 3.99 0.0 0 19.5 58 150 M M 8 1238 81 140
20 90 77 84 2 0 19 0.17 0.0 0 11.7 25 200 M M 6 1 33 200
21 85 73 79 -3 0 14 2.84 0.0 0 5.9 24 320 M M 5 13 33 330
22 88 72 80 -3 0 15 1.33 0.0 0 6.8 18 250 M M 7 13 27 310
23 89 75 82 -1 0 17 0.01 0.0 0 5.4 16 200 M M 4 13 20 170
24 91 74 83 0 0 18 0.64 0.0 0 3.5 24 100 M M 3 13 34 110
25 86 75 81 -2 0 16 T 0.0 0 9.8 17 130 M M 4 25 120
26 88 73 81 -2 0 16 0.00 0.0 0 9.0 16 130 M M 4 24 140
27 88 77 83 0 0 18 0.04 0.0 0 7.4 21 120 M M 4 3 28 120
28 87 75 81 -2 0 16 T 0.0 0 7.3 20 130 M M 3 3 25 130
29 89 76 83 0 0 18 0.00 0.0 0 7.3 14 130 M M 1 20 140
30 87 74 81 -2 0 16 0.09 0.0 0 6.0 14 140 M M 5 13 19 140
================================================================================
SM 2656 2223 0 499 12.26 0.0 254.4 M 111
================================================================================
AV 88.5 74.1 8.5 FASTST M M 4 MAX(MPH)
MISC ----> 58 150 81 140
================================================================================
NOTES:
# LAST OF SEVERAL OCCURRENCES
COLUMN 17 PEAK WIND IN M.P.H.
PRELIMINARY LOCAL CLIMATOLOGICAL DATA (WS FORM: F-6) , PAGE 2
STATION: PENSACOLA
MONTH: JUNE
YEAR: 2021
LATITUDE: 30 28 N
LONGITUDE: 87 12 W
[TEMPERATURE DATA] [PRECIPITATION DATA] SYMBOLS USED IN COLUMN 16
AVERAGE MONTHLY: 81.3 TOTAL FOR MONTH: 12.26 1 = FOG OR MIST
DPTR FM NORMAL: -0.4 DPTR FM NORMAL: 4.94 2 = FOG REDUCING VISIBILITY
HIGHEST: 96 ON 12 GRTST 24HR 4.83 ON 18-19 TO 1/4 MILE OR LESS
LOWEST: 70 ON 1 3 = THUNDER
SNOW, ICE PELLETS, HAIL 4 = ICE PELLETS
TOTAL MONTH: 0.0 INCH 5 = HAIL
GRTST 24HR 0.0 6 = FREEZING RAIN OR DRIZZLE
GRTST DEPTH: 0 7 = DUSTSTORM OR SANDSTORM:
VSBY 1/2 MILE OR LESS
8 = SMOKE OR HAZE
[NO. OF DAYS WITH] [WEATHER - DAYS WITH] 9 = BLOWING SNOW
X = TORNADO
MAX 32 OR BELOW: 0 0.01 INCH OR MORE: 18
MAX 90 OR ABOVE: 9 0.10 INCH OR MORE: 10
MIN 32 OR BELOW: 0 0.50 INCH OR MORE: 6
MIN 0 OR BELOW: 0 1.00 INCH OR MORE: 4
[HDD (BASE 65) ]
TOTAL THIS MO. 0 CLEAR (SCALE 0-3) 14
DPTR FM NORMAL 0 PTCLDY (SCALE 4-7) 15
TOTAL FM JUL 1 1192 CLOUDY (SCALE 8-10) 1
DPTR FM NORMAL -112
[CDD (BASE 65) ]
TOTAL THIS MO. 499
DPTR FM NORMAL -3 [PRESSURE DATA]
TOTAL FM JAN 1 1052 HIGHEST SLP M ON M
DPTR FM NORMAL -12 LOWEST SLP 29.80 ON 13
[REMARKS]
#FINAL-06-21#