000
CXUS53 KPAH 020001
CF6POF
PRELIMINARY LOCAL CLIMATOLOGICAL DATA (WS FORM: F-6)
STATION: POPLAR BLUFF MO
MONTH: NOVEMBER
YEAR: 2021
LATITUDE: 36 46 N
LONGITUDE: 90 19 W
TEMPERATURE IN F: :PCPN: SNOW: WIND :SUNSHINE: SKY :PK WND
================================================================================
1 2 3 4 5 6A 6B 7 8 9 10 11 12 13 14 15 16 17 18
12Z AVG MX 2MIN
DY MAX MIN AVG DEP HDD CDD WTR SNW DPTH SPD SPD DIR MIN PSBL S-S WX SPD DR
================================================================================
1 58 39 49 -4 16 0 0.05 M M 6.1 17 20 M M 5 24 20
2 54 41 48 -4 17 0 T M M 4.7 13 40 M M 5 19 40
3 52 32 42 -10 23 0 0.00 M M 3.9 14 60 M M 0 19 40
4 56 30 43 -9 22 0 0.00 M M 4.3 14 50 M M 0 21 30
5 56 28 42 -9 23 0 0.00 M M 1.0 10 90 M M 0 14 50
6 60 29 45 -6 20 0 0.00 M M 1.2 8 170 M M 0 14 180
7 66 32 49 -1 16 0 0.00 M M 1.7 10 200 M M 0 1 14 190
8 72 34 53 3 12 0 0.00 M M 4.9 16 200 M M 0 18 21 200
9 66 37 52 2 13 0 0.00 M M 2.0 12 210 M M 0 12 15 220
10 69 42 56 7 9 0 0.00 M M 5.4 16 200 M M 4 12 22 180
11 65 41 53 4 12 0 0.80 M M 9.2 18 290 M M 5 13 29 290
12 58 36 47 -1 18 0 0.08 M M 9.8 22 260 M M 5 1 35 280
13 50 30 40 -8 25 0 0.00 M M 3.8 12 290 M M 0 16 330
14 61 33 47 -1 18 0 0.01 M M 5.4 18 280 M M 3 27 270
15 62 32 47 0 18 0 0.00 M M 4.9 20 210 M M 0 27 220
16 66 37 52 5 13 0 0.00 M M 6.3 18 200 M M 7 12 28 190
17 68 44 56 9 9 0 0.48 M M 12.7 23 340 M M 9 13 34 190
18 54 30 42 -4 23 0 0.03 M M 4.9 16 310 M M 2 26 340
19 47 26 37 -9 28 0 0.00 M M 3.2 10 80 M M 0 8 14 60
20 56 34 45 -1 20 0 0.00 M M 4.1 13 200 M M 8 8 18 210
21 58 39 49 4 16 0 0.11 M M 2.0 10 220 M M 6 1 14 220
22 52 28 40 -5 25 0 0.00 M M 4.5 14 350 M M 2 20 10
23 52 26 39 -6 26 0 0.00 M M 4.1 14 190 M M 0 19 160
24 60 31 46 2 19 0 T M M 10.6 22 200 M M 5 32 190
25 57 28 43 -1 22 0 0.44 M M 8.8 21 320 M M 6 1 32 340
26 42 23 33 -11 32 0 0.00 M M 4.9 10 190 M M 0 14 180
27 57 29 43 0 22 0 0.00 M M 6.9 18 210 M M 0 25 220
28 60 30 45 2 20 0 0.00 M M 4.6 16 360 M M 0 8 21 350
29 56 27 42 -1 23 0 0.00 M M 4.9 15 180 M M 0 18 22 210
30 64 36 50 8 15 0 0.00 M M 3.9 9 30 M M 0 13 50
================================================================================
SM 1754 984 575 0 2.00 M 154.7 M 72
================================================================================
AV 58.5 32.8 5.2 FASTST M M 2 MAX(MPH)
MISC ----> 23 340 35 280
================================================================================
NOTES:
# LAST OF SEVERAL OCCURRENCES
COLUMN 17 PEAK WIND IN M.P.H.
PRELIMINARY LOCAL CLIMATOLOGICAL DATA (WS FORM: F-6) , PAGE 2
STATION: POPLAR BLUFF MO
MONTH: NOVEMBER
YEAR: 2021
LATITUDE: 36 46 N
LONGITUDE: 90 19 W
[TEMPERATURE DATA] [PRECIPITATION DATA] SYMBOLS USED IN COLUMN 16
AVERAGE MONTHLY: 45.6 TOTAL FOR MONTH: 2.00 1 = FOG OR MIST
DPTR FM NORMAL: -1.8 DPTR FM NORMAL: -2.91 2 = FOG REDUCING VISIBILITY
HIGHEST: 72 ON 8 GRTST 24HR 0.80 ON 11-11 TO 1/4 MILE OR LESS
LOWEST: 23 ON 26 3 = THUNDER
SNOW, ICE PELLETS, HAIL 4 = ICE PELLETS
TOTAL MONTH: M 5 = HAIL
GRTST 24HR M ON M 6 = FREEZING RAIN OR DRIZZLE
GRTST DEPTH: M ON M 7 = DUSTSTORM OR SANDSTORM:
VSBY 1/2 MILE OR LESS
8 = SMOKE OR HAZE
[NO. OF DAYS WITH] [WEATHER - DAYS WITH] 9 = BLOWING SNOW
X = TORNADO
MAX 32 OR BELOW: 0 0.01 INCH OR MORE: 8
MAX 90 OR ABOVE: 0 0.10 INCH OR MORE: 4
MIN 32 OR BELOW: 17 0.50 INCH OR MORE: 1
MIN 0 OR BELOW: 0 1.00 INCH OR MORE: 0
[HDD (BASE 65) ]
TOTAL THIS MO. 575 CLEAR (SCALE 0-3) 19
DPTR FM NORMAL 44 PTCLDY (SCALE 4-7) 10
TOTAL FM JUL 1 697 CLOUDY (SCALE 8-10) 1
DPTR FM NORMAL -71
[CDD (BASE 65) ]
TOTAL THIS MO. 0
DPTR FM NORMAL -2 [PRESSURE DATA]
TOTAL FM JAN 1 1632 HIGHEST SLP 30.59 ON 19
DPTR FM NORMAL 4 LOWEST SLP 29.74 ON 11
[REMARKS]
#FINAL-11-21#