000
CXUS55 KALY 010710
CF6POU
PRELIMINARY LOCAL CLIMATOLOGICAL DATA (WS FORM: F-6)
STATION: POUGHKEEPSIE NY
MONTH: APRIL
YEAR: 2020
LATITUDE: 41 37 N
LONGITUDE: 73 53 W
TEMPERATURE IN F: :PCPN: SNOW: WIND :SUNSHINE: SKY :PK WND
================================================================================
1 2 3 4 5 6A 6B 7 8 9 10 11 12 13 14 15 16 17 18
12Z AVG MX 2MIN
DY MAX MIN AVG DEP HDD CDD WTR SNW DPTH SPD SPD DIR MIN PSBL S-S WX SPD DR
================================================================================
1 54 33 44 1 21 0 0.00 M M 6.9 20 360 M M 1 31 20
2 58 39 49 6 16 0 0.00 M M 13.4 25 360 M M 7 35 360
3 52 42 47 3 18 0 0.10 M M 11.2 23 10 M M 10 8 31 10
4 64 47 56 12 9 0 T M M 4.6 13 70 M M 8 16 40
5 64 44 54 9 11 0 0.00 M M 2.5 8 360 M M 8 13 180
6 64 42 53 8 12 0 0.00 M M 6.2 15 290 M M 2 21 290
7 68 43 56 11 9 0 0.00 M M 5.4 18 240 M M 5 23 260
8 60 39 50 4 15 0 0.09 M M 3.3 12 10 M M 7 18 14 10
9 54 37 46 0 19 0 0.32 M M 8.5 26 280 M M 4 138 38 280
10 47 39 43 -4 22 0 0.00 M M 13.6 32 270 M M 9 42 250
11 53 30 42 -5 23 0 0.00 M M 9.0 20 280 M M 4 26 270
12 61 27 44 -4 21 0 0.00 M M 4.9 16 150 M M 2 22 120
13 65 50 58 10 7 0 0.83 M M 10.4 28 180 M M 8 18 46 140
14 55 43 49 1 16 0 0.00 M M 7.5 17 280 M M 3 23 280
15 51 33 42 -7 23 0 T M M 7.9 18 270 M M 4 27 270
16 47 34 41 -8 24 0 T M M 9.5 24 270 M M 7 1 30 260
17 49 25 37 -12 28 0 0.25 M M 6.6 17 230 M M 5 1 25 230
18 47 30 39 -11 26 0 0.21 M M 6.4 16 330 M M 8 1 22 360
19 62 27 45 -5 20 0 0.00 M M 8.5 22 230 M M 0 32 250
20 56 33 45 -5 20 0 0.00 M M 5.8 20 10 M M 0 26 10
21 53 29 41 -10 24 0 0.19 M M 8.2 23 270 M M 5 18 32 260
22 49 32 41 -10 24 0 0.00 M M 12.3 26 280 M M 5 41 260
23 46 27 37 -15 28 0 0.00 M M 1.8 10 260 M M 7 12 230
24 50 34 42 -10 23 0 0.29 M M 5.5 14 10 M M 8 1 18 360
25 67 34 51 -1 14 0 0.00 M M 3.1 13 170 M M 5 1 17 170
26 51 37 44 -9 21 0 0.40 M M 7.9 18 10 M M 10 18 27 10
27 46 37 42 -11 23 0 0.02 M M 10.1 17 340 M M 10 1 24 350
28 64 38 51 -2 14 0 0.00 M M 5.1 15 10 M M 4 22 280
29 57 34 46 -8 19 0 0.00 M M 4.9 15 130 M M 7 23 140
30 59 45 52 -2 13 0 0.60 M M 10.5 21 130 M M 10 18 34 120
================================================================================
SM 1673 1084 563 0 3.30 M 221.5 M 173
================================================================================
AV 55.8 36.1 7.4 FASTST M M 6 MAX(MPH)
MISC ----> # 32 270 # 46 140
================================================================================
NOTES:
# LAST OF SEVERAL OCCURRENCES
COLUMN 17 PEAK WIND IN M.P.H.
PRELIMINARY LOCAL CLIMATOLOGICAL DATA (WS FORM: F-6) , PAGE 2
STATION: POUGHKEEPSIE NY
MONTH: APRIL
YEAR: 2020
LATITUDE: 41 37 N
LONGITUDE: 73 53 W
[TEMPERATURE DATA] [PRECIPITATION DATA] SYMBOLS USED IN COLUMN 16
AVERAGE MONTHLY: 46.0 TOTAL FOR MONTH: 3.30 1 = FOG OR MIST
DPTR FM NORMAL: -2.8 DPTR FM NORMAL: -0.48 2 = FOG REDUCING VISIBILITY
HIGHEST: 68 ON 7 GRTST 24HR 0.83 ON 13-13 TO 1/4 MILE OR LESS
LOWEST: 25 ON 17 3 = THUNDER
SNOW, ICE PELLETS, HAIL 4 = ICE PELLETS
TOTAL MONTH: M 5 = HAIL
GRTST 24HR M ON M 6 = FREEZING RAIN OR DRIZZLE
GRTST DEPTH: M ON M 7 = DUSTSTORM OR SANDSTORM:
VSBY 1/2 MILE OR LESS
8 = SMOKE OR HAZE
[NO. OF DAYS WITH] [WEATHER - DAYS WITH] 9 = BLOWING SNOW
X = TORNADO
MAX 32 OR BELOW: 0 0.01 INCH OR MORE: 11
MAX 90 OR ABOVE: 0 0.10 INCH OR MORE: 9
MIN 32 OR BELOW: 8 0.50 INCH OR MORE: 2
MIN 0 OR BELOW: 0 1.00 INCH OR MORE: 0
[HDD (BASE 65) ]
TOTAL THIS MO. 563 CLEAR (SCALE 0-3) 5
DPTR FM NORMAL 69 PTCLDY (SCALE 4-7) 18
TOTAL FM JUL 1 5353 CLOUDY (SCALE 8-10) 7
DPTR FM NORMAL -586
[CDD (BASE 65) ]
TOTAL THIS MO. 0
DPTR FM NORMAL -5 [PRESSURE DATA]
TOTAL FM JAN 1 0 HIGHEST SLP M ON M
DPTR FM NORMAL -5 LOWEST SLP 29.12 ON 9
[REMARKS]
#FINAL-04-20#