000
CXUS56 KFGZ 010910
CF6PRC
PRELIMINARY LOCAL CLIMATOLOGICAL DATA (WS FORM: F-6)
STATION: PRESCOTT AZ AIRPORT
MONTH: NOVEMBER
YEAR: 2021
LATITUDE: 34 39 N
LONGITUDE: 112 26 W
TEMPERATURE IN F: :PCPN: SNOW: WIND :SUNSHINE: SKY :PK WND
================================================================================
1 2 3 4 5 6A 6B 7 8 9 10 11 12 13 14 15 16 17 18
12Z AVG MX 2MIN
DY MAX MIN AVG DEP HDD CDD WTR SNW DPTH SPD SPD DIR MIN PSBL S-S WX SPD DR
================================================================================
1 67 41 54 2 11 0 0.00 M M 7.8 16 220 M M 0 20 230
2 69 40 55 3 10 0 0.00 M M 4.6 12 190 M M 0 16 10
3 71 38 55 3 10 0 0.00 M M 4.9 10 200 M M 0 13 210
4 74 36 55 4 10 0 0.00 M M 4.2 10 180 M M 0 13 20
5 76 37 57 6 8 0 0.00 M M 5.5 13 190 M M 0 14 200
6 74 38 56 5 9 0 0.00 M M 7.7 14 190 M M 0 20 200
7 72 39 56 6 9 0 0.00 M M 6.2 17 220 M M 0 21 230
8 70 38 54 4 11 0 0.00 M M 7.8 17 200 M M 0 8 22 200
9 67 39 53 3 12 0 0.00 M M 6.2 17 220 M M 0 8 24 220
10 67 36 52 3 13 0 0.00 M M 7.4 24 350 M M 0 31 20
11 67 34 51 2 14 0 0.00 M M 3.5 9 10 M M 0 12 340
12 71 33 52 4 13 0 0.00 M M 4.5 12 190 M M 0 12 190
13 72 32 52 4 13 0 0.00 M M 4.6 10 200 M M 0 8 12 200
14 74 34 54 6 11 0 0.00 M M 4.4 12 190 M M 0 13 190
15 75 35 55 8 10 0 0.00 M M 4.2 12 200 M M 0 13 200
16 66 37 52 5 13 0 0.00 M M 7.0 13 250 M M 0 16 190
17 66 30 48 1 17 0 0.00 M M 4.7 12 190 M M 0 13 200
18 66 30 48 2 17 0 0.00 M M 5.9 17 150 M M 0 22 110
19 67 33 50 4 15 0 0.00 M M 4.5 10 260 M M 0 14 240
20 64 34 49 4 16 0 0.00 M M 2.7 12 200 M M 0 12 200
21 62 32 47 2 18 0 0.00 M M 5.6 18 20 M M 0 23 40
22 65 26 46 1 19 0 0.00 M M 5.7 13 140 M M 0 16 140
23 52 43 48 4 17 0 0.03 M M 3.1 9 320 M M 7 12 290
24 57 30 44 0 21 0 0.00 M M 5.7 13 300 M M 0 16 340
25 54 22 38 -6 27 0 0.00 M M 5.8 22 30 M M 0 27 30
26 60 24 42 -1 23 0 0.00 M M 4.1 12 190 M M 0 13 190
27 65 29 47 4 18 0 0.00 M M 4.3 12 200 M M 0 13 190
28 68 30 49 7 16 0 0.00 M M 3.6 12 190 M M 0 13 190
29 69 31 50 8 15 0 0.00 M M 4.5 10 180 M M 0 12 180
30 69 32 51 9 14 0 0.00 0.0 0 4.7 10 190 M M 0 13 190
================================================================================
SM 2016 1013 430 0 0.03 0.0 155.4 M 7
================================================================================
AV 67.2 33.8 5.2 FASTST M M 0 MAX(MPH)
MISC ----> 24 350 31 20
================================================================================
NOTES:
# LAST OF SEVERAL OCCURRENCES
COLUMN 17 PEAK WIND IN M.P.H.
PRELIMINARY LOCAL CLIMATOLOGICAL DATA (WS FORM: F-6) , PAGE 2
STATION: PRESCOTT AZ AIRPORT
MONTH: NOVEMBER
YEAR: 2021
LATITUDE: 34 39 N
LONGITUDE: 112 26 W
[TEMPERATURE DATA] [PRECIPITATION DATA] SYMBOLS USED IN COLUMN 16
AVERAGE MONTHLY: 50.5 TOTAL FOR MONTH: 0.03 1 = FOG OR MIST
DPTR FM NORMAL: 3.4 DPTR FM NORMAL: -0.66 2 = FOG REDUCING VISIBILITY
HIGHEST: 76 ON 5 GRTST 24HR 0.03 ON 23-23 TO 1/4 MILE OR LESS
LOWEST: 22 ON 25 3 = THUNDER
SNOW, ICE PELLETS, HAIL 4 = ICE PELLETS
TOTAL MONTH: 0.0 INCH 5 = HAIL
GRTST 24HR 0.0 6 = FREEZING RAIN OR DRIZZLE
GRTST DEPTH: 0 7 = DUSTSTORM OR SANDSTORM:
VSBY 1/2 MILE OR LESS
8 = SMOKE OR HAZE
[NO. OF DAYS WITH] [WEATHER - DAYS WITH] 9 = BLOWING SNOW
X = TORNADO
MAX 32 OR BELOW: 0 0.01 INCH OR MORE: 1
MAX 90 OR ABOVE: 0 0.10 INCH OR MORE: 0
MIN 32 OR BELOW: 12 0.50 INCH OR MORE: 0
MIN 0 OR BELOW: 0 1.00 INCH OR MORE: 0
[HDD (BASE 65) ]
TOTAL THIS MO. 430 CLEAR (SCALE 0-3) 29
DPTR FM NORMAL -107 PTCLDY (SCALE 4-7) 1
TOTAL FM JUL 1 781 CLOUDY (SCALE 8-10) 0
DPTR FM NORMAL -16
[CDD (BASE 65) ]
TOTAL THIS MO. 0
DPTR FM NORMAL 0 [PRESSURE DATA]
TOTAL FM JAN 1 1165 HIGHEST SLP M ON M
DPTR FM NORMAL 97 LOWEST SLP 29.87 ON 23
[REMARKS]
#FINAL-11-21#