000
CXUS56 KPDT 011640
CLMPSC
CLIMATE REPORT
NATIONAL WEATHER SERVICE PENDLETON, OR
840 AM PST FRI DEC 01 2023
...................................
...THE PASCO WA CLIMATE SUMMARY FOR THE MONTH OF NOVEMBER 2023...
CLIMATE NORMAL PERIOD 1991 TO 2020
CLIMATE RECORD PERIOD 1894 TO 2023
WEATHER OBSERVED NORMAL DEPART LAST YEAR`S
VALUE DATE(S) VALUE FROM VALUE DATE(S)
NORMAL
................................................................
TEMPERATURE (F)
RECORD
HIGH 78 11/18/1897
LOW -8 11/23/1985
HIGHEST 64 11/11 63 11/04
LOWEST 20 11/25 15 11/19
11/26
AVG. MAXIMUM 48.4 49.9 -1.5 43.2
AVG. MINIMUM 31.4 31.9 -0.5 27.3
MEAN 39.9 40.9 -1.0 35.3
DAYS MAX >= 90 0 0.0 0.0 0
DAYS MAX <= 32 2 1.3 0.7 2
DAYS MIN <= 32 21 17.1 3.9 24
DAYS MIN <= 0 0 0.1 -0.1 0
PRECIPITATION (INCHES)
RECORD
MAXIMUM 3.38 1897
MINIMUM T 1929
TOTALS 0.74 0.87 -0.13 1.11
DAILY AVG. 0.02 0.03 -0.00 0.04
DAYS >= .01 10 9.0 1.0 9
DAYS >= .10 3 2.4 0.6 3
DAYS >= .50 0 0.1 -0.1 1
DAYS >= 1.00 0 0.0 0.0 0
GREATEST
24 HR. TOTAL 0.29 11/01 TO 11/02 0.68 10/31 TO 11/01
DEGREE DAYS
HEATING TOTAL 747 723 24 885
SINCE 7/1 1170 1218 -48
COOLING TOTAL 0 0 0 0
SINCE 1/1 1162 788 374
................................................................
WIND (MPH)
AVERAGE WIND SPEED 4.7
RESULTANT WIND SPEED/DIRECTION 2/260
HIGHEST WIND SPEED/DIRECTION 36/210 DATE 11/11
HIGHEST GUST SPEED/DIRECTION 47/210 DATE 11/11
AVERAGE RH (PERCENT) 79
WEATHER CONDITIONS. NUMBER OF DAYS WITH
THUNDERSTORM 0 MIXED PRECIP 0
HEAVY RAIN 0 RAIN 3
LIGHT RAIN 12 FREEZING RAIN 0
LT FREEZING RAIN 0 HAIL 0
HEAVY SNOW 0 SNOW 0
LIGHT SNOW 1 SLEET 0
FOG 25 FOG W/VIS <= 1/4 MILE 9
HAZE 6
- INDICATES NEGATIVE NUMBERS.
R INDICATES RECORD WAS SET OR TIED.
MM INDICATES DATA IS MISSING.
T INDICATES TRACE AMOUNT.
$$