000
CXUS55 KALY 010710
CF6PSF
PRELIMINARY LOCAL CLIMATOLOGICAL DATA (WS FORM: F-6)
STATION: PITTSFIELD MA
MONTH: OCTOBER
YEAR: 2022
LATITUDE: 42 25 N
LONGITUDE: 73 18 W
TEMPERATURE IN F: :PCPN: SNOW: WIND :SUNSHINE: SKY :PK WND
================================================================================
1 2 3 4 5 6A 6B 7 8 9 10 11 12 13 14 15 16 17 18
12Z AVG MX 2MIN
DY MAX MIN AVG DEP HDD CDD WTR SNW DPTH SPD SPD DIR MIN PSBL S-S WX SPD DR
================================================================================
1 61 43 52 -2 13 0 T M M 3.8 13 50 M M 7 1 17 50
2 56 43 50 -4 15 0 0.00 M M 9.4 21 50 M M 4 30 60
3 51 42 47 -6 18 0 0.00 M M 6.4 17 50 M M 1 26 50
4 53 44 49 -4 16 0 0.25 M M 5.3 15 40 M M 9 1 18 40
5 61 46 54 2 11 0 1.28 M M 4.1 14 40 M M 9 123 18 40
6 72 42 57 5 8 0 0.00 M M 2.2 10 270 M M 4 12 13 270
7 70 44 57 5 8 0 0.01 M M 5.7 17 270 M M 3 1 26 280
8 50 34 42 -9 23 0 0.00 M M 9.3 24 280 M M 4 32 280
9 57 30 44 -7 21 0 0.00 M M 5.3 17 280 M M 4 24 250
10 58 39 49 -1 16 0 0.05 M M 3.1 17 320 M M 9 128 24 320
11 64 32 48 -2 17 0 0.00 M M 2.0 15 270 M M 5 12 18 230
12 67 37 52 2 13 0 0.00 M M 5.8 20 230 M M 2 12 27 230
13 69 49 59 10 6 0 1.19 M M 8.4 24 130 M M 7 1 33 150
14 61 38 50 1 15 0 0.39 M M 4.5 15 290 M M 6 1 19 300
15 66 33 50 1 15 0 0.00 M M 4.2 17 200 M M 3 12 25 200
16 61 38 50 2 15 0 0.00 M M 2.4 10 260 M M 1 1 13 280
17 54 34 44 -4 21 0 0.61 M M 1.2 12 70 M M 7 123 13 70
18 51 35 43 -5 22 0 T M M 3.5 12 230 M M 6 1 15 240
19 48 29 39 -8 26 0 0.00 M M 5.6 18 230 M M 4 1 28 230
20 52 32 42 -5 23 0 0.00 M M 7.5 21 230 M M 0 31 210
21 57 29 43 -3 22 0 0.00 M M 2.1 12 170 M M 0 15 160
22 66 29 48 2 17 0 0.00 M M 2.1 13 210 M M 0 16 210
23 63 34 49 3 16 0 0.00 M M 3.2 13 60 M M 2 1 17 40
24 60 52 56 10 9 0 0.34 M M 5.5 10 50 M M 10 1 16 60
25 70 57 64 19 1 0 0.22 M M 5.4 14 130 M M 9 1 21 130
26 73 59 66 21 0 1 0.02 M M 5.6 17 270 M M 7 12 22 200
27 59 36 48 4 17 0 0.00 M M 9.4 26 300 M M 4 37 290
28 56 30 43 -1 22 0 0.00 M M 1.6 8 250 M M 0 10 10
29 63 27 45 1 20 0 0.00 M M 1.3 9 260 M M 0 18 10 260
30 66 27 47 4 18 0 0.00 M M 1.3 9 210 M M 0 1 12 200
31 62 32 47 4 18 0 0.00 M M 2.9 15 230 M M 3 20 230
================================================================================
SM 1877 1176 482 1 4.36 M 140.1 M 130
================================================================================
AV 60.5 37.9 4.5 FASTST M M 4 MAX(MPH)
MISC ----> 26 300 37 290
================================================================================
NOTES:
# LAST OF SEVERAL OCCURRENCES
COLUMN 17 PEAK WIND IN M.P.H.
PRELIMINARY LOCAL CLIMATOLOGICAL DATA (WS FORM: F-6) , PAGE 2
STATION: PITTSFIELD MA
MONTH: OCTOBER
YEAR: 2022
LATITUDE: 42 25 N
LONGITUDE: 73 18 W
[TEMPERATURE DATA] [PRECIPITATION DATA] SYMBOLS USED IN COLUMN 16
AVERAGE MONTHLY: 49.2 TOTAL FOR MONTH: 4.36 1 = FOG OR MIST
DPTR FM NORMAL: 0.8 DPTR FM NORMAL: -0.20 2 = FOG REDUCING VISIBILITY
HIGHEST: 73 ON 26 GRTST 24HR 1.58 ON 13-14 TO 1/4 MILE OR LESS
LOWEST: 27 ON 30,29 3 = THUNDER
SNOW, ICE PELLETS, HAIL 4 = ICE PELLETS
TOTAL MONTH: M 5 = HAIL
GRTST 24HR M ON M 6 = FREEZING RAIN OR DRIZZLE
GRTST DEPTH: M ON M 7 = DUSTSTORM OR SANDSTORM:
VSBY 1/2 MILE OR LESS
8 = SMOKE OR HAZE
[NO. OF DAYS WITH] [WEATHER - DAYS WITH] 9 = BLOWING SNOW
X = TORNADO
MAX 32 OR BELOW: 0 0.01 INCH OR MORE: 10
MAX 90 OR ABOVE: 0 0.10 INCH OR MORE: 7
MIN 32 OR BELOW: 10 0.50 INCH OR MORE: 3
MIN 0 OR BELOW: 0 1.00 INCH OR MORE: 2
[HDD (BASE 65) ]
TOTAL THIS MO. 482 CLEAR (SCALE 0-3) 12
DPTR FM NORMAL -34 PTCLDY (SCALE 4-7) 14
TOTAL FM JUL 1 659 CLOUDY (SCALE 8-10) 5
DPTR FM NORMAL -108
[CDD (BASE 65) ]
TOTAL THIS MO. 1
DPTR FM NORMAL -1 [PRESSURE DATA]
TOTAL FM JAN 1 411 HIGHEST SLP M ON M
DPTR FM NORMAL 66 LOWEST SLP 29.51 ON 18
[REMARKS]
#FINAL-10-22#