000
CXUS56 KSGX 011245
CF6PSP
PRELIMINARY LOCAL CLIMATOLOGICAL DATA (WS FORM: F-6)
STATION: PALM SPRINGS INTL AIRPORT CA
MONTH: OCTOBER
YEAR: 2020
LATITUDE: 33 49 N
LONGITUDE: 116 30 W
TEMPERATURE IN F: :PCPN: SNOW: WIND :SUNSHINE: SKY :PK WND
================================================================================
1 2 3 4 5 6A 6B 7 8 9 10 11 12 13 14 15 16 17 18
12Z AVG MX 2MIN
DY MAX MIN AVG DEP HDD CDD WTR SNW DPTH SPD SPD DIR MIN PSBL S-S WX SPD DR
================================================================================
1 113 79 96 15 0 31 0.00 0.0 0 5.5 13 330 M M 0 14 320
2 111 74 93 12 0 28 0.00 0.0 0 5.7 12 110 M M 0 15 130
3 108 76 92 12 0 27 0.00 0.0 0 6.9 14 90 M M 0 18 110
4 106 70 88 8 0 23 0.00 0.0 0 5.4 16 320 M M 0 19 320
5 108 75 92 13 0 27 0.00 0.0 0 4.2 16 330 M M 0 8 19 320
6 106 71 89 10 0 24 0.00 0.0 0 3.5 16 320 M M 0 19 320
7 105 70 88 9 0 23 0.00 0.0 0 3.5 15 310 M M 0 8 20 310
8 96 66 81 3 0 16 0.00 0.0 0 7.5 22 320 M M 0 29 320
9 95 66 81 3 0 16 0.00 0.0 0 7.4 21 320 M M 0 27 310
10 95 65 80 2 0 15 0.00 0.0 0 4.9 22 320 M M 0 27 320
11 98 64 81 4 0 16 0.00 0.0 0 3.3 12 310 M M 0 14 320
12 104 73 89 12 0 24 0.00 0.0 0 5.2 12 340 M M 0 14 340
13 104 72 88 11 0 23 0.00 0.0 0 5.6 13 80 M M 0 16 80
14 107 74 91 15 0 26 0.00 0.0 0 5.7 13 340 M M 0 14 140
15 109 72 91 15 0 26 0.00 0.0 0 4.2 13 10 M M 0 16 20
16 105 77 91 15 0 26 0.00 0.0 0 6.0 15 330 M M 0 19 330
17 105 74 90 15 0 25 0.00 0.0 0 4.9 12 320 M M 0 15 330
18 102 72 87 12 0 22 0.00 0.0 0 2.8 13 320 M M 0 16 320
19 102 68 85 10 0 20 0.00 0.0 0 2.4 12 320 M M 0 21 80
20 102 66 84 10 0 19 0.00 0.0 0 5.5 14 330 M M 0 16 330
21 97 67 82 8 0 17 0.00 0.0 0 4.0 13 340 M M 0 14 340
22 92 64 78 4 0 13 0.00 0.0 0 4.1 16 320 M M 0 22 310
23 91 60 76 3 0 11 0.00 0.0 0 4.4 16 320 M M 0 18 320
24 86 66 76 3 0 11 0.00 0.0 0 7.0 20 310 M M 0 27 310
25 82 63 73 0 0 8 0.00 0.0 0 11.2 31 320 M M 0 36 320
26 71 58 65 -7 0 0 0.00 0.0 0 13.8 32 340 M M 0 8 40 350
27 81 60 71 -1 0 6 0.00 0.0 0 7.2 22 360 M M 0 30 360
28 81 53 67 -5 0 2 0.00 0.0 0 4.4 12 360 M M 0 14 110
29 85 54 70 -1 0 5 0.00 0.0 0 4.6 10 330 M M 0 14 130
30 92 58 75 4 0 10 0.00 0.0 0 5.9 10 340 M M 0 14 110
31 94 61 78 7 0 13 0.00 0.0 0 5.1 12 330 M M 0 13 320
================================================================================
SM 3033 2088 0 553 0.00 0.0 171.8 M 0
================================================================================
AV 97.8 67.4 5.5 FASTST M M 0 MAX(MPH)
MISC ----> # 32 340 # 40 350
================================================================================
NOTES:
# LAST OF SEVERAL OCCURRENCES
COLUMN 17 PEAK WIND IN M.P.H.
PRELIMINARY LOCAL CLIMATOLOGICAL DATA (WS FORM: F-6) , PAGE 2
STATION: PALM SPRINGS INTL AIRPORT CA
MONTH: OCTOBER
YEAR: 2020
LATITUDE: 33 49 N
LONGITUDE: 116 30 W
[TEMPERATURE DATA] [PRECIPITATION DATA] SYMBOLS USED IN COLUMN 16
AVERAGE MONTHLY: 82.6 TOTAL FOR MONTH: 0.00 1 = FOG OR MIST
DPTR FM NORMAL: 6.9 DPTR FM NORMAL: -0.44 2 = FOG REDUCING VISIBILITY
HIGHEST: 113 ON 1 GRTST 24HR 0.00 ON 31-31 TO 1/4 MILE OR LESS
LOWEST: 53 ON 28 3 = THUNDER
SNOW, ICE PELLETS, HAIL 4 = ICE PELLETS
TOTAL MONTH: 0.0 INCH 5 = HAIL
GRTST 24HR 0.0 6 = FREEZING RAIN OR DRIZZLE
GRTST DEPTH: 0 7 = DUSTSTORM OR SANDSTORM:
VSBY 1/2 MILE OR LESS
8 = SMOKE OR HAZE
[NO. OF DAYS WITH] [WEATHER - DAYS WITH] 9 = BLOWING SNOW
X = TORNADO
MAX 32 OR BELOW: 0 0.01 INCH OR MORE: 0
MAX 90 OR ABOVE: 25 0.10 INCH OR MORE: 0
MIN 32 OR BELOW: 0 0.50 INCH OR MORE: 0
MIN 0 OR BELOW: 0 1.00 INCH OR MORE: 0
[HDD (BASE 65) ]
TOTAL THIS MO. 0 CLEAR (SCALE 0-3) 31
DPTR FM NORMAL -4 PTCLDY (SCALE 4-7) 0
TOTAL FM JUL 1 0 CLOUDY (SCALE 8-10) 0
DPTR FM NORMAL -4
[CDD (BASE 65) ]
TOTAL THIS MO. 553
DPTR FM NORMAL 217 [PRESSURE DATA]
TOTAL FM JAN 1 4955 HIGHEST SLP 30.09 ON 28
DPTR FM NORMAL 893 LOWEST SLP 29.78 ON 2
[REMARKS]
#FINAL-10-20#