000
CXUS54 KHGX 011510
CF6PSX
PRELIMINARY LOCAL CLIMATOLOGICAL DATA (WS FORM: F-6)
STATION: PALACIOS
MONTH: DECEMBER
YEAR: 2022
LATITUDE: 28 43 N
LONGITUDE: 96 15 W
TEMPERATURE IN F: :PCPN: SNOW: WIND :SUNSHINE: SKY :PK WND
================================================================================
1 2 3 4 5 6A 6B 7 8 9 10 11 12 13 14 15 16 17 18
12Z AVG MX 2MIN
DY MAX MIN AVG DEP HDD CDD WTR SNW DPTH SPD SPD DIR MIN PSBL S-S WX SPD DR
================================================================================
1 64 44 54 -7 11 0 T 0.0 0 14.0 22 60 M M 7 1 27 60
2 72 63 68 8 0 3 0.07 0.0 0 6.1 16 90 M M 10 12 21 80
3 75 58 67 7 0 2 T 0.0 0 7.2 17 360 M M 10 123 22 360
4 74 56 65 5 0 0 0.00 0.0 0 7.3 10 130 M M 9 13 M M
5 78 66 72 12 0 7 0.00 0.0 0 8.3 16 190 M M 5 12 21 180
6 78 69 74 14 0 9 0.00 0.0 0 10.5 17 160 M M 8 1 21 170
7 80 69 75 15 0 10 0.00 0.0 0 9.3 17 150 M M 9 12 23 140
8 80 70 75 16 0 10 0.00 0.0 0 8.7 14 150 M M 6 123 18 150
9 80 69 75 16 0 10 0.00 0.0 0 8.6 18 150 M M 6 12 24 140
10 81 67 74 15 0 9 0.00 0.0 0 9.7 20 140 M M 4 1 24 140
11 76 66 71 12 0 6 1.30 0.0 0 5.9 14 210 M M 9 1238 19 210
12 77 66 72 13 0 7 0.01 0.0 0 12.4 18 140 M M 7 1 26 110
13 79 71 75 17 0 10 T 0.0 0 13.7 21 170 M M 7 1 30 180
14 73 49 61 3 4 0 0.88 0.0 0 11.1 32 350 M M 5 13 43 360
15 66 43 55 -3 10 0 0.00 0.0 0 7.0 14 90 M M 0 18 130
16 73 47 60 2 5 0 0.07 0.0 0 11.0 28 360 M M 5 1 37 360
17 54 43 49 -9 16 0 T 0.0 0 11.1 21 10 M M 9 26 10
18 56 40 48 -10 17 0 0.00 0.0 0 11.5 20 50 M M 8 25 60
19 62 48 55 -2 10 0 0.97 0.0 0 15.0 30 330 M M 10 13 41 330
20 58 47 53 -4 12 0 0.00 0.0 0 14.3 22 350 M M 9 1 27 350
21 52 44 48 -9 17 0 0.00 0.0 0 4.6 15 30 M M 7 1 20 30
22 68 23 46 -11 19 0 0.00 0.0 0 14.4 41 360 M M 5 1 58 350
23 33 18 26 -31 39 0 0.00 0.0 0 22.7 32 350 M M 0 48 350
24 40 22 31 -26 34 0 0.00 0.0 0 9.7 20 10 M M 0 24 10
25 50 25 38 -18 27 0 0.00 0.0 0 6.5 13 20 M M 0 17 10
26 61 30 46 -10 19 0 0.00 0.0 0 4.4 10 340 M M 2 15 340
27 59 32 46 -10 19 0 0.00 0.0 0 6.9 15 20 M M 0 19 180
28 73 41 57 1 8 0 0.00 0.0 0 9.7 17 170 M M 5 12 23 170
29 73 61 67 11 0 2 T 0.0 0 10.3 17 150 M M 10 1 23 150
30 76 54 65 9 0 0 0.00 0.0 0 6.5 17 20 M M 6 12 23 360
31 72 50 61 5 4 0 0.00 0.0 0 6.9 14 190 M M 6 12 19 210
================================================================================
SM 2093 1551 271 85 3.30 0.0 305.3 M 184
================================================================================
AV 67.5 50.0 9.8 FASTST M M 6 MAX(MPH)
MISC ----> 41 360 58 350
================================================================================
NOTES:
# LAST OF SEVERAL OCCURRENCES
COLUMN 17 PEAK WIND IN M.P.H.
PRELIMINARY LOCAL CLIMATOLOGICAL DATA (WS FORM: F-6) , PAGE 2
STATION: PALACIOS
MONTH: DECEMBER
YEAR: 2022
LATITUDE: 28 43 N
LONGITUDE: 96 15 W
[TEMPERATURE DATA] [PRECIPITATION DATA] SYMBOLS USED IN COLUMN 16
AVERAGE MONTHLY: 58.8 TOTAL FOR MONTH: 3.30 1 = FOG OR MIST
DPTR FM NORMAL: 0.8 DPTR FM NORMAL: 0.32 2 = FOG REDUCING VISIBILITY
HIGHEST: 81 ON 10 GRTST 24HR 1.30 ON 11-11 TO 1/4 MILE OR LESS
LOWEST: 18 ON 23 3 = THUNDER
SNOW, ICE PELLETS, HAIL 4 = ICE PELLETS
TOTAL MONTH: 0.0 INCH 5 = HAIL
GRTST 24HR 0.0 6 = FREEZING RAIN OR DRIZZLE
GRTST DEPTH: 0 7 = DUSTSTORM OR SANDSTORM:
VSBY 1/2 MILE OR LESS
8 = SMOKE OR HAZE
[NO. OF DAYS WITH] [WEATHER - DAYS WITH] 9 = BLOWING SNOW
X = TORNADO
MAX 32 OR BELOW: 0 0.01 INCH OR MORE: 6
MAX 90 OR ABOVE: 0 0.10 INCH OR MORE: 3
MIN 32 OR BELOW: 6 0.50 INCH OR MORE: 3
MIN 0 OR BELOW: 0 1.00 INCH OR MORE: 1
[HDD (BASE 65) ]
TOTAL THIS MO. 271 CLEAR (SCALE 0-3) 6
DPTR FM NORMAL 16 PTCLDY (SCALE 4-7) 15
TOTAL FM JUL 1 458 CLOUDY (SCALE 8-10) 10
DPTR FM NORMAL 72
[CDD (BASE 65) ]
TOTAL THIS MO. 85
DPTR FM NORMAL 47 [PRESSURE DATA]
TOTAL FM JAN 1 3849 HIGHEST SLP 30.70 ON 23
DPTR FM NORMAL 327 LOWEST SLP 29.65 ON 14
[REMARKS]
#FINAL-12-22#