000
CXUS51 KBOX 010910
CF6PVD
PRELIMINARY LOCAL CLIMATOLOGICAL DATA (WS FORM: F-6)
STATION: PROVIDENCE RI
MONTH: JANUARY
YEAR: 2023
LATITUDE: 41 43 N
LONGITUDE: 71 26 W
TEMPERATURE IN F: :PCPN: SNOW: WIND :SUNSHINE: SKY :PK WND
================================================================================
1 2 3 4 5 6A 6B 7 8 9 10 11 12 13 14 15 16 17 18
12Z AVG MX 2MIN
DY MAX MIN AVG DEP HDD CDD WTR SNW DPTH SPD SPD DIR MIN PSBL S-S WX SPD DR
================================================================================
1 54 37 46 14 19 0 0.09 0.0 0 7.9 21 300 M M 6 1 28 290
2 48 30 39 7 26 0 0.00 0.0 0 4.5 10 270 M M 5 12 270
3 51 31 41 9 24 0 0.35 0.0 0 3.0 12 230 M M 9 1 16 240
4 46 40 43 12 22 0 0.32 0.0 0 4.7 12 360 M M 10 12 13 80
5 45 37 41 10 24 0 0.02 0.0 0 11.2 18 20 M M 10 1 24 10
6 37 32 35 4 30 0 0.15 0.0 0 7.1 14 10 M M 10 1 19 360
7 44 28 36 5 29 0 0.00 0.0 0 6.0 16 310 M M 8 1 21 290
8 37 24 31 0 34 0 0.00 0.0 0 5.6 13 300 M M 3 18 310
9 43 25 34 3 31 0 0.01 0.1 T 5.4 15 290 M M 6 1 18 290
10 44 29 37 7 28 0 0.00 0.0 0 7.5 16 310 M M 8 21 320
11 38 23 31 1 34 0 T T 0 7.5 13 10 M M 8 15 360
12 50 32 41 11 24 0 0.69 T 0 8.1 32 160 M M 10 1 42 160
13 58 40 49 19 16 0 0.65 0.0 0 13.9 33 200 M M 10 1 45 200
14 40 32 36 6 29 0 0.02 T 0 16.8 25 10 M M 10 14 33 10
15 37 30 34 4 31 0 T T 0 21.2 33 10 M M 10 41 10
16 35 31 33 3 32 0 0.05 0.5 T 12.3 25 10 M M 9 1 32 10
17 51 29 40 10 25 0 T 0.0 0 7.3 15 240 M M 5 18 280
18 53 38 46 16 19 0 0.00 0.0 0 10.6 24 320 M M 6 32 270
19 42 32 37 7 28 0 1.05 0.0 0 6.6 16 40 M M 7 1 21 40
20 39 32 36 6 29 0 0.22 T 0 8.2 25 50 M M 10 1 31 50
21 35 30 33 3 32 0 T T 0 7.5 15 310 M M 10 1 22 360
22 38 29 34 4 31 0 0.34 0.0 0 4.5 14 10 M M 10 1 17 360
23 36 30 33 3 32 0 0.92 0.7 0 11.8 20 300 M M 10 14 28 310
24 39 26 33 3 32 0 0.00 0.0 T 9.7 25 300 M M 6 32 280
25 47 29 38 8 27 0 0.75 T 0 5.9 18 160 M M 7 1 27 160
26 55 36 46 16 19 0 1.09 0.0 0 17.1 32 180 M M 8 1 52 180
27 43 27 35 5 30 0 0.00 0.0 0 5.5 14 290 M M 3 17 290
28 51 24 38 8 27 0 0.00 0.0 0 8.2 25 240 M M 5 33 230
29 52 29 41 11 24 0 T 0.0 0 6.8 21 180 M M 7 27 190
30 51 35 43 13 22 0 0.00 0.0 0 5.2 12 160 M M 4 14 160
31 40 25 33 3 32 0 0.04 0.2 0 8.1 16 20 M M 8 1 21 300
================================================================================
SM 1379 952 842 0 6.76 1.5 265.7 M 238
================================================================================
AV 44.5 30.7 8.6 FASTST M M 8 MAX(MPH)
MISC ----> # 33 200 52 180
================================================================================
NOTES:
# LAST OF SEVERAL OCCURRENCES
COLUMN 17 PEAK WIND IN M.P.H.
PRELIMINARY LOCAL CLIMATOLOGICAL DATA (WS FORM: F-6) , PAGE 2
STATION: PROVIDENCE RI
MONTH: JANUARY
YEAR: 2023
LATITUDE: 41 43 N
LONGITUDE: 71 26 W
[TEMPERATURE DATA] [PRECIPITATION DATA] SYMBOLS USED IN COLUMN 16
AVERAGE MONTHLY: 37.6 TOTAL FOR MONTH: 6.76 1 = FOG OR MIST
DPTR FM NORMAL: 7.4 DPTR FM NORMAL: 2.80 2 = FOG REDUCING VISIBILITY
HIGHEST: 58 ON 13 GRTST 24HR 1.84 ON 25-26 TO 1/4 MILE OR LESS
LOWEST: 23 ON 11 3 = THUNDER
SNOW, ICE PELLETS, HAIL 4 = ICE PELLETS
TOTAL MONTH: 1.5 INCHES 5 = HAIL
GRTST 24HR 0.7 ON 23-23 6 = FREEZING RAIN OR DRIZZLE
GRTST DEPTH: T 7 = DUSTSTORM OR SANDSTORM:
VSBY 1/2 MILE OR LESS
8 = SMOKE OR HAZE
[NO. OF DAYS WITH] [WEATHER - DAYS WITH] 9 = BLOWING SNOW
X = TORNADO
MAX 32 OR BELOW: 0 0.01 INCH OR MORE: 17
MAX 90 OR ABOVE: 0 0.10 INCH OR MORE: 11
MIN 32 OR BELOW: 24 0.50 INCH OR MORE: 6
MIN 0 OR BELOW: 0 1.00 INCH OR MORE: 2
[HDD (BASE 65) ]
TOTAL THIS MO. 842 CLEAR (SCALE 0-3) 1
DPTR FM NORMAL -237 PTCLDY (SCALE 4-7) 16
TOTAL FM JUL 1 2624 CLOUDY (SCALE 8-10) 14
DPTR FM NORMAL -391
[CDD (BASE 65) ]
TOTAL THIS MO. 0
DPTR FM NORMAL 0 [PRESSURE DATA]
TOTAL FM JAN 1 0 HIGHEST SLP 30.34 ON 29
DPTR FM NORMAL 0 LOWEST SLP 29.32 ON 26
[REMARKS]
#FINAL-01-23#