000
CXUS51 KBOX 010810
CF6PVD
PRELIMINARY LOCAL CLIMATOLOGICAL DATA (WS FORM: F-6)
STATION: PROVIDENCE RI
MONTH: MARCH
YEAR: 2022
LATITUDE: 41 43 N
LONGITUDE: 71 26 W
TEMPERATURE IN F: :PCPN: SNOW: WIND :SUNSHINE: SKY :PK WND
================================================================================
1 2 3 4 5 6A 6B 7 8 9 10 11 12 13 14 15 16 17 18
12Z AVG MX 2MIN
DY MAX MIN AVG DEP HDD CDD WTR SNW DPTH SPD SPD DIR MIN PSBL S-S WX SPD DR
================================================================================
1 43 19 31 -4 34 0 0.10 0.0 0 7.2 21 190 M M 7 1 28 190
2 47 31 39 4 26 0 0.02 0.0 0 8.1 17 280 M M 5 23 310
3 43 24 34 -1 31 0 0.12 0.0 0 13.3 25 310 M M 5 1 35 320
4 37 17 27 -9 38 0 0.00 0.0 0 8.0 18 350 M M 1 25 350
5 45 21 33 -3 32 0 0.00 0.0 0 5.9 16 210 M M 5 19 210
6 63 38 51 15 14 0 0.08 0.0 0 13.8 30 240 M M 9 128 40 230
7 63 48 56 20 9 0 0.04 0.0 0 11.3 33 260 M M 7 44 260
8 54 34 44 7 21 0 0.00 0.0 0 15.0 31 310 M M 3 44 290
9 40 30 35 -2 30 0 0.38 3.3 0 5.7 15 170 M M 8 1 19 170
10 53 28 41 4 24 0 0.00 0.0 1 5.1 14 150 M M 7 1 16 160
11 53 28 41 4 24 0 0.00 0.0 0 6.5 21 160 M M 4 1 25 170
12 49 23 36 -2 29 0 0.51 0.1 0 11.5 29 290 M M 10 12 46 300
13 37 22 30 -8 35 0 0.00 0.0 0 16.1 30 290 M M 3 41 280
14 55 26 41 3 24 0 0.00 0.0 0 9.4 21 250 M M 5 24 230
15 62 42 52 14 13 0 0.00 0.0 0 8.4 15 150 M M 7 19 160
16 56 35 46 7 19 0 0.00 0.0 0 5.4 16 160 M M 3 18 21 160
17 56 35 46 7 19 0 0.19 0.0 0 2.7 10 160 M M 8 12 13 160
18 70 44 57 18 8 0 0.00 0.0 0 6.1 15 160 M M 6 1 17 150
19 56 44 50 10 15 0 0.28 0.0 0 6.3 17 170 M M 10 12 25 180
20 65 45 55 15 10 0 0.02 0.0 0 7.9 22 320 M M 9 12 28 320
21 61 43 52 12 13 0 0.00 0.0 0 15.2 31 290 M M 4 39 280
22 54 37 46 5 19 0 0.00 0.0 0 13.5 26 310 M M 2 41 300
23 48 31 40 -1 25 0 0.01 0.0 0 7.4 15 350 M M 5 19 360
24 46 38 42 1 23 0 0.82 0.0 0 10.6 17 110 M M 10 1 22 120
25 61 40 51 9 14 0 0.38 0.0 0 8.5 18 230 M M 8 1 25 260
26 55 40 48 6 17 0 0.24 0.0 0 8.1 22 270 M M 8 1 27 270
27 50 30 40 -2 25 0 0.00 0.0 0 12.7 25 300 M M 7 36 300
28 34 21 28 -14 37 0 0.00 0.0 0 16.8 25 290 M M 7 36 290
29 40 19 30 -13 35 0 0.00 0.0 0 13.4 22 280 M M 2 28 300
30 50 28 39 -4 26 0 0.00 0.0 0 9.7 18 320 M M 5 24 320
31 63 40 52 8 13 0 0.36 0.0 0 17.7 35 210 M M 10 18 47 200
================================================================================
SM 1609 1001 702 0 3.55 3.4 307.3 M 190
================================================================================
AV 51.9 32.3 9.9 FASTST M M 6 MAX(MPH)
MISC ----> 35 210 47 200
================================================================================
NOTES:
# LAST OF SEVERAL OCCURRENCES
COLUMN 17 PEAK WIND IN M.P.H.
PRELIMINARY LOCAL CLIMATOLOGICAL DATA (WS FORM: F-6) , PAGE 2
STATION: PROVIDENCE RI
MONTH: MARCH
YEAR: 2022
LATITUDE: 41 43 N
LONGITUDE: 71 26 W
[TEMPERATURE DATA] [PRECIPITATION DATA] SYMBOLS USED IN COLUMN 16
AVERAGE MONTHLY: 42.1 TOTAL FOR MONTH: 3.55 1 = FOG OR MIST
DPTR FM NORMAL: 3.2 DPTR FM NORMAL: -1.35 2 = FOG REDUCING VISIBILITY
HIGHEST: 70 ON 18 GRTST 24HR 1.09 ON 24-25 TO 1/4 MILE OR LESS
LOWEST: 17 ON 4 3 = THUNDER
SNOW, ICE PELLETS, HAIL 4 = ICE PELLETS
TOTAL MONTH: 3.4 INCHES 5 = HAIL
GRTST 24HR 3.3 ON 9- 9 6 = FREEZING RAIN OR DRIZZLE
GRTST DEPTH: 1 ON 10 7 = DUSTSTORM OR SANDSTORM:
VSBY 1/2 MILE OR LESS
8 = SMOKE OR HAZE
[NO. OF DAYS WITH] [WEATHER - DAYS WITH] 9 = BLOWING SNOW
X = TORNADO
MAX 32 OR BELOW: 0 0.01 INCH OR MORE: 15
MAX 90 OR ABOVE: 0 0.10 INCH OR MORE: 10
MIN 32 OR BELOW: 16 0.50 INCH OR MORE: 2
MIN 0 OR BELOW: 0 1.00 INCH OR MORE: 0
[HDD (BASE 65) ]
TOTAL THIS MO. 702 CLEAR (SCALE 0-3) 5
DPTR FM NORMAL -106 PTCLDY (SCALE 4-7) 19
TOTAL FM JUL 1 4293 CLOUDY (SCALE 8-10) 7
DPTR FM NORMAL -459
[CDD (BASE 65) ]
TOTAL THIS MO. 0
DPTR FM NORMAL 0 [PRESSURE DATA]
TOTAL FM JAN 1 0 HIGHEST SLP 30.55 ON 4
DPTR FM NORMAL 0 LOWEST SLP 29.02 ON 12
[REMARKS]
#FINAL-03-22#