000
CXUS51 KBOX 011512
CF6PVD
PRELIMINARY LOCAL CLIMATOLOGICAL DATA (WS FORM: F-6)
STATION: PROVIDENCE RI
MONTH: JULY
YEAR: 2020
LATITUDE: 41 43 N
LONGITUDE: 71 26 W
TEMPERATURE IN F: :PCPN: SNOW: WIND :SUNSHINE: SKY :PK WND
================================================================================
1 2 3 4 5 6A 6B 7 8 9 10 11 12 13 14 15 16 17 18
12Z AVG MX 2MIN
DY MAX MIN AVG DEP HDD CDD WTR SNW DPTH SPD SPD DIR MIN PSBL S-S WX SPD DR
================================================================================
1 78 64 71 -1 0 6 0.07 0.0 0 5.8 15 160 M M 8 13 18 160
2 84 62 73 1 0 8 0.00 0.0 0 6.3 16 150 M M 3 3 20 160
3 81 65 73 1 0 8 T 0.0 0 11.9 20 50 M M 7 1 26 50
4 80 64 72 -1 0 7 0.00 0.0 0 8.1 16 10 M M 7 18 20 360
5 82 66 74 1 0 9 0.00 0.0 0 8.1 17 140 M M 7 1 34 150
6 81 67 74 1 0 9 0.00 0.0 0 8.3 20 50 M M 6 1 22 50
7 72 64 68 -5 0 3 T 0.0 0 8.9 16 160 M M 8 1 22 160
8 87 68 78 5 0 13 0.03 0.0 0 9.9 20 210 M M 8 1 27 200
9 90 72 81 8 0 16 0.00 0.0 0 8.3 18 180 M M 6 8 23 180
10 85 70 78 5 0 13 T 0.0 0 9.9 21 140 M M 9 12 30 150
11 87 73 80 7 0 15 0.02 0.0 0 14.1 22 190 M M 9 27 200
12 90 72 81 7 0 16 0.00 0.0 0 10.1 18 240 M M 3 26 220
13 88 71 80 6 0 15 0.00 0.0 0 6.9 21 170 M M 6 25 180
14 86 65 76 2 0 11 0.82 0.0 0 6.4 31 310 M M 5 13 39 300
15 76 61 69 -5 0 4 T 0.0 0 7.2 15 70 M M 6 1 20 10
16 78 58 68 -6 0 3 0.00 0.0 0 6.5 17 160 M M 6 20 170
17 73 62 68 -6 0 3 0.14 0.0 0 6.2 14 200 M M 9 1 18 160
18 91 65 78 4 0 13 0.00 0.0 0 5.7 16 150 M M 3 1 25 100
19 94 69 82 8 0 17 0.00 0.0 0 9.4 22 200 M M 3 26 200
20 94 74 84 10 0 19 0.02 0.0 0 9.0 20 240 M M 5 1 23 240
21 92 72 82 8 0 17 0.00 0.0 0 6.0 15 210 M M 3 20 270
22 87 71 79 5 0 14 0.06 0.0 0 6.4 20 150 M M 6 1 26 150
23 91 74 83 9 0 18 T 0.0 0 7.2 20 260 M M 7 1 30 230
24 84 71 78 4 0 13 0.00 0.0 0 6.1 14 150 M M 6 18 20
25 91 68 80 6 0 15 0.00 0.0 0 6.9 16 150 M M 4 19 260
26 95 75 85 11 0 20 0.00 0.0 0 10.4 22 240 M M 4 32 310
27 97 76 87 13 0 22 0.00 0.0 0 9.5 18 280 M M 5 26 290
28 100 77 89 15 0 24 0.45 0.0 0 7.3 20 210 M M 4 13 26 230
29 90 70 80 6 0 15 0.00 0.0 0 8.0 20 190 M M 4 27 170
30 93 73 83 9 0 18 0.00 0.0 0 7.4 21 260 M M 7 28 260
31 85 70 78 4 0 13 0.06 0.0 0 4.5 10 160 M M 5 1 15 180
================================================================================
SM 2682 2129 0 397 1.67 0.0 246.7 M 179
================================================================================
AV 86.5 68.7 8.0 FASTST M M 6 MAX(MPH)
MISC ----> # 31 310 # 39 300
================================================================================
NOTES:
# LAST OF SEVERAL OCCURRENCES
COLUMN 17 PEAK WIND IN M.P.H.
PRELIMINARY LOCAL CLIMATOLOGICAL DATA (WS FORM: F-6) , PAGE 2
STATION: PROVIDENCE RI
MONTH: JULY
YEAR: 2020
LATITUDE: 41 43 N
LONGITUDE: 71 26 W
[TEMPERATURE DATA] [PRECIPITATION DATA] SYMBOLS USED IN COLUMN 16
AVERAGE MONTHLY: 77.6 TOTAL FOR MONTH: 1.67 1 = FOG OR MIST
DPTR FM NORMAL: 4.1 DPTR FM NORMAL: -1.62 2 = FOG REDUCING VISIBILITY
HIGHEST: 100 ON 28 GRTST 24HR 0.82 ON 14-14 TO 1/4 MILE OR LESS
LOWEST: 58 ON 16 3 = THUNDER
SNOW, ICE PELLETS, HAIL 4 = ICE PELLETS
TOTAL MONTH: 0.0 INCH 5 = HAIL
GRTST 24HR 0.0 6 = FREEZING RAIN OR DRIZZLE
GRTST DEPTH: 0 7 = DUSTSTORM OR SANDSTORM:
VSBY 1/2 MILE OR LESS
8 = SMOKE OR HAZE
[NO. OF DAYS WITH] [WEATHER - DAYS WITH] 9 = BLOWING SNOW
X = TORNADO
MAX 32 OR BELOW: 0 0.01 INCH OR MORE: 9
MAX 90 OR ABOVE: 13 0.10 INCH OR MORE: 3
MIN 32 OR BELOW: 0 0.50 INCH OR MORE: 1
MIN 0 OR BELOW: 0 1.00 INCH OR MORE: 0
[HDD (BASE 65) ]
TOTAL THIS MO. 0 CLEAR (SCALE 0-3) 3
DPTR FM NORMAL -3 PTCLDY (SCALE 4-7) 25
TOTAL FM JUL 1 0 CLOUDY (SCALE 8-10) 3
DPTR FM NORMAL -3
[CDD (BASE 65) ]
TOTAL THIS MO. 397
DPTR FM NORMAL 131 [PRESSURE DATA]
TOTAL FM JAN 1 602 HIGHEST SLP 30.36 ON 16
DPTR FM NORMAL 178 LOWEST SLP 29.63 ON 12
[REMARKS]
#FINAL-07-20#