000
CXUS54 KFWD 072148
CF6PWG
PRELIMINARY LOCAL CLIMATOLOGICAL DATA (WS FORM: F-6)
STATION: WACO MCGREGOR
MONTH: JUNE
YEAR: 2022
LATITUDE: 31 28 N
LONGITUDE: 97 19 W
TEMPERATURE IN F: :PCPN: SNOW: WIND :SUNSHINE: SKY :PK WND
================================================================================
1 2 3 4 5 6A 6B 7 8 9 10 11 12 13 14 15 16 17 18
12Z AVG MX 2MIN
DY MAX MIN AVG DEP HDD CDD WTR SNW DPTH SPD SPD DIR MIN PSBL S-S WX SPD DR
================================================================================
1 93 75 84 7 0 19 0.11 M M 9.4 17 130 M M 1 1 M M
2 85 66 76 -1 0 11 0.18 M M 6.6 18 20 M M 1 3 32 10
3 87 66 77 0 0 12 0.00 M M 5.6 15 350 M M 1 M M
4 90 67 79 2 0 14 0.00 M M 4.9 12 110 M M 1 M M
5 96 69 83 5 0 18 0.00 M M 13.6 21 160 M M 0 29 160
6 100 76 88 10 0 23 0.00 M M 18.4 24 180 M M 0 33 180
7 99 76 88 10 0 23 0.00 M M 15.4 20 170 M M 0 26 150
8 96 76 86 8 0 21 0.00 M M 10.5 18 180 M M 0 30 170
9 100 71 86 8 0 21 0.00 M M 6.0 13 170 M M 0 17 170
10 102 75 89 10 0 24 0.00 M M 8.5 15 160 M M 0 20 170
11 105 77 91 12 0 26 0.00 M M 11.7 17 150 M M 0 22 160
12 104 77 91 12 0 26 0.00 M M 13.1 18 160 M M 0 23 180
13 102 76 89 10 0 24 0.00 M M 16.9 22 160 M M 0 31 180
14 100 76 88 9 0 23 0.00 M M 19.2 29 160 M M 0 38 160
15 99 78 89 9 0 24 0.00 M M 15.2 23 160 M M 1 31 170
16 101 77 89 9 0 24 0.00 M M 9.9 15 180 M M 0 21 180
17 99 74 87 7 0 22 0.00 M M 6.9 13 140 M M 0 17 110
18 98 78 88 8 0 23 0.00 M M 8.7 16 110 M M 0 22 110
19 100 75 88 8 0 23 0.00 M M 7.7 18 130 M M 0 22 160
20 102 74 88 8 0 23 0.00 M M 8.0 15 130 M M 0 21 150
21 100 78 89 8 0 24 0.00 M M 8.5 15 100 M M 0 21 100
22 99 75 87 6 0 22 0.00 M M 6.9 14 150 M M 0 8 18 150
23 104 75 90 9 0 25 0.00 M M 6.9 15 140 M M 0 8 21 130
24 104 76 90 9 0 25 0.00 M M 10.7 16 140 M M 0 22 160
25 103 76 90 9 0 25 0.00 M M 10.2 14 160 M M 0 20 200
26 102 74 88 7 0 23 0.00 M M 6.6 13 100 M M 0 16 100
27 99 72 86 5 0 21 1.04 M M 10.6 32 90 M M 1 3 40 100
28 92 72 82 0 0 17 0.07 M M 6.9 13 60 M M 1 13 M M
29 96 67 82 0 0 17 0.00 M M 5.8 10 30 M M 0 8 M M
30 98 73 86 4 0 21 0.00 M M 7.2 18 120 M M 0 22 120
================================================================================
SM 2955 2217 0 644 1.40 M 296.5 M 7
================================================================================
AV 98.5 73.9 9.9 FASTST M M 0 MAX(MPH)
MISC ----> 32 90 40 100
================================================================================
NOTES:
# LAST OF SEVERAL OCCURRENCES
COLUMN 17 PEAK WIND IN M.P.H.
PRELIMINARY LOCAL CLIMATOLOGICAL DATA (WS FORM: F-6) , PAGE 2
STATION: WACO MCGREGOR
MONTH: JUNE
YEAR: 2022
LATITUDE: 31 28 N
LONGITUDE: 97 19 W
[TEMPERATURE DATA] [PRECIPITATION DATA] SYMBOLS USED IN COLUMN 16
AVERAGE MONTHLY: 86.2 TOTAL FOR MONTH: 1.40 1 = FOG OR MIST
DPTR FM NORMAL: 6.7 DPTR FM NORMAL: -2.38 2 = FOG REDUCING VISIBILITY
HIGHEST: 105 ON 11 GRTST 24HR 1.09 ON 27-28 TO 1/4 MILE OR LESS
LOWEST: 66 ON 3, 2 3 = THUNDER
SNOW, ICE PELLETS, HAIL 4 = ICE PELLETS
TOTAL MONTH: M 5 = HAIL
GRTST 24HR M ON M 6 = FREEZING RAIN OR DRIZZLE
GRTST DEPTH: M ON M 7 = DUSTSTORM OR SANDSTORM:
VSBY 1/2 MILE OR LESS
8 = SMOKE OR HAZE
[NO. OF DAYS WITH] [WEATHER - DAYS WITH] 9 = BLOWING SNOW
X = TORNADO
MAX 32 OR BELOW: 0 0.01 INCH OR MORE: 4
MAX 90 OR ABOVE: 28 0.10 INCH OR MORE: 3
MIN 32 OR BELOW: 0 0.50 INCH OR MORE: 1
MIN 0 OR BELOW: 0 1.00 INCH OR MORE: 1
[HDD (BASE 65) ]
TOTAL THIS MO. 0 CLEAR (SCALE 0-3) 30
DPTR FM NORMAL 0 PTCLDY (SCALE 4-7) 0
TOTAL FM JUL 1 1774 CLOUDY (SCALE 8-10) 0
DPTR FM NORMAL -569
[CDD (BASE 65) ]
TOTAL THIS MO. 644
DPTR FM NORMAL 209 [PRESSURE DATA]
TOTAL FM JAN 1 1305 HIGHEST SLP 30.18 ON 28
DPTR FM NORMAL 513 LOWEST SLP 29.60 ON 6
[REMARKS]
#FINAL-06-22#