000
CXUS51 KGYX 030208
CF6PWM
PRELIMINARY LOCAL CLIMATOLOGICAL DATA (WS FORM: F-6)
STATION: PORTLAND ME
MONTH: DECEMBER
YEAR: 2022
LATITUDE: 43 39 N
LONGITUDE: 70 19 W
TEMPERATURE IN F: :PCPN: SNOW: WIND :SUNSHINE: SKY :PK WND
================================================================================
1 2 3 4 5 6A 6B 7 8 9 10 11 12 13 14 15 16 17 18
12Z AVG MX 2MIN
DY MAX MIN AVG DEP HDD CDD WTR SNW DPTH SPD SPD DIR MIN PSBL S-S WX SPD DR
================================================================================
1 43 27 35 0 30 0 T T 0 12.9 30 300 M M 5 38 300
2 40 23 32 -2 33 0 0.00 0.0 0 2.2 12 150 M M 3 15 160
3 54 34 44 10 21 0 0.29 0.0 0 12.9 23 270 M M 8 1 33 190
4 41 23 32 -2 33 0 0.00 0.0 0 7.3 20 320 M M 2 25 320
5 45 20 33 -1 32 0 0.00 0.0 0 5.2 20 190 M M 2 26 220
6 51 30 41 8 24 0 0.04 0.0 0 7.8 15 160 M M 9 1 20 130
7 52 46 49 16 16 0 1.01 0.0 0 7.2 14 130 M M 10 1 17 210
8 48 34 41 8 24 0 0.00 0.0 0 10.6 23 330 M M 2 1 31 330
9 43 28 36 4 29 0 0.00 0.0 0 12.8 26 350 M M 0 32 350
10 31 20 26 -6 39 0 0.00 0.0 0 11.2 20 10 M M 5 26 20
11 25 16 21 -11 44 0 0.02 0.3 0 8.3 14 20 M M 7 1 18 20
12 32 20 26 -5 39 0 T T T 9.7 18 360 M M 4 1 22 360
13 38 20 29 -2 36 0 0.01 0.2 T 9.7 25 340 M M 3 18 34 320
14 39 19 29 -2 36 0 0.00 0.0 T 16.5 29 320 M M 4 8 39 340
15 42 34 38 8 27 0 T T 0 11.7 22 30 M M 7 28 10
16 34 32 33 3 32 0 1.20 3.3 0 14.4 23 50 M M 10 1 28 40
17 36 33 35 5 30 0 0.25 0.9 4 12.6 22 350 M M 10 1 30 360
18 37 24 31 1 34 0 0.00 0.0 3 7.4 14 300 M M 6 18 280
19 38 21 30 1 35 0 0.00 0.0 3 10.3 23 280 M M 2 29 270
20 37 26 32 3 33 0 0.00 0.0 2 10.6 21 340 M M 2 25 350
21 35 22 29 0 36 0 0.00 0.0 2 4.4 10 330 M M 3 13 340
22 42 19 31 2 34 0 0.03 0.0 2 6.5 24 100 M M 7 32 110
23 54 24 39 11 26 0 1.07 T T 25.3 41 130 M M 9 1 65 150
24 24 13 19 -9 46 0 0.00 0.0 0 13.0 24 250 M M 3 37 260
25 24 12 18 -10 47 0 0.00 0.0 0 10.2 20 260 M M 4 26 280
26 31 18 25 -3 40 0 0.00 0.0 0 7.5 17 280 M M 3 23 260
27 33 18 26 -1 39 0 0.00 0.0 0 7.3 20 270 M M 6 27 270
28 32 19 26 -1 39 0 0.01 T T 3.4 13 210 M M 6 8 15 210
29 43 24 34 7 31 0 0.00 0.0 0 3.0 9 360 M M 3 11 360
30 49 24 37 11 28 0 0.00 0.0 0 1.1 10 160 M M 3 1 12 170
31 51 32 42 16 23 0 0.05 0.0 0 3.4 10 200 M M 8 12 14 200
================================================================================
SM 1224 755 1016 0 3.98 4.7 286.4 M 156
================================================================================
AV 39.5 24.4 9.2 FASTST M M 5 MAX(MPH)
MISC ----> 41 130 65 150
================================================================================
NOTES:
# LAST OF SEVERAL OCCURRENCES
COLUMN 17 PEAK WIND IN M.P.H.
PRELIMINARY LOCAL CLIMATOLOGICAL DATA (WS FORM: F-6) , PAGE 2
STATION: PORTLAND ME
MONTH: DECEMBER
YEAR: 2022
LATITUDE: 43 39 N
LONGITUDE: 70 19 W
[TEMPERATURE DATA] [PRECIPITATION DATA] SYMBOLS USED IN COLUMN 16
AVERAGE MONTHLY: 31.9 TOTAL FOR MONTH: 3.98 1 = FOG OR MIST
DPTR FM NORMAL: 1.6 DPTR FM NORMAL: -0.52 2 = FOG REDUCING VISIBILITY
HIGHEST: 54 ON 23, 3 GRTST 24HR 1.35 ON 16-17 TO 1/4 MILE OR LESS
LOWEST: 12 ON 25 3 = THUNDER
SNOW, ICE PELLETS, HAIL 4 = ICE PELLETS
TOTAL MONTH: 4.7 INCHES 5 = HAIL
GRTST 24HR 3.3 ON 16-16 6 = FREEZING RAIN OR DRIZZLE
GRTST DEPTH: 4 ON 17 7 = DUSTSTORM OR SANDSTORM:
VSBY 1/2 MILE OR LESS
8 = SMOKE OR HAZE
[NO. OF DAYS WITH] [WEATHER - DAYS WITH] 9 = BLOWING SNOW
X = TORNADO
MAX 32 OR BELOW: 7 0.01 INCH OR MORE: 11
MAX 90 OR ABOVE: 0 0.10 INCH OR MORE: 5
MIN 32 OR BELOW: 26 0.50 INCH OR MORE: 3
MIN 0 OR BELOW: 0 1.00 INCH OR MORE: 3
[HDD (BASE 65) ]
TOTAL THIS MO. 1016 CLEAR (SCALE 0-3) 12
DPTR FM NORMAL -58 PTCLDY (SCALE 4-7) 14
TOTAL FM JUL 1 2252 CLOUDY (SCALE 8-10) 5
DPTR FM NORMAL -199
[CDD (BASE 65) ]
TOTAL THIS MO. 0
DPTR FM NORMAL 0 [PRESSURE DATA]
TOTAL FM JAN 1 542 HIGHEST SLP 30.56 ON 22
DPTR FM NORMAL 96 LOWEST SLP 28.87 ON 23
[REMARKS]
#FINAL-12-22#