000
CXUS51 KGYX 011057
CF6PWM
PRELIMINARY LOCAL CLIMATOLOGICAL DATA (WS FORM: F-6)
STATION: PORTLAND ME
MONTH: AUGUST
YEAR: 2023
LATITUDE: 43 39 N
LONGITUDE: 70 19 W
TEMPERATURE IN F: :PCPN: SNOW: WIND :SUNSHINE: SKY :PK WND
================================================================================
1 2 3 4 5 6A 6B 7 8 9 10 11 12 13 14 15 16 17 18
12Z AVG MX 2MIN
DY MAX MIN AVG DEP HDD CDD WTR SNW DPTH SPD SPD DIR MIN PSBL S-S WX SPD DR
================================================================================
1 74 54 64 -7 1 0 0.00 0.0 0 5.8 14 170 M M 4 19 170
2 72 50 61 -10 4 0 0.00 0.0 0 5.8 13 160 M M 1 18 190
3 74 52 63 -8 2 0 0.01 0.0 0 7.6 22 190 M M 5 29 180
4 71 62 67 -3 0 2 0.52 0.0 0 8.3 15 170 M M 9 13 22 190
5 78 60 69 -1 0 4 0.15 0.0 0 4.2 13 160 M M 6 138 17 150
6 81 56 69 -1 0 4 0.00 0.0 0 6.4 15 260 M M 3 20 270
7 71 60 66 -4 0 1 0.01 0.0 0 3.8 14 130 M M 8 1 21 140
8 72 66 69 -1 0 4 1.03 0.0 0 11.5 22 150 M M 10 1 35 170
9 80 64 72 2 0 7 0.01 0.0 0 6.7 18 310 M M 5 24 310
10 81 61 71 1 0 6 0.81 0.0 0 6.1 13 200 M M 5 1 19 180
11 79 61 70 0 0 5 0.13 0.0 0 10.6 25 290 M M 3 1 33 280
12 77 56 67 -3 0 2 0.00 0.0 0 5.5 16 170 M M 5 22 190
13 79 65 72 2 0 7 0.01 0.0 0 6.2 15 150 M M 5 13 19 140
14 82 61 72 2 0 7 0.00 0.0 0 4.4 14 280 M M 4 18 260
15 72 63 68 -2 0 3 0.16 0.0 0 3.0 9 40 M M 8 1 14 30
16 73 63 68 -2 0 3 0.00 0.0 0 4.5 10 160 M M 9 1 14 150
17 70 65 68 -1 0 3 T 0.0 0 5.1 14 90 M M 10 1 16 90
18 73 63 68 -1 0 3 1.11 0.0 0 6.5 14 20 M M 9 13 19 60
19 72 56 64 -5 1 0 0.00 0.0 0 7.3 15 250 M M 5 24 250
20 81 60 71 2 0 6 0.00 0.0 0 5.8 14 260 M M 3 19 240
21 84 64 74 5 0 9 T 0.0 0 5.4 14 350 M M 5 19 350
22 78 57 68 -1 0 3 0.00 0.0 0 8.7 21 350 M M 2 25 350
23 75 51 63 -5 2 0 0.00 0.0 0 4.8 14 180 M M 0 17 280
24 77 53 65 -3 0 0 0.05 0.0 0 6.0 15 190 M M 3 1 19 170
25 65 57 61 -7 4 0 0.94 0.0 0 9.0 22 170 M M 10 1 36 180
26 80 64 72 4 0 7 0.03 0.0 0 4.1 10 320 M M 8 12 13 360
27 74 59 67 -1 0 2 T 0.0 0 4.9 12 20 M M 5 15 10
28 75 56 66 -1 0 1 0.00 0.0 0 5.3 16 170 M M 4 1 20 200
29 74 63 69 2 0 4 T 0.0 0 5.3 10 100 M M 8 1 15 140
30 74 60 67 0 0 2 0.83 0.0 0 5.1 12 310 M M 7 13 16 300
31 72 52 62 -5 3 0 0.00 0.0 0 11.5 25 350 M M 1 31 340
================================================================================
SM 2340 1834 17 95 5.80 0.0 195.2 M 170
================================================================================
AV 75.5 59.2 6.3 FASTST M M 5 MAX(MPH)
MISC ----> # 25 290 36 180
================================================================================
NOTES:
# LAST OF SEVERAL OCCURRENCES
COLUMN 17 PEAK WIND IN M.P.H.
PRELIMINARY LOCAL CLIMATOLOGICAL DATA (WS FORM: F-6) , PAGE 2
STATION: PORTLAND ME
MONTH: AUGUST
YEAR: 2023
LATITUDE: 43 39 N
LONGITUDE: 70 19 W
[TEMPERATURE DATA] [PRECIPITATION DATA] SYMBOLS USED IN COLUMN 16
AVERAGE MONTHLY: 67.3 TOTAL FOR MONTH: 5.80 1 = FOG OR MIST
DPTR FM NORMAL: -1.9 DPTR FM NORMAL: 2.23 2 = FOG REDUCING VISIBILITY
HIGHEST: 84 ON 21 GRTST 24HR 1.11 ON 18-18 TO 1/4 MILE OR LESS
LOWEST: 50 ON 2 3 = THUNDER
SNOW, ICE PELLETS, HAIL 4 = ICE PELLETS
TOTAL MONTH: 0.0 INCH 5 = HAIL
GRTST 24HR 0.0 6 = FREEZING RAIN OR DRIZZLE
GRTST DEPTH: 0 7 = DUSTSTORM OR SANDSTORM:
VSBY 1/2 MILE OR LESS
8 = SMOKE OR HAZE
[NO. OF DAYS WITH] [WEATHER - DAYS WITH] 9 = BLOWING SNOW
X = TORNADO
MAX 32 OR BELOW: 0 0.01 INCH OR MORE: 15
MAX 90 OR ABOVE: 0 0.10 INCH OR MORE: 9
MIN 32 OR BELOW: 0 0.50 INCH OR MORE: 6
MIN 0 OR BELOW: 0 1.00 INCH OR MORE: 2
[HDD (BASE 65) ]
TOTAL THIS MO. 17 CLEAR (SCALE 0-3) 6
DPTR FM NORMAL 1 PTCLDY (SCALE 4-7) 19
TOTAL FM JUL 1 19 CLOUDY (SCALE 8-10) 6
DPTR FM NORMAL -2
[CDD (BASE 65) ]
TOTAL THIS MO. 95
DPTR FM NORMAL -51 [PRESSURE DATA]
TOTAL FM JAN 1 342 HIGHEST SLP 30.22 ON 2
DPTR FM NORMAL -59 LOWEST SLP 29.44 ON 9
[REMARKS]
#FINAL-08-23#