000
CXUS53 KMKX 010810
CF6RAC
PRELIMINARY LOCAL CLIMATOLOGICAL DATA (WS FORM: F-6)
STATION: RACINE WI
MONTH: MAY
YEAR: 2022
LATITUDE: 42 45 N
LONGITUDE: 87 49 W
TEMPERATURE IN F: :PCPN: SNOW: WIND :SUNSHINE: SKY :PK WND
================================================================================
1 2 3 4 5 6A 6B 7 8 9 10 11 12 13 14 15 16 17 18
12Z AVG MX 2MIN
DY MAX MIN AVG DEP HDD CDD WTR SNW DPTH SPD SPD DIR MIN PSBL S-S WX SPD DR
================================================================================
1 55 49 52 1 13 0 T M M 11.6 23 230 M M 10 18 33 220
2 54 45 50 -1 15 0 0.00 M M 7.0 13 270 M M 9 18 270
3 47 40 44 -7 21 0 0.93 M M 18.0 30 10 M M 9 1 44 10
4 52 37 45 -7 20 0 0.00 M M 10.5 22 20 M M 0 31 20
5 53 36 45 -7 20 0 0.00 M M 5.6 13 20 M M 2 19 20
6 48 43 46 -6 19 0 0.31 M M 12.5 21 10 M M 7 1 31 10
7 60 42 51 -2 14 0 0.00 M M 8.2 15 10 M M 0 20 360
8 56 44 50 -3 15 0 0.00 M M 12.0 22 140 M M 0 32 140
9 68 47 58 4 7 0 0.00 0.0 M 16.5 28 150 M M 3 43 160
10 76 55 66 12 0 1 0.00 0.0 0 10.1 21 160 M M 2 27 160
11 85 50 68 14 0 3 0.00 0.0 0 5.6 21 50 M M 4 18 27 40
12 81 55 68 13 0 3 0.00 0.0 0 12.3 21 160 M M 0 18 29 180
13 79 59 69 14 0 4 0.00 M M 9.7 21 160 M M 0 26 160
14 81 59 70 15 0 5 0.00 M M 6.2 9 210 M M 0 13 90
15 72 52 62 6 3 0 T M M 6.4 14 40 M M 3 22 280
16 77 48 63 7 2 0 0.00 M M 10.4 22 300 M M 1 33 290
17 60 45 53 -3 12 0 0.00 M M 6.4 14 120 M M 2 17 130
18 54 44 49 -8 16 0 0.28 M M 7.1 17 90 M M 9 1 25 80
19 75 43 59 2 6 0 T M M 9.0 18 180 M M 2 18 27 180
20 79 59 69 12 0 4 0.28 M M 8.1 24 220 M M 8 138 36 230
21 63 49 56 -2 9 0 0.05 M M 5.2 12 210 M M 7 1 17 180
22 62 45 54 -4 11 0 0.00 M M 7.8 21 320 M M 3 29 320
23 58 42 50 -8 15 0 0.00 M M 6.4 14 80 M M 3 20 90
24 61 48 55 -4 10 0 0.00 0.0 0 8.8 20 50 M M 3 26 50
25 64 50 57 -2 8 0 1.09 M M 9.4 20 90 M M 8 123 29 80
26 76 51 64 4 1 0 0.65 M M 8.1 20 360 M M 6 18 27 10
27 60 47 54 -6 11 0 0.05 M M 12.4 23 10 M M 6 1 35 360
28 68 47 58 -2 7 0 0.00 M M 7.4 20 160 M M 1 1 25 140
29 74 54 64 3 1 0 0.00 M M 13.4 24 160 M M 0 36 170
30 84 68 76 15 0 11 0.00 M M 14.6 23 210 M M 0 36 230
31 84 72 78 17 0 13 0.04 M M 10.9 22 220 M M 2 3 37 230
================================================================================
SM 2066 1525 256 44 3.68 0.0 297.6 M 110
================================================================================
AV 66.6 49.2 9.6 FASTST M M 4 MAX(MPH)
MISC ----> 30 10 44 10
================================================================================
NOTES:
# LAST OF SEVERAL OCCURRENCES
COLUMN 17 PEAK WIND IN M.P.H.
PRELIMINARY LOCAL CLIMATOLOGICAL DATA (WS FORM: F-6) , PAGE 2
STATION: RACINE WI
MONTH: MAY
YEAR: 2022
LATITUDE: 42 45 N
LONGITUDE: 87 49 W
[TEMPERATURE DATA] [PRECIPITATION DATA] SYMBOLS USED IN COLUMN 16
AVERAGE MONTHLY: 57.9 TOTAL FOR MONTH: 3.68 1 = FOG OR MIST
DPTR FM NORMAL: 1.9 DPTR FM NORMAL: 0.19 2 = FOG REDUCING VISIBILITY
HIGHEST: 85 ON 11 GRTST 24HR 1.17 ON 25-26 TO 1/4 MILE OR LESS
LOWEST: 36 ON 5 3 = THUNDER
SNOW, ICE PELLETS, HAIL 4 = ICE PELLETS
TOTAL MONTH: 0.0 INCH 5 = HAIL
GRTST 24HR 0.0 6 = FREEZING RAIN OR DRIZZLE
GRTST DEPTH: 0 7 = DUSTSTORM OR SANDSTORM:
VSBY 1/2 MILE OR LESS
8 = SMOKE OR HAZE
[NO. OF DAYS WITH] [WEATHER - DAYS WITH] 9 = BLOWING SNOW
X = TORNADO
MAX 32 OR BELOW: 0 0.01 INCH OR MORE: 9
MAX 90 OR ABOVE: 0 0.10 INCH OR MORE: 6
MIN 32 OR BELOW: 0 0.50 INCH OR MORE: 3
MIN 0 OR BELOW: 0 1.00 INCH OR MORE: 1
[HDD (BASE 65) ]
TOTAL THIS MO. 256 CLEAR (SCALE 0-3) 19
DPTR FM NORMAL -46 PTCLDY (SCALE 4-7) 7
TOTAL FM JUL 1 6210 CLOUDY (SCALE 8-10) 5
DPTR FM NORMAL -400
[CDD (BASE 65) ]
TOTAL THIS MO. 44
DPTR FM NORMAL 21 [PRESSURE DATA]
TOTAL FM JAN 1 44 HIGHEST SLP M ON M
DPTR FM NORMAL 19 LOWEST SLP 29.38 ON 20
[REMARKS]
#FINAL-05-22#