000
CXUS56 KSGX 011045
CF6RAL
PRELIMINARY LOCAL CLIMATOLOGICAL DATA (WS FORM: F-6)
STATION: RIVERSIDE MUNI AIRPORT CA
MONTH: SEPTEMBER
YEAR: 2023
LATITUDE: 33 57 N
LONGITUDE: 117 27 W
TEMPERATURE IN F: :PCPN: SNOW: WIND :SUNSHINE: SKY :PK WND
================================================================================
1 2 3 4 5 6A 6B 7 8 9 10 11 12 13 14 15 16 17 18
12Z AVG MX 2MIN
DY MAX MIN AVG DEP HDD CDD WTR SNW DPTH SPD SPD DIR MIN PSBL S-S WX SPD DR
================================================================================
1 92 67 80 1 0 15 0.28 M M 4.1 17 270 M M 4 8 24 280
2 80 69 75 -4 0 10 T M M 5.8 14 260 M M 9 16 270
3 80 64 72 -7 0 7 T M M 9.0 21 270 M M 7 26 270
4 82 61 72 -7 0 7 0.00 M M 5.0 15 270 M M 2 21 270
5 80 62 71 -8 0 6 0.00 M M 5.8 18 270 M M 1 24 270
6 87 65 76 -3 0 11 0.00 M M 4.0 15 260 M M 4 18 250
7 93 61 77 -1 0 12 0.00 M M 3.5 14 260 M M 0 21 250
8 100 66 83 5 0 18 0.00 M M 4.3 18 270 M M 0 23 270
9 99 69 84 6 0 19 0.00 M M 4.6 16 270 M M 1 22 260
10 97 70 84 6 0 19 0.03 M M 4.2 15 270 M M 3 19 250
11 95 70 83 5 0 18 T M M 3.2 18 270 M M 3 22 270
12 91 64 78 0 0 13 0.00 M M 5.8 18 270 M M 0 25 270
13 85 63 74 -3 0 9 0.00 M M 5.1 16 270 M M 3 18 21 250
14 83 61 72 -5 0 7 0.00 M M 5.3 15 270 M M 4 18 19 270
15 82 62 72 -5 0 7 0.00 M M 5.0 10 270 M M 5 18 16 290
16 75 62 69 -8 0 4 0.00 M M 4.6 10 270 M M 8 8 10 270
17 75 64 70 -6 0 5 0.00 M M 6.1 13 260 M M 8 18 13 260
18 81 62 72 -4 0 7 0.00 M M 6.8 14 280 M M 5 18 260
19 82 56 69 -7 0 4 0.00 M M 5.6 13 270 M M 0 18 260
20 79 62 71 -5 0 6 0.00 M M 5.7 17 270 M M 7 23 270
21 77 61 69 -7 0 4 0.00 M M 5.0 15 270 M M 6 20 250
22 79 56 68 -7 0 3 0.00 M M 3.3 14 260 M M 3 8 19 260
23 85 60 73 -2 0 8 0.00 M M 3.9 15 270 M M 1 18 18 250
24 88 58 73 -2 0 8 0.00 M M 3.8 15 260 M M 1 18 19 270
25 87 57 72 -2 0 7 0.00 M M 4.0 16 270 M M 0 18 21 270
26 90 56 73 -1 0 8 0.00 M M 3.3 14 270 M M 0 8 18 270
27 93 57 75 1 0 10 0.00 M M 4.4 18 260 M M 0 23 270
28 83 58 71 -3 0 6 0.00 M M 5.6 17 260 M M 2 128 24 270
29 77 62 70 -3 0 5 0.00 M M 5.8 15 270 M M 6 18 20 250
30 71 59 65 -8 0 0 T M M 6.0 21 260 M M 9 28 270
================================================================================
SM 2548 1864 0 263 0.31 M 148.6 M 102
================================================================================
AV 84.9 62.1 5.0 FASTST M M 3 MAX(MPH)
MISC ----> # 21 270 28 270
================================================================================
NOTES:
# LAST OF SEVERAL OCCURRENCES
COLUMN 17 PEAK WIND IN M.P.H.
PRELIMINARY LOCAL CLIMATOLOGICAL DATA (WS FORM: F-6) , PAGE 2
STATION: RIVERSIDE MUNI AIRPORT CA
MONTH: SEPTEMBER
YEAR: 2023
LATITUDE: 33 57 N
LONGITUDE: 117 27 W
[TEMPERATURE DATA] [PRECIPITATION DATA] SYMBOLS USED IN COLUMN 16
AVERAGE MONTHLY: 73.5 TOTAL FOR MONTH: 0.31 1 = FOG OR MIST
DPTR FM NORMAL: -3.1 DPTR FM NORMAL: 0.20 2 = FOG REDUCING VISIBILITY
HIGHEST: 100 ON 8 GRTST 24HR 0.28 ON 1- 1 TO 1/4 MILE OR LESS
LOWEST: 56 ON 26,22 3 = THUNDER
SNOW, ICE PELLETS, HAIL 4 = ICE PELLETS
TOTAL MONTH: M 5 = HAIL
GRTST 24HR M ON M 6 = FREEZING RAIN OR DRIZZLE
GRTST DEPTH: M ON M 7 = DUSTSTORM OR SANDSTORM:
VSBY 1/2 MILE OR LESS
8 = SMOKE OR HAZE
[NO. OF DAYS WITH] [WEATHER - DAYS WITH] 9 = BLOWING SNOW
X = TORNADO
MAX 32 OR BELOW: 0 0.01 INCH OR MORE: 2
MAX 90 OR ABOVE: 9 0.10 INCH OR MORE: 1
MIN 32 OR BELOW: 0 0.50 INCH OR MORE: 0
MIN 0 OR BELOW: 0 1.00 INCH OR MORE: 0
[HDD (BASE 65) ]
TOTAL THIS MO. 0 CLEAR (SCALE 0-3) 15
DPTR FM NORMAL -2 PTCLDY (SCALE 4-7) 12
TOTAL FM JUL 1 0 CLOUDY (SCALE 8-10) 3
DPTR FM NORMAL 0
[CDD (BASE 65) ]
TOTAL THIS MO. 263
DPTR FM NORMAL -86 [PRESSURE DATA]
TOTAL FM JAN 1 1498 HIGHEST SLP 30.05 ON 25
DPTR FM NORMAL -167 LOWEST SLP 29.74 ON 30
[REMARKS]
#FINAL-09-23#