000
CXUS53 KUNR 010930
CF6RAP
PRELIMINARY LOCAL CLIMATOLOGICAL DATA (WS FORM: F-6)
STATION: RAPID CITY AIRPORT SD
MONTH: MARCH
YEAR: 2022
LATITUDE: 44 2 N
LONGITUDE: 103 4 W
TEMPERATURE IN F: :PCPN: SNOW: WIND :SUNSHINE: SKY :PK WND
================================================================================
1 2 3 4 5 6A 6B 7 8 9 10 11 12 13 14 15 16 17 18
12Z AVG MX 2MIN
DY MAX MIN AVG DEP HDD CDD WTR SNW DPTH SPD SPD DIR MIN PSBL S-S WX SPD DR
================================================================================
1 65 34 50 20 15 0 0.00 M M 5.1 13 110 M M 7 16 120
2 65 26 46 16 19 0 0.00 M M 9.0 26 70 M M 4 12 32 60
3 30 23 27 -3 38 0 T M M 15.2 25 160 M M 10 12 32 150
4 32 25 29 -2 36 0 T M M 19.3 36 360 M M 7 12 46 360
5 26 15 21 -10 44 0 0.17 M M 24.4 33 340 M M 9 1269 43 340
6 23 5 14 -18 51 0 0.00 M M 16.7 30 330 M M 2 37 340
7 31 3 17 -15 48 0 T M M 4.2 12 140 M M 0 14 140
8 28 10 19 -13 46 0 0.04 M M 22.1 35 340 M M 7 19 45 330
9 16 4 10 -23 55 0 0.00 M M 14.2 28 350 M M 8 35 340
10 25 -6 10 -23 55 0 T M M 7.6 28 330 M M 1 35 330
11 22 5 14 -20 51 0 T M M 12.4 24 360 M M 5 189 30 350
12 56 10 33 -1 32 0 0.00 M M 8.2 35 310 M M 6 43 310
13 52 26 39 5 26 0 0.00 M M 6.7 21 330 M M 1 27 330
14 52 28 40 5 25 0 0.00 M M 9.1 20 360 M M 4 1 27 350
15 68 27 48 13 17 0 0.00 M M 6.2 21 340 M M 0 29 340
16 57 37 47 11 18 0 T M M 16.5 32 320 M M 6 39 320
17 53 27 40 4 25 0 0.00 M M 10.3 24 350 M M 4 34 350
18 58 21 40 4 25 0 0.00 M M 4.5 14 340 M M 1 19 10
19 64 30 47 10 18 0 0.00 M M 6.8 18 130 M M 2 28 160
20 71 35 53 16 12 0 0.00 M M 14.0 45 330 M M 2 57 320
21 50 26 38 1 27 0 T M M 25.3 47 320 M M 3 60 330
22 52 24 38 0 27 0 0.00 M M 20.6 40 350 M M 4 56 340
23 56 26 41 3 24 0 0.00 M M 17.8 35 350 M M 0 43 340
24 69 23 46 8 19 0 0.00 M M 18.7 43 330 M M 1 53 330
25 53 20 37 -2 28 0 0.00 M M 10.6 25 340 M M 0 34 340
26 46 20 33 -6 32 0 0.00 M M 10.1 17 110 M M 4 25 130
27 60 25 43 4 22 0 0.00 M M 14.8 29 180 M M 2 42 160
28 66 30 48 8 17 0 0.00 M M 6.7 15 150 M M 0 20 150
29 59 29 44 4 21 0 T M M 31.1 56 330 M M 6 1 71 330
30 36 20 28 -12 37 0 0.04 M M 19.8 39 330 M M 6 19 52 320
31 58 16 37 -3 28 0 T M M 6.5 21 340 M M 2 1 28 10
================================================================================
SM 1499 644 938 0 0.25 M 414.5 M 114
================================================================================
AV 48.4 20.8 13.4 FASTST M M 4 MAX(MPH)
MISC ----> 56 330 71 330
================================================================================
NOTES:
# LAST OF SEVERAL OCCURRENCES
COLUMN 17 PEAK WIND IN M.P.H.
PRELIMINARY LOCAL CLIMATOLOGICAL DATA (WS FORM: F-6) , PAGE 2
STATION: RAPID CITY AIRPORT SD
MONTH: MARCH
YEAR: 2022
LATITUDE: 44 2 N
LONGITUDE: 103 4 W
[TEMPERATURE DATA] [PRECIPITATION DATA] SYMBOLS USED IN COLUMN 16
AVERAGE MONTHLY: 34.6 TOTAL FOR MONTH: 0.25 1 = FOG OR MIST
DPTR FM NORMAL: -0.8 DPTR FM NORMAL: -0.66 2 = FOG REDUCING VISIBILITY
HIGHEST: 71 ON 20 GRTST 24HR 0.17 ON 5- 5 TO 1/4 MILE OR LESS
LOWEST: -6 ON 10 3 = THUNDER
SNOW, ICE PELLETS, HAIL 4 = ICE PELLETS
TOTAL MONTH: M 5 = HAIL
GRTST 24HR M ON M 6 = FREEZING RAIN OR DRIZZLE
GRTST DEPTH: M ON M 7 = DUSTSTORM OR SANDSTORM:
VSBY 1/2 MILE OR LESS
8 = SMOKE OR HAZE
[NO. OF DAYS WITH] [WEATHER - DAYS WITH] 9 = BLOWING SNOW
X = TORNADO
MAX 32 OR BELOW: 9 0.01 INCH OR MORE: 3
MAX 90 OR ABOVE: 0 0.10 INCH OR MORE: 1
MIN 32 OR BELOW: 28 0.50 INCH OR MORE: 0
MIN 0 OR BELOW: 1 1.00 INCH OR MORE: 0
[HDD (BASE 65) ]
TOTAL THIS MO. 938 CLEAR (SCALE 0-3) 14
DPTR FM NORMAL 20 PTCLDY (SCALE 4-7) 14
TOTAL FM JUL 1 5694 CLOUDY (SCALE 8-10) 3
DPTR FM NORMAL -481
[CDD (BASE 65) ]
TOTAL THIS MO. 0
DPTR FM NORMAL 0 [PRESSURE DATA]
TOTAL FM JAN 1 0 HIGHEST SLP 30.45 ON 11
DPTR FM NORMAL 0 LOWEST SLP 29.39 ON 29
[REMARKS]
#FINAL-03-22#