000
CXUS56 KMFR 011710
CF6RBG
PRELIMINARY LOCAL CLIMATOLOGICAL DATA (WS FORM: F-6)
STATION: ROSEBURG OR
MONTH: DECEMBER
YEAR: 2020
LATITUDE: 43 13 N
LONGITUDE: 123 22 W
TEMPERATURE IN F: :PCPN: SNOW: WIND :SUNSHINE: SKY :PK WND
================================================================================
1 2 3 4 5 6A 6B 7 8 9 10 11 12 13 14 15 16 17 18
12Z AVG MX 2MIN
DY MAX MIN AVG DEP HDD CDD WTR SNW DPTH SPD SPD DIR MIN PSBL S-S WX SPD DR
================================================================================
1 41 36 39 -4 26 0 0.00 M M 3.6 9 20 M M 10 1 11 20
2 45 34 40 -3 25 0 0.00 M M 1.2 7 230 M M 6 128 9 220
3 50 35 43 0 22 0 0.00 M M 0.5 5 360 M M 6 12 M M
4 41 36 39 -4 26 0 0.00 M M 1.2 8 360 M M 10 12 9 360
5 51 34 43 0 22 0 0.17 M M 2.6 14 180 M M 8 128 21 240
6 54 39 47 4 18 0 0.00 M M 1.2 7 240 M M 6 12 10 240
7 57 36 47 5 18 0 0.00 M M 1.2 8 160 M M 4 12 10 160
8 59 37 48 6 17 0 0.02 M M 0.5 6 140 M M 2 1 8 180
9 53 38 46 4 19 0 0.02 M M 1.3 8 320 M M 7 1 12 320
10 47 36 42 0 23 0 0.11 M M 1.6 10 320 M M 8 12 14 320
11 48 38 43 1 22 0 0.09 M M 2.3 9 360 M M 9 1 10 360
12 47 36 42 0 23 0 T M M 1.3 7 360 M M 7 12 9 10
13 50 42 46 4 19 0 0.64 M M 1.3 8 360 M M 9 1 10 310
14 47 39 43 1 22 0 0.08 M M 0.9 8 340 M M 6 12 10 360
15 51 42 47 5 18 0 0.05 M M 2.0 9 130 M M 10 128 10 130
16 51 40 46 4 19 0 0.83 M M 2.3 13 150 M M 10 12 15 160
17 50 40 45 3 20 0 0.13 M M 1.4 12 310 M M 9 12 17 320
18 54 38 46 4 19 0 T M M 3.1 14 180 M M 6 12 19 190
19 56 44 50 8 15 0 0.10 M M 2.2 10 150 M M 7 1 14 160
20 58 50 54 12 11 0 0.50 M M 1.0 8 340 M M 10 1 11 340
21 62 43 53 11 12 0 0.14 M M 4.6 17 150 M M 9 1 26 270
22 49 35 42 0 23 0 0.01 M M 1.5 7 300 M M 4 1 9 290
23 44 31 38 -4 27 0 0.00 M M 3.3 13 10 M M 7 12 14 10
24 42 28 35 -7 30 0 0.00 M M 0.7 8 150 M M 5 12 9 150
25 53 36 45 3 20 0 0.66 M M 2.3 14 160 M M 7 1 18 160
26 53 37 45 3 20 0 0.41 M M 3.4 14 150 M M 6 1 17 150
27 50 31 41 -1 24 0 0.00 M M 0.4 5 250 M M 4 12 6 20
28 44 29 37 -5 28 0 0.00 M M 0.8 8 360 M M 6 12 10 360
29 46 31 39 -3 26 0 T M M 1.5 8 150 M M 7 12 12 230
30 51 40 46 4 19 0 0.58 M M 3.2 10 170 M M 9 1 16 200
31 53 42 48 6 17 0 0.01 M M 1.8 9 140 M M 9 1 12 160
================================================================================
SM 1557 1153 650 0 4.55 M 56.2 M 223
================================================================================
AV 50.2 37.2 1.8 FASTST M M 7 MAX(MPH)
MISC ----> 17 150 26 270
================================================================================
NOTES:
# LAST OF SEVERAL OCCURRENCES
COLUMN 17 PEAK WIND IN M.P.H.
PRELIMINARY LOCAL CLIMATOLOGICAL DATA (WS FORM: F-6) , PAGE 2
STATION: ROSEBURG OR
MONTH: DECEMBER
YEAR: 2020
LATITUDE: 43 13 N
LONGITUDE: 123 22 W
[TEMPERATURE DATA] [PRECIPITATION DATA] SYMBOLS USED IN COLUMN 16
AVERAGE MONTHLY: 43.7 TOTAL FOR MONTH: 4.55 1 = FOG OR MIST
DPTR FM NORMAL: 1.6 DPTR FM NORMAL: -1.97 2 = FOG REDUCING VISIBILITY
HIGHEST: 62 ON 21 GRTST 24HR 1.07 ON 25-26 TO 1/4 MILE OR LESS
LOWEST: 28 ON 24 3 = THUNDER
SNOW, ICE PELLETS, HAIL 4 = ICE PELLETS
TOTAL MONTH: M 5 = HAIL
GRTST 24HR M ON M 6 = FREEZING RAIN OR DRIZZLE
GRTST DEPTH: M ON M 7 = DUSTSTORM OR SANDSTORM:
VSBY 1/2 MILE OR LESS
8 = SMOKE OR HAZE
[NO. OF DAYS WITH] [WEATHER - DAYS WITH] 9 = BLOWING SNOW
X = TORNADO
MAX 32 OR BELOW: 0 0.01 INCH OR MORE: 18
MAX 90 OR ABOVE: 0 0.10 INCH OR MORE: 11
MIN 32 OR BELOW: 5 0.50 INCH OR MORE: 5
MIN 0 OR BELOW: 0 1.00 INCH OR MORE: 0
[HDD (BASE 65) ]
TOTAL THIS MO. 650 CLEAR (SCALE 0-3) 1
DPTR FM NORMAL -61 PTCLDY (SCALE 4-7) 18
TOTAL FM JUL 1 1418 CLOUDY (SCALE 8-10) 12
DPTR FM NORMAL -218
[CDD (BASE 65) ]
TOTAL THIS MO. 0
DPTR FM NORMAL 0 [PRESSURE DATA]
TOTAL FM JAN 1 827 HIGHEST SLP 30.53 ON 6
DPTR FM NORMAL 347 LOWEST SLP 29.70 ON 25
[REMARKS]
#FINAL-12-20#