000
CXUS56 KSTO 030501
CF6RDD
PRELIMINARY LOCAL CLIMATOLOGICAL DATA (WS FORM: F-6)
STATION: REDDING CA AIRPORT AND CITY
MONTH: OCTOBER
YEAR: 2023
LATITUDE: 40 30 N
LONGITUDE: 122 18 W
TEMPERATURE IN F: :PCPN: SNOW: WIND :SUNSHINE: SKY :PK WND
================================================================================
1 2 3 4 5 6A 6B 7 8 9 10 11 12 13 14 15 16 17 18
12Z AVG MX 2MIN
DY MAX MIN AVG DEP HDD CDD WTR SNW DPTH SPD SPD DIR MIN PSBL S-S WX SPD DR
================================================================================
1 79 54 67 -4 0 2 0.00 0.0 M 10.3 23 10 M M 0 33 20
2 82 54 68 -2 0 3 0.00 0.0 M 6.0 18 360 M M 2 25 360
3 89 55 72 2 0 7 0.00 0.0 M 6.7 18 50 M M 0 25 60
4 95 71 83 13 0 18 0.00 0.0 M 13.9 29 20 M M 0 36 10
5 96 66 81 12 0 16 0.00 0.0 M 4.9 17 10 M M 0 22 10
6 98 57 78 9 0 13 0.00 0.0 M 2.5 9 360 M M 0 M M
7 94 57 76 8 0 11 0.00 0.0 M 2.0 6 160 M M 0 M M
8 93 56 75 7 0 10 0.00 0.0 M 3.7 14 180 M M 0 M M
9 75 59 67 -1 0 2 T 0.0 M 4.2 13 150 M M 4 M M
10 64 57 61 -6 4 0 0.21 0.0 M 5.6 22 180 M M 9 1 26 180
11 73 48 61 -6 4 0 0.00 0.0 M 2.8 9 160 M M 0 M M
12 80 52 66 0 0 1 0.00 0.0 M 6.9 13 350 M M 0 M M
13 71 47 59 -7 6 0 T M M 2.1 7 290 M M 3 M M
14 77 55 66 0 0 1 0.00 0.0 M 2.4 6 330 M M 6 M M
15 84 53 69 4 0 4 0.00 0.0 M 2.1 7 150 M M 0 M M
16 75 53 64 -1 1 0 0.01 0.0 M 2.6 7 360 M M 3 M M
17 88 53 71 7 0 6 0.00 0.0 M 5.8 14 350 M M 0 31 350
18 93 53 73 9 0 8 0.00 0.0 M 2.0 6 200 M M 0 M M
19 95 51 73 9 0 8 0.00 0.0 M 1.0 5 360 M M 0 M M
20 90 53 72 9 0 7 0.00 0.0 M 3.3 13 150 M M 0 M M
21 79 54 67 4 0 2 0.00 0.0 M 2.1 8 160 M M 2 M M
22 64 52 58 -4 7 0 0.12 0.0 M 2.0 6 270 M M 6 1 M M
23 82 49 66 4 0 1 0.00 0.0 M 6.2 12 330 M M 0 22 350
24 79 52 66 4 0 1 0.00 0.0 M 5.5 9 170 M M 1 36 210
25 68 46 57 -4 8 0 0.00 0.0 M 10.3 25 170 M M 5 37 190
26 67 37 52 -9 13 0 0.00 0.0 M 4.4 14 350 M M 4 8 18 350
27 68 34 51 -9 14 0 0.00 0.0 M 0.6 6 10 M M 1 8 M M
28 68 37 53 -7 12 0 0.00 0.0 M 17.0 35 10 M M 0 8 45 10
29 76 50 63 4 2 0 0.00 M M 9.5 20 10 M M 0 24 360
30 76 35 56 -3 9 0 0.00 0.0 M 3.0 10 360 M M 0 M M
31 76 36 56 -3 9 0 0.00 0.0 M 1.2 7 310 M M 0 8 M M
================================================================================
SM 2494 1586 89 121 0.34 0.0 152.6 M 46
================================================================================
AV 80.5 51.2 4.9 FASTST M M 1 MAX(MPH)
MISC ----> 35 10 45 10
================================================================================
NOTES:
# LAST OF SEVERAL OCCURRENCES
COLUMN 17 PEAK WIND IN M.P.H.
PRELIMINARY LOCAL CLIMATOLOGICAL DATA (WS FORM: F-6) , PAGE 2
STATION: REDDING CA AIRPORT AND CITY
MONTH: OCTOBER
YEAR: 2023
LATITUDE: 40 30 N
LONGITUDE: 122 18 W
[TEMPERATURE DATA] [PRECIPITATION DATA] SYMBOLS USED IN COLUMN 16
AVERAGE MONTHLY: 65.8 TOTAL FOR MONTH: 0.34 1 = FOG OR MIST
DPTR FM NORMAL: 1.0 DPTR FM NORMAL: -1.58 2 = FOG REDUCING VISIBILITY
HIGHEST: 98 ON 6 GRTST 24HR 0.21 ON 10-10 TO 1/4 MILE OR LESS
LOWEST: 34 ON 27 3 = THUNDER
SNOW, ICE PELLETS, HAIL 4 = ICE PELLETS
TOTAL MONTH: 0.0 INCH 5 = HAIL
GRTST 24HR 0.0 6 = FREEZING RAIN OR DRIZZLE
GRTST DEPTH: M ON M 7 = DUSTSTORM OR SANDSTORM:
VSBY 1/2 MILE OR LESS
8 = SMOKE OR HAZE
[NO. OF DAYS WITH] [WEATHER - DAYS WITH] 9 = BLOWING SNOW
X = TORNADO
MAX 32 OR BELOW: 0 0.01 INCH OR MORE: 3
MAX 90 OR ABOVE: 8 0.10 INCH OR MORE: 2
MIN 32 OR BELOW: 0 0.50 INCH OR MORE: 0
MIN 0 OR BELOW: 0 1.00 INCH OR MORE: 0
[HDD (BASE 65) ]
TOTAL THIS MO. 89 CLEAR (SCALE 0-3) 24
DPTR FM NORMAL -4 PTCLDY (SCALE 4-7) 6
TOTAL FM JUL 1 89 CLOUDY (SCALE 8-10) 1
DPTR FM NORMAL -11
[CDD (BASE 65) ]
TOTAL THIS MO. 121
DPTR FM NORMAL 34 [PRESSURE DATA]
TOTAL FM JAN 1 2325 HIGHEST SLP 30.28 ON 29
DPTR FM NORMAL 297 LOWEST SLP 29.67 ON 10
[REMARKS]
#FINAL-10-23#