000
CXUS56 KBOI 011002
CF6REO
PRELIMINARY LOCAL CLIMATOLOGICAL DATA (WS FORM: F-6)
STATION: ROME OR
MONTH: SEPTEMBER
YEAR: 2022
LATITUDE: 42 35 N
LONGITUDE: 117 52 W
TEMPERATURE IN F: :PCPN: SNOW: WIND :SUNSHINE: SKY :PK WND
================================================================================
1 2 3 4 5 6A 6B 7 8 9 10 11 12 13 14 15 16 17 18
12Z AVG MX 2MIN
DY MAX MIN AVG DEP HDD CDD WTR SNW DPTH SPD SPD DIR MIN PSBL S-S WX SPD DR
================================================================================
1 99 51 75 8 0 10 0.00 M M 5.6 14 280 M M 0 21 280
2 103 48 76 9 0 11 0.00 M M 6.7 18 140 M M 0 26 140
3 103 64 84 17 0 19 0.00 M M 11.0 33 250 M M 0 45 260
4 103 50 77 11 0 12 0.00 M M 6.2 24 310 M M 0 35 300
5 102 51 77 11 0 12 0.00 M M 6.2 15 50 M M 0 25 270
6 106 55 81 15 0 16 0.00 M M 6.3 15 230 M M 0 23 200
7 105 62 84 19 0 19 0.00 M M 10.4 48 240 M M 0 78 250
8 88 50 69 4 0 4 0.00 M M 8.9 24 10 M M 0 34 10
9 81 36 59 -6 6 0 0.00 M M 6.0 15 30 M M 0 20 360
10 89 38 64 0 1 0 0.00 M M 4.9 13 10 M M 0 17 60
11 92 41 67 3 0 2 0.00 M M 5.7 13 20 M M 0 18 20
12 83 56 70 6 0 5 0.00 M M 6.2 15 50 M M 0 20 50
13 79 54 67 4 0 2 0.00 M M 5.7 15 220 M M 0 19 210
14 84 46 65 2 0 0 0.00 M M 6.3 18 240 M M 0 27 230
15 80 46 63 1 2 0 0.00 M M 7.9 25 40 M M 0 37 50
16 80 39 60 -2 5 0 0.00 M M 4.9 14 360 M M 0 19 360
17 79 38 59 -3 6 0 0.01 M M 7.1 25 130 M M 0 36 140
18 77 51 64 3 1 0 0.00 M M 6.4 20 150 M M 0 28 140
19 71 43 57 -4 8 0 0.00 M M 4.7 8 190 M M 0 17 99
20 84 44 64 4 1 0 0.00 M M 10.2 26 250 M M 0 37 250
21 67 41 54 -6 11 0 0.00 M M 11.2 24 240 M M 0 35 240
22 70 41 56 -4 9 0 0.00 M M 7.5 18 260 M M 0 29 230
23 80 36 58 -1 7 0 0.00 M M 4.3 12 250 M M 0 19 240
24 86 37 62 3 3 0 0.00 M M 5.7 12 60 M M 0 21 30
25 87 38 63 5 2 0 0.00 M M 5.3 13 90 M M 0 17 10
26 91 39 65 7 0 0 0.00 M M 5.6 15 100 M M 0 24 170
27 93 46 70 13 0 5 0.00 M M 5.8 26 30 M M 0 36 50
28 89 53 71 14 0 6 0.00 M M 10.1 25 220 M M 0 42 200
29 73 45 59 2 6 0 0.00 M M 7.6 18 310 M M 0 23 320
30 70 38 54 -2 11 0 0.00 M M 5.6 17 50 M M 0 22 40
================================================================================
SM 2594 1377 79 123 0.01 M 206.0 M 0
================================================================================
AV 86.5 45.9 6.9 FASTST M M 0 MAX(MPH)
MISC ----> 48 240 78 250
================================================================================
NOTES:
# LAST OF SEVERAL OCCURRENCES
COLUMN 17 PEAK WIND IN M.P.H.
PRELIMINARY LOCAL CLIMATOLOGICAL DATA (WS FORM: F-6) , PAGE 2
STATION: ROME OR
MONTH: SEPTEMBER
YEAR: 2022
LATITUDE: 42 35 N
LONGITUDE: 117 52 W
[TEMPERATURE DATA] [PRECIPITATION DATA] SYMBOLS USED IN COLUMN 16
AVERAGE MONTHLY: 66.2 TOTAL FOR MONTH: 0.01 1 = FOG OR MIST
DPTR FM NORMAL: 4.1 DPTR FM NORMAL: -0.38 2 = FOG REDUCING VISIBILITY
HIGHEST: 106 ON 6 GRTST 24HR 0.01 ON 17-17 TO 1/4 MILE OR LESS
LOWEST: 36 ON 23, 9 3 = THUNDER
SNOW, ICE PELLETS, HAIL 4 = ICE PELLETS
TOTAL MONTH: M 5 = HAIL
GRTST 24HR M ON M 6 = FREEZING RAIN OR DRIZZLE
GRTST DEPTH: M ON M 7 = DUSTSTORM OR SANDSTORM:
VSBY 1/2 MILE OR LESS
8 = SMOKE OR HAZE
[NO. OF DAYS WITH] [WEATHER - DAYS WITH] 9 = BLOWING SNOW
X = TORNADO
MAX 32 OR BELOW: 0 0.01 INCH OR MORE: 1
MAX 90 OR ABOVE: 10 0.10 INCH OR MORE: 0
MIN 32 OR BELOW: 0 0.50 INCH OR MORE: 0
MIN 0 OR BELOW: 0 1.00 INCH OR MORE: 0
[HDD (BASE 65) ]
TOTAL THIS MO. 79 CLEAR (SCALE 0-3) 30
DPTR FM NORMAL -68 PTCLDY (SCALE 4-7) 0
TOTAL FM JUL 1 79 CLOUDY (SCALE 8-10) 0
DPTR FM NORMAL -92
[CDD (BASE 65) ]
TOTAL THIS MO. 123
DPTR FM NORMAL 64 [PRESSURE DATA]
TOTAL FM JAN 1 1004 HIGHEST SLP M ON M
DPTR FM NORMAL 348 LOWEST SLP 29.56 ON 17
[REMARKS]
#FINAL-09-22#