000
CXUS56 KBOI 011002
CF6REO
PRELIMINARY LOCAL CLIMATOLOGICAL DATA (WS FORM: F-6)
STATION: ROME OR
MONTH: JULY
YEAR: 2023
LATITUDE: 42 35 N
LONGITUDE: 117 52 W
TEMPERATURE IN F: :PCPN: SNOW: WIND :SUNSHINE: SKY :PK WND
================================================================================
1 2 3 4 5 6A 6B 7 8 9 10 11 12 13 14 15 16 17 18
12Z AVG MX 2MIN
DY MAX MIN AVG DEP HDD CDD WTR SNW DPTH SPD SPD DIR MIN PSBL S-S WX SPD DR
================================================================================
1 97 58 78 8 0 13 0.00 M M 6.7 22 260 M M 0 29 260
2 98 52 75 5 0 10 0.00 M M 6.2 23 280 M M 0 31 240
3 95 53 74 4 0 9 0.00 M M 7.4 21 50 M M 0 32 230
4 89 50 70 -1 0 5 0.00 M M 7.2 20 350 M M 0 30 360
5 91 44 68 -3 0 3 0.00 M M 5.2 15 50 M M 0 26 300
6 95 56 76 5 0 11 0.00 M M 6.4 17 340 M M 0 25 340
7 96 53 75 3 0 10 0.00 M M 6.6 32 240 M M 0 43 230
8 92 60 76 4 0 11 0.06 M M 8.2 35 170 M M 0 49 160
9 98 52 75 3 0 10 0.00 M M 5.9 20 350 M M 0 25 350
10 93 60 77 4 0 12 0.00 M M 11.0 24 260 M M 0 34 220
11 M 51 M M M M 0.00 M M 5.7 17 280 M M 0 27 250
12 93 52 73 0 0 8 0.00 M M 8.7 24 270 M M 0 33 270
13 92 54 73 -1 0 8 0.00 M M 6.8 16 350 M M 0 26 310
14 95 53 74 0 0 9 0.00 M M 5.1 15 250 M M 0 21 230
15 101 59 80 6 0 15 0.00 M M 5.9 14 260 M M 0 20 250
16 83 58 71 -3 0 6 0.00 M M 7.8 22 290 M M 0 29 280
17 98 69 84 10 0 19 0.00 M M 11.1 22 280 M M 0 34 270
18 97 52 75 1 0 10 0.00 M M 6.5 17 50 M M 0 26 50
19 99 56 78 3 0 13 0.00 M M 5.9 16 300 M M 0 22 300
20 101 56 79 4 0 14 0.00 M M 7.7 22 240 M M 0 30 230
21 103 57 80 5 0 15 0.00 M M 5.5 20 270 M M 0 30 300
22 103 59 81 6 0 16 0.00 M M 7.3 20 360 M M 0 26 360
23 104 60 82 7 0 17 0.00 M M 6.1 21 260 M M 0 32 230
24 99 68 84 9 0 19 0.00 M M 13.5 28 250 M M 0 41 260
25 95 59 77 2 0 12 0.00 M M 8.6 21 250 M M 0 30 270
26 97 54 76 1 0 11 0.00 M M 8.2 21 270 M M 0 31 230
27 95 62 79 4 0 14 0.00 M M 7.9 21 270 M M 0 32 240
28 96 56 76 1 0 11 0.00 M M 7.1 23 260 M M 0 32 250
29 98 59 79 4 0 14 0.00 M M 5.9 20 240 M M 0 30 250
30 97 61 79 4 0 14 0.00 M M 9.2 22 250 M M 0 31 240
31 95 55 75 0 0 10 0.00 M M 6.7 17 290 M M 0 24 280
================================================================================
SM 2885 1748 0 349 0.06 M 228.0 M 0
================================================================================
AV 96.2 56.4 7.4 FASTST M M 0 MAX(MPH)
MISC ----> 35 170 49 160
================================================================================
NOTES:
# LAST OF SEVERAL OCCURRENCES
COLUMN 17 PEAK WIND IN M.P.H.
PRELIMINARY LOCAL CLIMATOLOGICAL DATA (WS FORM: F-6) , PAGE 2
STATION: ROME OR
MONTH: JULY
YEAR: 2023
LATITUDE: 42 35 N
LONGITUDE: 117 52 W
[TEMPERATURE DATA] [PRECIPITATION DATA] SYMBOLS USED IN COLUMN 16
AVERAGE MONTHLY: 76.3 TOTAL FOR MONTH: 0.06 1 = FOG OR MIST
DPTR FM NORMAL: 2.8 DPTR FM NORMAL: -0.25 2 = FOG REDUCING VISIBILITY
HIGHEST: 104 ON 23 GRTST 24HR 0.06 ON 8- 8 TO 1/4 MILE OR LESS
LOWEST: 44 ON 5 3 = THUNDER
SNOW, ICE PELLETS, HAIL 4 = ICE PELLETS
TOTAL MONTH: M 5 = HAIL
GRTST 24HR M ON M 6 = FREEZING RAIN OR DRIZZLE
GRTST DEPTH: M ON M 7 = DUSTSTORM OR SANDSTORM:
VSBY 1/2 MILE OR LESS
8 = SMOKE OR HAZE
[NO. OF DAYS WITH] [WEATHER - DAYS WITH] 9 = BLOWING SNOW
X = TORNADO
MAX 32 OR BELOW: 0 0.01 INCH OR MORE: 1
MAX 90 OR ABOVE: 28 0.10 INCH OR MORE: 0
MIN 32 OR BELOW: 0 0.50 INCH OR MORE: 0
MIN 0 OR BELOW: 0 1.00 INCH OR MORE: 0
[HDD (BASE 65) ]
TOTAL THIS MO. 0 CLEAR (SCALE 0-3) 31
DPTR FM NORMAL -9 PTCLDY (SCALE 4-7) 0
TOTAL FM JUL 1 0 CLOUDY (SCALE 8-10) 0
DPTR FM NORMAL -6
[CDD (BASE 65) ]
TOTAL THIS MO. 349
DPTR FM NORMAL 78 [PRESSURE DATA]
TOTAL FM JAN 1 385 HIGHEST SLP M ON M
DPTR FM NORMAL 12 LOWEST SLP 29.63 ON 9
[REMARKS]
#FINAL-07-23#