000
CXUS53 KLOT 010800
CF6RFD
PRELIMINARY LOCAL CLIMATOLOGICAL DATA (WS FORM: F-6)
STATION: ROCKFORD IL
MONTH: SEPTEMBER
YEAR: 2022
LATITUDE: 42 12 N
LONGITUDE: 89 6 W
TEMPERATURE IN F: :PCPN: SNOW: WIND :SUNSHINE: SKY :PK WND
================================================================================
1 2 3 4 5 6A 6B 7 8 9 10 11 12 13 14 15 16 17 18
12Z AVG MX 2MIN
DY MAX MIN AVG DEP HDD CDD WTR SNW DPTH SPD SPD DIR MIN PSBL S-S WX SPD DR
================================================================================
1 85 61 73 4 0 8 0.00 0.0 0 6.9 16 220 M M 5 22 210
2 84 67 76 7 0 11 0.00 0.0 0 7.5 17 200 M M 6 25 190
3 83 64 74 5 0 9 0.00 0.0 0 5.6 18 360 M M 7 3 23 350
4 71 62 67 -1 0 2 T 0.0 0 7.4 13 20 M M 9 18 80
5 78 58 68 0 0 3 0.00 0.0 0 4.6 12 80 M M 6 17 90
6 81 57 69 1 0 4 0.00 0.0 0 3.4 13 330 M M 3 1 17 350
7 82 56 69 1 0 4 0.00 0.0 0 3.2 13 340 M M 3 1 17 10
8 82 57 70 3 0 5 0.00 0.0 0 4.3 12 190 M M 1 1 17 200
9 81 55 68 1 0 3 0.00 0.0 0 6.5 16 210 M M 1 22 170
10 82 55 69 2 0 4 0.00 0.0 0 4.8 16 360 M M 4 1 21 360
11 66 55 61 -5 4 0 4.46 0.0 0 13.6 25 340 M M 9 1 35 330
12 64 54 59 -7 6 0 0.90 0.0 0 12.7 21 300 M M 10 1 30 260
13 77 53 65 -1 0 0 0.00 0.0 0 5.0 13 300 M M 2 1 17 10
14 79 49 64 -1 1 0 0.00 0.0 0 2.4 10 100 M M 1 1 18 100
15 80 56 68 3 0 3 0.00 0.0 0 5.0 14 190 M M 6 12 20 200
16 82 58 70 6 0 5 0.00 0.0 0 7.0 18 200 M M 6 1 26 200
17 81 66 74 10 0 9 T 0.0 0 7.7 20 220 M M 8 27 220
18 83 66 75 11 0 10 0.15 0.0 0 3.2 9 200 M M 6 13 13 230
19 82 61 72 9 0 7 0.00 0.0 0 4.0 14 10 M M 1 1 18 10
20 90 61 76 13 0 11 0.20 0.0 0 7.4 18 20 M M 3 3 28 10
21 83 56 70 8 0 5 0.00 0.0 0 12.0 22 310 M M 5 31 320
22 65 45 55 -7 10 0 0.00 0.0 0 7.8 18 350 M M 2 23 360
23 59 43 51 -11 14 0 0.01 0.0 0 5.3 16 160 M M 8 1 24 150
24 63 51 57 -4 8 0 0.12 0.0 0 5.6 12 310 M M 10 13 16 330
25 70 50 60 -1 5 0 0.00 0.0 0 10.9 23 300 M M 7 31 310
26 64 46 55 -5 10 0 0.00 0.0 0 11.2 24 340 M M 4 34 300
27 61 40 51 -9 14 0 0.00 0.0 0 9.7 21 360 M M 4 28 360
28 61 39 50 -10 15 0 0.00 0.0 0 6.0 14 350 M M 1 19 10
29 66 35 51 -8 14 0 0.00 0.0 0 2.3 9 150 M M 3 1 14 170
30 70 38 54 -5 11 0 0.00 0.0 0 2.4 8 90 M M 1 1 14 90
================================================================================
SM 2255 1614 112 103 5.84 0.0 195.4 M 142
================================================================================
AV 75.2 53.8 6.5 FASTST M M 5 MAX(MPH)
MISC ----> 25 340 35 330
================================================================================
NOTES:
# LAST OF SEVERAL OCCURRENCES
COLUMN 17 PEAK WIND IN M.P.H.
PRELIMINARY LOCAL CLIMATOLOGICAL DATA (WS FORM: F-6) , PAGE 2
STATION: ROCKFORD IL
MONTH: SEPTEMBER
YEAR: 2022
LATITUDE: 42 12 N
LONGITUDE: 89 6 W
[TEMPERATURE DATA] [PRECIPITATION DATA] SYMBOLS USED IN COLUMN 16
AVERAGE MONTHLY: 64.5 TOTAL FOR MONTH: 5.84 1 = FOG OR MIST
DPTR FM NORMAL: 0.1 DPTR FM NORMAL: 2.22 2 = FOG REDUCING VISIBILITY
HIGHEST: 90 ON 20 GRTST 24HR 4.63 ON 11-12 TO 1/4 MILE OR LESS
LOWEST: 35 ON 29 3 = THUNDER
SNOW, ICE PELLETS, HAIL 4 = ICE PELLETS
TOTAL MONTH: 0.0 INCH 5 = HAIL
GRTST 24HR 0.0 6 = FREEZING RAIN OR DRIZZLE
GRTST DEPTH: 0 7 = DUSTSTORM OR SANDSTORM:
VSBY 1/2 MILE OR LESS
8 = SMOKE OR HAZE
[NO. OF DAYS WITH] [WEATHER - DAYS WITH] 9 = BLOWING SNOW
X = TORNADO
MAX 32 OR BELOW: 0 0.01 INCH OR MORE: 6
MAX 90 OR ABOVE: 1 0.10 INCH OR MORE: 5
MIN 32 OR BELOW: 0 0.50 INCH OR MORE: 2
MIN 0 OR BELOW: 0 1.00 INCH OR MORE: 1
[HDD (BASE 65) ]
TOTAL THIS MO. 112 CLEAR (SCALE 0-3) 12
DPTR FM NORMAL 5 PTCLDY (SCALE 4-7) 13
TOTAL FM JUL 1 114 CLOUDY (SCALE 8-10) 5
DPTR FM NORMAL -2
[CDD (BASE 65) ]
TOTAL THIS MO. 103
DPTR FM NORMAL 14 [PRESSURE DATA]
TOTAL FM JAN 1 971 HIGHEST SLP M ON M
DPTR FM NORMAL 143 LOWEST SLP 29.74 ON 25
[REMARKS]
#FINAL-09-22#