000
CXUS53 KGRB 011155
CF6RHI
PRELIMINARY LOCAL CLIMATOLOGICAL DATA (WS FORM: F-6)
STATION: RHINELANDER WI
MONTH: JANUARY
YEAR: 2021
LATITUDE: 45 37 N
LONGITUDE: 89 27 W
TEMPERATURE IN F: :PCPN: SNOW: WIND :SUNSHINE: SKY :PK WND
================================================================================
1 2 3 4 5 6A 6B 7 8 9 10 11 12 13 14 15 16 17 18
12Z AVG MX 2MIN
DY MAX MIN AVG DEP HDD CDD WTR SNW DPTH SPD SPD DIR MIN PSBL S-S WX SPD DR
================================================================================
1 25 1 13 0 52 0 0.00 0.0 3 1.7 7 270 M M 3 18 10 200
2 25 16 21 8 44 0 0.00 0.0 3 5.3 10 220 M M 10 1 13 320
3 28 11 20 7 45 0 0.00 0.0 3 6.2 12 220 M M 8 12 16 220
4 28 22 25 12 40 0 0.09 0.6 4 8.7 14 210 M M 10 12 21 230
5 34 10 22 10 43 0 0.00 0.0 3 1.6 9 300 M M 6 12 17 290
6 33 8 21 9 44 0 0.00 0.0 3 1.6 10 110 M M 7 12 13 170
7 30 4 17 5 48 0 0.00 0.0 3 1.7 8 70 M M 3 128 13 70
8 32 20 26 14 39 0 0.00 0.0 3 3.4 10 50 M M 7 19 70
9 23 18 21 9 44 0 0.00 0.0 3 2.8 7 290 M M 10 12 11 290
10 23 17 20 8 45 0 0.00 0.0 3 3.7 16 220 M M 10 1 22 220
11 28 17 23 11 42 0 0.00 0.0 3 6.8 14 260 M M 10 1 21 270
12 29 24 27 15 38 0 0.00 0.0 3 6.2 13 220 M M 9 1 18 220
13 31 11 21 9 44 0 0.00 0.0 3 2.3 8 270 M M 4 128 12 230
14 33 8 21 9 44 0 0.03 0.5 3 11.6 20 90 M M 7 12 27 80
15 34 32 33 21 32 0 0.13 1.1 4 7.8 16 80 M M 10 1 24 80
16 32 23 28 16 37 0 0.04 0.4 4 5.2 13 330 M M 10 18 21 330
17 24 20 22 10 43 0 T T 4 3.4 9 360 M M 10 1 17 360
18 21 14 18 6 47 0 0.02 0.7 4 5.4 13 290 M M 10 1 19 280
19 14 4 9 -3 56 0 T T 4 6.1 14 290 M M 9 8 20 280
20 32 -5 14 2 51 0 0.00 0.0 4 11.7 26 260 M M 4 39 260
21 32 8 20 8 45 0 T T 4 14.5 25 260 M M 9 38 280
22 12 1 7 -5 58 0 0.00 0.0 4 8.5 15 290 M M 9 23 290
23 18 -7 6 -6 59 0 0.06 0.5 5 4.9 10 270 M M 8 18 14 270
24 25 8 17 5 48 0 0.12 2.0 6 6.6 13 290 M M 5 1 18 280
25 21 -4 9 -3 56 0 0.00 0.0 6 4.2 10 20 M M 2 17 30
26 19 5 12 0 53 0 T T 6 4.9 12 10 M M 7 21 40
27 15 -6 5 -7 60 0 T T 6 3.0 10 320 M M 6 16 310
28 18 -4 7 -5 58 0 0.00 0.0 6 1.9 9 280 M M 8 12 280
29 25 -2 12 -1 53 0 0.00 0.0 5 5.6 13 110 M M 3 16 120
30 27 19 23 10 42 0 0.06 1.3 6 14.0 22 100 M M 10 1 29 120
31 29 18 24 11 41 0 0.11 1.0 7 4.9 14 80 M M 9 1 20 80
================================================================================
SM 800 311 1451 0 0.66 8.1 176.2 M 233
================================================================================
AV 25.8 10.0 5.7 FASTST M M 8 MAX(MPH)
MISC ----> 26 260 39 260
================================================================================
NOTES:
# LAST OF SEVERAL OCCURRENCES
COLUMN 17 PEAK WIND IN M.P.H.
PRELIMINARY LOCAL CLIMATOLOGICAL DATA (WS FORM: F-6) , PAGE 2
STATION: RHINELANDER WI
MONTH: JANUARY
YEAR: 2021
LATITUDE: 45 37 N
LONGITUDE: 89 27 W
[TEMPERATURE DATA] [PRECIPITATION DATA] SYMBOLS USED IN COLUMN 16
AVERAGE MONTHLY: 17.9 TOTAL FOR MONTH: 0.66 1 = FOG OR MIST
DPTR FM NORMAL: 5.7 DPTR FM NORMAL: -0.45 2 = FOG REDUCING VISIBILITY
HIGHEST: 34 ON 15, 5 GRTST 24HR 0.45 ON 14-15 TO 1/4 MILE OR LESS
LOWEST: -7 ON 23 3 = THUNDER
SNOW, ICE PELLETS, HAIL 4 = ICE PELLETS
TOTAL MONTH: 8.1 INCHES 5 = HAIL
GRTST 24HR 2.0 ON 24-24 6 = FREEZING RAIN OR DRIZZLE
GRTST DEPTH: 7 ON 31 7 = DUSTSTORM OR SANDSTORM:
VSBY 1/2 MILE OR LESS
8 = SMOKE OR HAZE
[NO. OF DAYS WITH] [WEATHER - DAYS WITH] 9 = BLOWING SNOW
X = TORNADO
MAX 32 OR BELOW: 27 0.01 INCH OR MORE: 9
MAX 90 OR ABOVE: 0 0.10 INCH OR MORE: 3
MIN 32 OR BELOW: 31 0.50 INCH OR MORE: 0
MIN 0 OR BELOW: 6 1.00 INCH OR MORE: 0
[HDD (BASE 65) ]
TOTAL THIS MO. 1451 CLEAR (SCALE 0-3) 3
DPTR FM NORMAL -184 PTCLDY (SCALE 4-7) 13
TOTAL FM JUL 1 4909 CLOUDY (SCALE 8-10) 15
DPTR FM NORMAL -352
[CDD (BASE 65) ]
TOTAL THIS MO. 0
DPTR FM NORMAL 0 [PRESSURE DATA]
TOTAL FM JAN 1 0 HIGHEST SLP 30.69 ON 28
DPTR FM NORMAL 0 LOWEST SLP 29.46 ON 15
[REMARKS]
#FINAL-01-21#