000
CXUS56 KSGX 011145
CF6RIV
PRELIMINARY LOCAL CLIMATOLOGICAL DATA (WS FORM: F-6)
STATION: RIVERSIDE/MARCH ARB CA
MONTH: JANUARY
YEAR: 2023
LATITUDE: 33 53 N
LONGITUDE: 117-15 E
TEMPERATURE IN F: :PCPN: SNOW: WIND :SUNSHINE: SKY :PK WND
================================================================================
1 2 3 4 5 6A 6B 7 8 9 10 11 12 13 14 15 16 17 18
12Z AVG MX 2MIN
DY MAX MIN AVG DEP HDD CDD WTR SNW DPTH SPD SPD DIR MIN PSBL S-S WX SPD DR
================================================================================
1 55 40 48 M 17 0 0.50 M M 5.8 16 280 M M 6 13 25 280
2 55 39 47 M 18 0 0.06 M M 3.4 9 150 M M 7 12 M M
3 54 46 50 M 15 0 0.10 M M 4.1 7 130 M M 10 1 M M
4 59 53 56 M 9 0 0.09 M M 4.4 13 140 M M 9 1 M M
5 60 44 52 M 13 0 0.27 M M 7.2 22 130 M M 8 1 16 290
6 65 39 52 M 13 0 T M M 2.8 14 60 M M 3 12 M M
7 66 40 53 M 12 0 0.00 M M 2.3 8 60 M M 7 M M
8 65 37 51 M 14 0 0.00 M M 1.6 8 310 M M 5 M M
9 62 47 55 M 10 0 0.00 M M 8.9 21 150 M M 9 25 160
10 58 46 52 M 13 0 0.23 M M 9.1 23 300 M M 9 1 31 280
11 57 39 48 M 17 0 0.00 M M 1.8 8 320 M M 7 12 M M
12 67 41 54 M 11 0 0.00 M M 6.0 12 70 M M 5 M M
13 66 39 53 M 12 0 0.00 M M 1.3 7 310 M M 2 M M
14 52 42 47 M 18 0 1.04 M M 4.3 21 140 M M 6 1 M M
15 53 45 49 M 16 0 0.54 M M 4.3 13 340 M M 9 1 M M
16 57 45 51 M 14 0 0.31 M M 7.3 15 130 M M 8 1 M M
17 53 38 46 M 19 0 0.01 M M 3.2 9 290 M M 2 M M
18 56 33 45 M 20 0 0.00 M M 1.3 8 310 M M 0 M M
19 56 31 44 M 21 0 T M M 2.3 8 290 M M 3 M M
20 58 33 46 M 19 0 0.00 M M 4.9 17 320 M M 0 M M
21 60 28 44 M 21 0 0.00 M M 1.3 5 50 M M 0 M M
22 60 28 44 M 21 0 0.00 M M 4.8 20 350 M M 0 30 20
23 57 34 46 M 19 0 0.00 M M 13.9 32 350 M M 0 47 340
24 65 30 48 M 17 0 0.00 M M 1.3 9 330 M M 0 M M
25 68 29 49 M 16 0 0.00 M M 3.4 15 10 M M 0 25 10
26 62 38 50 M 15 0 0.00 M M 5.7 13 90 M M 0 17 90
27 66 30 48 M 17 0 0.00 M M 0.9 7 330 M M 0 M M
28 60 31 46 M 19 0 0.00 M M 2.8 9 160 M M 1 M M
29 53 40 47 M 18 0 T M M 6.6 13 150 M M 8 7 M M
30 54 40 47 M 18 0 0.01 M M 3.5 10 70 M M 6 M M
31 58 34 46 M 19 0 0.00 M M 9.2 18 350 M M 0 25 350
================================================================================
SM 1837 1179 501 0 3.16 M 139.9 M 130
================================================================================
AV 59.3 38.0 4.5 FASTST M M 4 MAX(MPH)
MISC ----> 32 350 47 340
================================================================================
NOTES:
# LAST OF SEVERAL OCCURRENCES
COLUMN 17 PEAK WIND IN M.P.H.
PRELIMINARY LOCAL CLIMATOLOGICAL DATA (WS FORM: F-6) , PAGE 2
STATION: RIVERSIDE/MARCH ARB CA
MONTH: JANUARY
YEAR: 2023
LATITUDE: 33 53 N
LONGITUDE: 117-15 E
[TEMPERATURE DATA] [PRECIPITATION DATA] SYMBOLS USED IN COLUMN 16
AVERAGE MONTHLY: 48.6 TOTAL FOR MONTH: 3.16 1 = FOG OR MIST
DPTR FM NORMAL: 0.0 DPTR FM NORMAL: M 2 = FOG REDUCING VISIBILITY
HIGHEST: 68 ON 25 GRTST 24HR 1.98 ON 14-15 TO 1/4 MILE OR LESS
LOWEST: 28 ON 22,21 3 = THUNDER
SNOW, ICE PELLETS, HAIL 4 = ICE PELLETS
TOTAL MONTH: M 5 = HAIL
GRTST 24HR M ON M 6 = FREEZING RAIN OR DRIZZLE
GRTST DEPTH: M ON M 7 = DUSTSTORM OR SANDSTORM:
VSBY 1/2 MILE OR LESS
8 = SMOKE OR HAZE
[NO. OF DAYS WITH] [WEATHER - DAYS WITH] 9 = BLOWING SNOW
X = TORNADO
MAX 32 OR BELOW: 0 0.01 INCH OR MORE: 11
MAX 90 OR ABOVE: 0 0.10 INCH OR MORE: 6
MIN 32 OR BELOW: 7 0.50 INCH OR MORE: 2
MIN 0 OR BELOW: 0 1.00 INCH OR MORE: 1
[HDD (BASE 65) ]
TOTAL THIS MO. 501 CLEAR (SCALE 0-3) 15
DPTR FM NORMAL M PTCLDY (SCALE 4-7) 9
TOTAL FM JUL 1 1265 CLOUDY (SCALE 8-10) 7
DPTR FM NORMAL M
[CDD (BASE 65) ]
TOTAL THIS MO. 0
DPTR FM NORMAL M [PRESSURE DATA]
TOTAL FM JAN 1 0 HIGHEST SLP M ON M
DPTR FM NORMAL M LOWEST SLP M ON M
[REMARKS]
#FINAL-01-23#