000
CXUS52 KFFC 011010
CF6RMG
PRELIMINARY LOCAL CLIMATOLOGICAL DATA (WS FORM: F-6)
STATION: ROME
MONTH: JUNE
YEAR: 2023
LATITUDE: 34 20 N
LONGITUDE: 85 10 W
TEMPERATURE IN F: :PCPN: SNOW: WIND :SUNSHINE: SKY :PK WND
================================================================================
1 2 3 4 5 6A 6B 7 8 9 10 11 12 13 14 15 16 17 18
12Z AVG MX 2MIN
DY MAX MIN AVG DEP HDD CDD WTR SNW DPTH SPD SPD DIR MIN PSBL S-S WX SPD DR
================================================================================
1 86 62 74 0 0 9 0.00 M M 2.4 10 30 M M 3 15 20
2 91 68 80 6 0 15 T M M 3.5 13 20 M M 4 3 22 20
3 92 62 77 3 0 12 0.00 M M 4.6 16 50 M M 0 23 60
4 87 61 74 0 0 9 0.01 M M 2.7 18 80 M M 2 3 27 50
5 89 60 75 0 0 10 0.00 M M 2.8 8 240 M M 2 14 210
6 92 67 80 5 0 15 0.04 M M 4.4 14 310 M M 2 138 23 310
7 91 62 77 2 0 12 0.00 M M 5.1 21 360 M M 3 18 30 10
8 84 61 73 -3 0 8 0.00 M M 5.6 16 10 M M 3 18 21 10
9 85 60 73 -3 0 8 0.00 M M 3.7 13 10 M M 1 19 330
10 89 54 72 -4 0 7 0.00 M M 2.2 12 180 M M 1 8 15 170
11 91 67 79 3 0 14 M M M 4.7 14 210 M M 7 3 23 230
12 91 63 77 1 0 12 T M M 5.3 17 240 M M 7 13 26 230
13 80 62 71 -5 0 6 0.00 M M 4.7 14 250 M M 3 21 270
14 77 65 71 -6 0 6 0.34 M M 3.5 10 200 M M 6 13 14 210
15 85 65 75 -2 0 10 0.01 M M 3.4 15 330 M M 6 123 21 310
16 90 69 80 3 0 15 0.00 M M 3.2 10 330 M M 4 12 15 300
17 91 65 78 1 0 13 0.00 M M 3.3 12 340 M M 1 1 17 360
18 85 62 74 -4 0 9 0.00 M M 3.2 13 200 M M 1 18 19 230
19 86 69 78 0 0 13 0.44 M M 6.6 16 270 M M 5 13 23 250
20 79 66 73 -5 0 8 0.58 M M 1.6 12 220 M M 6 13 15 220
21 79 68 74 -4 0 9 1.09 M M 5.6 17 50 M M 10 138 24 30
22 76 65 71 -7 0 6 0.25 M M 2.9 9 330 M M 8 18 12 330
23 83 64 74 -4 0 9 0.00 M M 3.3 15 340 M M 6 12 20 310
24 90 63 77 -1 0 12 0.00 M M 4.0 15 320 M M 2 1 23 300
25 91 67 79 0 0 14 0.23 M M 4.9 36 50 M M 3 138 47 40
26 90 65 78 -1 0 13 0.00 M M 6.3 15 250 M M 3 21 250
27 90 66 78 -1 0 13 0.00 M M 4.5 17 290 M M 1 24 270
28 91 64 78 -1 0 13 0.00 M M 2.6 12 330 M M 0 8 17 350
29 92 67 80 1 0 15 T M M 4.2 22 20 M M 0 18 30 30
30 85 65 75 -4 0 10 0.24 M M 3.5 26 20 M M 1 138 34 20
================================================================================
SM 2608 1924 0 325 3.23 M 118.3 M 101
================================================================================
AV 86.9 64.1 3.9 FASTST M M 3 MAX(MPH)
MISC ----> 36 50 47 40
================================================================================
NOTES:
# LAST OF SEVERAL OCCURRENCES
COLUMN 17 PEAK WIND IN M.P.H.
PRELIMINARY LOCAL CLIMATOLOGICAL DATA (WS FORM: F-6) , PAGE 2
STATION: ROME
MONTH: JUNE
YEAR: 2023
LATITUDE: 34 20 N
LONGITUDE: 85 10 W
[TEMPERATURE DATA] [PRECIPITATION DATA] SYMBOLS USED IN COLUMN 16
AVERAGE MONTHLY: 75.5 TOTAL FOR MONTH: 3.23 1 = FOG OR MIST
DPTR FM NORMAL: -1.4 DPTR FM NORMAL: -0.57 2 = FOG REDUCING VISIBILITY
HIGHEST: 92 ON 29, 6 GRTST 24HR 1.18 ON 20-21 TO 1/4 MILE OR LESS
LOWEST: 54 ON 10 3 = THUNDER
SNOW, ICE PELLETS, HAIL 4 = ICE PELLETS
TOTAL MONTH: M 5 = HAIL
GRTST 24HR M ON M 6 = FREEZING RAIN OR DRIZZLE
GRTST DEPTH: M ON M 7 = DUSTSTORM OR SANDSTORM:
VSBY 1/2 MILE OR LESS
8 = SMOKE OR HAZE
[NO. OF DAYS WITH] [WEATHER - DAYS WITH] 9 = BLOWING SNOW
X = TORNADO
MAX 32 OR BELOW: 0 0.01 INCH OR MORE: 10
MAX 90 OR ABOVE: 14 0.10 INCH OR MORE: 7
MIN 32 OR BELOW: 0 0.50 INCH OR MORE: 2
MIN 0 OR BELOW: 0 1.00 INCH OR MORE: 1
[HDD (BASE 65) ]
TOTAL THIS MO. 0 CLEAR (SCALE 0-3) 18
DPTR FM NORMAL -1 PTCLDY (SCALE 4-7) 10
TOTAL FM JUL 1 2371 CLOUDY (SCALE 8-10) 2
DPTR FM NORMAL -602
[CDD (BASE 65) ]
TOTAL THIS MO. 325
DPTR FM NORMAL -31 [PRESSURE DATA]
TOTAL FM JAN 1 559 HIGHEST SLP 30.14 ON 30
DPTR FM NORMAL -21 LOWEST SLP 29.66 ON 11
[REMARKS]
#FINAL-06-23#