000
CXUS51 KRNK 010604
CF6RNK
PRELIMINARY LOCAL CLIMATOLOGICAL DATA (WS FORM: F-6)
STATION: BLACKSBURG VA
MONTH: SEPTEMBER
YEAR: 2023
LATITUDE: 37 13 N
LONGITUDE: 80 25 W
TEMPERATURE IN F: :PCPN: SNOW: WIND :SUNSHINE: SKY :PK WND
================================================================================
1 2 3 4 5 6A 6B 7 8 9 10 11 12 13 14 15 16 17 18
12Z AVG MX 2MIN
DY MAX MIN AVG DEP HDD CDD WTR SNW DPTH SPD SPD DIR MIN PSBL S-S WX SPD DR
================================================================================
1 79 51 65 -3 0 0 0.00 0.0 0 2.2 9 90 M M 0 M M
2 85 51 68 0 0 3 0.00 0.0 0 1.3 7 320 M M 1 M M
3 88 57 73 5 0 8 0.00 0.0 0 1.4 7 310 M M 1 M M
4 88 60 74 6 0 9 0.00 0.0 0 1.4 6 310 M M 1 M M
5 91 61 76 8 0 11 0.00 0.0 0 1.2 6 300 M M 0 1 M M
6 91 63 77 10 0 12 0.00 0.0 0 1.1 7 310 M M 1 13 M M
7 86 64 75 8 0 10 0.73 T 0 1.2 31 140 M M 3 135 45 140
8 83 63 73 6 0 8 0.01 0.0 0 1.4 8 150 M M 6 123 M M
9 77 59 68 1 0 3 4.41 T 0 2.5 13 40 M M 5 135 35 300
10 71 60 66 0 0 1 0.17 0.0 0 1.2 7 100 M M 9 1 M M
11 80 57 69 3 0 4 0.00 0.0 0 1.6 9 310 M M 4 12 M M
12 80 56 68 2 0 3 0.55 0.0 0 0.1 17 300 M M 5 123 28 300
13 78 58 68 3 0 3 0.01 0.0 0 2.1 10 330 M M 6 12 M M
14 77 53 65 0 0 0 0.00 0.0 0 1.4 8 90 M M 4 1 M M
15 76 49 63 -2 2 0 0.00 0.0 0 1.6 7 110 M M 2 M M
16 78 49 64 0 1 0 0.02 0.0 0 1.2 6 290 M M 5 12 M M
17 67 55 61 -3 4 0 0.30 0.0 0 1.8 10 170 M M 9 1 M M
18 71 50 61 -3 4 0 0.00 0.0 0 3.1 14 330 M M 4 21 320
19 74 48 61 -2 4 0 0.00 0.0 0 1.3 7 320 M M 3 12 M M
20 77 47 62 -1 3 0 0.00 0.0 0 0.4 6 200 M M 3 12 M M
21 77 54 66 3 0 1 0.00 0.0 0 2.1 9 100 M M 3 1 M M
22 72 53 63 1 2 0 0.00 0.0 0 4.3 13 90 M M 1 1 M M
23 62 52 57 -5 8 0 0.45 0.0 0 4.3 13 340 M M 10 16 360
24 67 54 61 -1 4 0 0.00 0.0 0 2.2 8 310 M M 9 M M
25 67 54 61 0 4 0 T 0.0 0 1.1 6 310 M M 9 M M
26 68 57 63 2 2 0 0.00 0.0 0 5.2 10 80 M M 10 1 M M
27 61 55 58 -2 7 0 0.01 0.0 0 5.1 8 100 M M 10 1 M M
28 70 54 62 2 3 0 0.00 0.0 0 2.0 8 90 M M 6 M M
29 76 50 63 3 2 0 0.00 0.0 0 0.9 3 100 M M 3 M M
30 77 52 65 6 0 0 0.00 0.0 0 0.5 7 360 M M 6 12 M M
================================================================================
SM 2294 1646 50 76 6.66 T 57.2 M 139
================================================================================
AV 76.5 54.9 1.9 FASTST M M 5 MAX(MPH)
MISC ----> 31 140 45 140
================================================================================
NOTES:
# LAST OF SEVERAL OCCURRENCES
COLUMN 17 PEAK WIND IN M.P.H.
PRELIMINARY LOCAL CLIMATOLOGICAL DATA (WS FORM: F-6) , PAGE 2
STATION: BLACKSBURG VA
MONTH: SEPTEMBER
YEAR: 2023
LATITUDE: 37 13 N
LONGITUDE: 80 25 W
[TEMPERATURE DATA] [PRECIPITATION DATA] SYMBOLS USED IN COLUMN 16
AVERAGE MONTHLY: 65.7 TOTAL FOR MONTH: 6.66 1 = FOG OR MIST
DPTR FM NORMAL: 1.4 DPTR FM NORMAL: 3.21 2 = FOG REDUCING VISIBILITY
HIGHEST: 91 ON 6, 5 GRTST 24HR 4.41 ON 9- 9 TO 1/4 MILE OR LESS
LOWEST: 47 ON 20 3 = THUNDER
SNOW, ICE PELLETS, HAIL 4 = ICE PELLETS
TOTAL MONTH: T 5 = HAIL
GRTST 24HR T ON 7- 7 6 = FREEZING RAIN OR DRIZZLE
GRTST DEPTH: 0 7 = DUSTSTORM OR SANDSTORM:
VSBY 1/2 MILE OR LESS
8 = SMOKE OR HAZE
[NO. OF DAYS WITH] [WEATHER - DAYS WITH] 9 = BLOWING SNOW
X = TORNADO
MAX 32 OR BELOW: 0 0.01 INCH OR MORE: 10
MAX 90 OR ABOVE: 2 0.10 INCH OR MORE: 6
MIN 32 OR BELOW: 0 0.50 INCH OR MORE: 3
MIN 0 OR BELOW: 0 1.00 INCH OR MORE: 1
[HDD (BASE 65) ]
TOTAL THIS MO. 50 CLEAR (SCALE 0-3) 12
DPTR FM NORMAL -38 PTCLDY (SCALE 4-7) 11
TOTAL FM JUL 1 50 CLOUDY (SCALE 8-10) 7
DPTR FM NORMAL -54
[CDD (BASE 65) ]
TOTAL THIS MO. 76
DPTR FM NORMAL 7 [PRESSURE DATA]
TOTAL FM JAN 1 631 HIGHEST SLP M ON M
DPTR FM NORMAL 20 LOWEST SLP M ON M
[REMARKS]
#FINAL-09-23#