516
CXUS55 KABQ 011010
CF6ROW
PRELIMINARY LOCAL CLIMATOLOGICAL DATA (WS FORM: F-6)
STATION: ROSWELL NM
MONTH: DECEMBER
YEAR: 2020
LATITUDE: 33 17 N
LONGITUDE: 104 32 W
TEMPERATURE IN F: :PCPN: SNOW: WIND :SUNSHINE: SKY :PK WND
================================================================================
1 2 3 4 5 6A 6B 7 8 9 10 11 12 13 14 15 16 17 18
12Z AVG MX 2MIN
DY MAX MIN AVG DEP HDD CDD WTR SNW DPTH SPD SPD DIR MIN PSBL S-S WX SPD DR
================================================================================
1 70 22 46 3 19 0 0.00 0.0 0 10.0 37 330 M M 0 49 330
2 44 27 36 -7 29 0 0.00 0.0 0 12.9 25 20 M M 5 33 20
3 48 20 34 -9 31 0 0.00 0.0 0 6.6 16 330 M M 0 24 10
4 56 18 37 -5 28 0 0.00 0.0 0 3.5 10 20 M M 0 14 10
5 59 25 42 0 23 0 0.00 0.0 0 8.1 22 20 M M 0 27 10
6 63 27 45 3 20 0 0.00 0.0 0 5.1 13 240 M M 0 16 250
7 68 28 48 6 17 0 0.00 0.0 0 4.4 10 280 M M 0 14 20
8 69 30 50 9 15 0 0.00 0.0 0 5.2 15 210 M M 0 18 210
9 68 26 47 6 18 0 0.00 0.0 0 3.5 9 190 M M 0 8 13 130
10 62 32 47 6 18 0 T 0.0 0 4.9 13 210 M M 3 18 220
11 66 34 50 9 15 0 0.00 0.0 0 8.0 26 310 M M 1 35 300
12 64 30 47 7 18 0 0.00 0.0 0 12.1 40 320 M M 1 8 52 320
13 49 24 37 -3 28 0 0.00 0.0 0 16.8 37 10 M M 2 8 53 310
14 51 22 37 -3 28 0 0.00 0.0 0 11.4 28 150 M M 0 36 160
15 51 26 39 -1 26 0 0.00 0.0 0 9.7 26 10 M M 3 36 360
16 58 17 38 -2 27 0 0.00 0.0 0 5.4 17 330 M M 0 24 330
17 57 24 41 1 24 0 0.00 0.0 0 9.3 23 190 M M 0 29 190
18 59 31 45 5 20 0 0.00 0.0 0 7.3 20 10 M M 0 25 10
19 60 26 43 3 22 0 0.00 0.0 0 6.2 20 310 M M 0 29 290
20 61 32 47 8 18 0 0.00 0.0 0 6.7 18 340 M M 0 28 350
21 67 28 48 9 17 0 0.00 0.0 0 2.8 8 270 M M 0 11 20
22 74 24 49 10 16 0 0.00 0.0 0 8.1 25 250 M M 0 32 260
23 56 26 41 2 24 0 0.00 0.0 0 13.1 38 330 M M 0 78 52 320
24 57 14 36 -3 29 0 0.00 0.0 0 5.2 20 330 M M 0 7 27 10
25 60 24 42 3 23 0 0.00 0.0 0 4.2 15 160 M M 0 20 150
26 70 20 45 6 20 0 0.00 0.0 0 5.5 13 250 M M 0 16 280
27 69 28 49 10 16 0 0.00 0.0 0 4.3 10 40 M M 0 14 40
28 58 40 49 10 16 0 0.00 0.0 0 6.1 16 150 M M 1 21 140
29 64 34 49 10 16 0 0.00 0.0 0 8.3 22 350 M M 6 26 350
30 47 28 38 -1 27 0 0.00 0.0 0 12.3 25 10 M M 3 32 360
31 50 21 36 -3 29 0 0.00 0.0 0 3.6 9 300 M M 0 13 10
================================================================================
SM 1855 808 677 0 T 0.0 230.6 M 25
================================================================================
AV 59.8 26.1 7.4 FASTST M M 1 MAX(MPH)
MISC ----> 40 320 53 310
================================================================================
NOTES:
# LAST OF SEVERAL OCCURRENCES
COLUMN 17 PEAK WIND IN M.P.H.
PRELIMINARY LOCAL CLIMATOLOGICAL DATA (WS FORM: F-6) , PAGE 2
STATION: ROSWELL NM
MONTH: DECEMBER
YEAR: 2020
LATITUDE: 33 17 N
LONGITUDE: 104 32 W
[TEMPERATURE DATA] [PRECIPITATION DATA] SYMBOLS USED IN COLUMN 16
AVERAGE MONTHLY: 43.0 TOTAL FOR MONTH: T 1 = FOG OR MIST
DPTR FM NORMAL: 2.6 DPTR FM NORMAL: -0.64 2 = FOG REDUCING VISIBILITY
HIGHEST: 74 ON 22 GRTST 24HR T ON 10-10 TO 1/4 MILE OR LESS
LOWEST: 14 ON 24 3 = THUNDER
SNOW, ICE PELLETS, HAIL 4 = ICE PELLETS
TOTAL MONTH: 0.0 INCH 5 = HAIL
GRTST 24HR 0.0 6 = FREEZING RAIN OR DRIZZLE
GRTST DEPTH: 0 7 = DUSTSTORM OR SANDSTORM:
VSBY 1/2 MILE OR LESS
8 = SMOKE OR HAZE
[NO. OF DAYS WITH] [WEATHER - DAYS WITH] 9 = BLOWING SNOW
X = TORNADO
MAX 32 OR BELOW: 0 0.01 INCH OR MORE: 0
MAX 90 OR ABOVE: 0 0.10 INCH OR MORE: 0
MIN 32 OR BELOW: 28 0.50 INCH OR MORE: 0
MIN 0 OR BELOW: 0 1.00 INCH OR MORE: 0
[HDD (BASE 65) ]
TOTAL THIS MO. 677 CLEAR (SCALE 0-3) 29
DPTR FM NORMAL -87 PTCLDY (SCALE 4-7) 2
TOTAL FM JUL 1 1190 CLOUDY (SCALE 8-10) 0
DPTR FM NORMAL -222
[CDD (BASE 65) ]
TOTAL THIS MO. 0
DPTR FM NORMAL 0 [PRESSURE DATA]
TOTAL FM JAN 1 2662 HIGHEST SLP M ON M
DPTR FM NORMAL 873 LOWEST SLP 29.63 ON 12
[REMARKS]
#FINAL-12-20#